{"version":"1.0","provider_name":"Aliso Initiatives","provider_url":"https:\/\/aliso.fr\/initiatives","title":"La formation des b\u00e9n\u00e9voles - Aliso Initiatives","type":"rich","width":600,"height":338,"html":"<blockquote class=\"wp-embedded-content\" data-secret=\"L8YAwRafMA\"><a href=\"https:\/\/aliso.fr\/initiatives\/5-janvier-2023-lancer-la-formation-benevoles-2023\/\">La formation des b\u00e9n\u00e9voles<\/a><\/blockquote><iframe sandbox=\"allow-scripts\" security=\"restricted\" src=\"https:\/\/aliso.fr\/initiatives\/5-janvier-2023-lancer-la-formation-benevoles-2023\/embed\/#?secret=L8YAwRafMA\" width=\"600\" height=\"338\" title=\"\u00ab\u00a0La formation des b\u00e9n\u00e9voles\u00a0\u00bb &#8212; Aliso Initiatives\" data-secret=\"L8YAwRafMA\" frameborder=\"0\" marginwidth=\"0\" marginheight=\"0\" scrolling=\"no\" class=\"wp-embedded-content\"><\/iframe><script type=\"text\/javascript\">\n\/* <![CDATA[ *\/\n\/*! This file is auto-generated *\/\n!function(d,l){\"use strict\";l.querySelector&&d.addEventListener&&\"undefined\"!=typeof URL&&(d.wp=d.wp||{},d.wp.receiveEmbedMessage||(d.wp.receiveEmbedMessage=function(e){var t=e.data;if((t||t.secret||t.message||t.value)&&!\/[^a-zA-Z0-9]\/.test(t.secret)){for(var s,r,n,a=l.querySelectorAll('iframe[data-secret=\"'+t.secret+'\"]'),o=l.querySelectorAll('blockquote[data-secret=\"'+t.secret+'\"]'),c=new RegExp(\"^https?:$\",\"i\"),i=0;i<o.length;i++)o[i].style.display=\"none\";for(i=0;i<a.length;i++)s=a[i],e.source===s.contentWindow&&(s.removeAttribute(\"style\"),\"height\"===t.message?(1e3<(r=parseInt(t.value,10))?r=1e3:~~r<200&&(r=200),s.height=r):\"link\"===t.message&&(r=new URL(s.getAttribute(\"src\")),n=new URL(t.value),c.test(n.protocol))&&n.host===r.host&&l.activeElement===s&&(d.top.location.href=t.value))}},d.addEventListener(\"message\",d.wp.receiveEmbedMessage,!1),l.addEventListener(\"DOMContentLoaded\",function(){for(var e,t,s=l.querySelectorAll(\"iframe.wp-embedded-content\"),r=0;r<s.length;r++)(t=(e=s[r]).getAttribute(\"data-secret\"))||(t=Math.random().toString(36).substring(2,12),e.src+=\"#?secret=\"+t,e.setAttribute(\"data-secret\",t)),e.contentWindow.postMessage({message:\"ready\",secret:t},\"*\")},!1)))}(window,document);\n\/\/# sourceURL=https:\/\/aliso.fr\/initiatives\/wp-includes\/js\/wp-embed.min.js\n\/* ]]> *\/\n<\/script>\n","thumbnail_url":"https:\/\/aliso.fr\/initiatives\/wp-content\/uploads\/sites\/2\/2022\/11\/affiche-du-5janvier2023.png","thumbnail_width":1414,"thumbnail_height":2000,"description":"Au cours des derni\u00e8res rencontres [R\u00e9]activer l\u2019engagement&nbsp;! l\u2019importance du r\u00f4le de b\u00e9n\u00e9vole et de son engagement a \u00e9t\u00e9 grandement soulev\u00e9e. Un temps collectif a \u00e9t\u00e9 men\u00e9 afin de d\u00e9terminer des formations \u00e0 mettre en place pour vos b\u00e9n\u00e9voles en 2023. Ce fonds pour le d\u00e9veloppement de la vie associative permet aux associations de demander une... En savoir plus &raquo;"}

La formation des bénévoles - Aliso Initiatives

<blockquote class="wp-embedded-content" data-secret="L8YAwRafMA"><a href="https://aliso.fr/initiatives/5-janvier-2023-lancer-la-formation-benevoles-2023/">La formation des bénévoles</a></blockquote><iframe sandbox="allow-scripts" security="restricted" src="https://aliso.fr/initiatives/5-janvier-2023-lancer-la-formation-benevoles-2023/embed/#?secret=L8YAwRafMA" width="600" height="338" title="« La formation des bénévoles » &#8212; Aliso Initiatives" data-secret="L8YAwRafMA" frameborder="0" marginwidth="0" marginheight="0" scrolling="no" class="wp-embedded-content"></iframe><script type="text/javascript">
/* <![CDATA[ */
/*! This file is auto-generated */
!function(d,l){"use strict";l.querySelector&&d.addEventListener&&"undefined"!=typeof URL&&(d.wp=d.wp||{},d.wp.receiveEmbedMessage||(d.wp.receiveEmbedMessage=function(e){var t=e.data;if((t||t.secret||t.message||t.value)&&!/[^a-zA-Z0-9]/.test(t.secret)){for(var s,r,n,a=l.querySelectorAll('iframe[data-secret="'+t.secret+'"]'),o=l.querySelectorAll('blockquote[data-secret="'+t.secret+'"]'),c=new RegExp("^https?:$","i"),i=0;i<o.length;i++)o[i].style.display="none";for(i=0;i<a.length;i++)s=a[i],e.source===s.contentWindow&&(s.removeAttribute("style"),"height"===t.message?(1e3<(r=parseInt(t.value,10))?r=1e3:~~r<200&&(r=200),s.height=r):"link"===t.message&&(r=new URL(s.getAttribute("src")),n=new URL(t.value),c.test(n.protocol))&&n.host===r.host&&l.activeElement===s&&(d.top.location.href=t.value))}},d.addEventListener("message",d.wp.receiveEmbedMessage,!1),l.addEventListener("DOMContentLoaded",function(){for(var e,t,s=l.querySelectorAll("iframe.wp-embedded-content"),r=0;r<s.length;r++)(t=(e=s[r]).getAttribute("data-secret"))||(t=Math.random().toString(36).substring(2,12),e.src+="#?secret="+t,e.setAttribute("data-secret",t)),e.contentWindow.postMessage({message:"ready",secret:t},"*")},!1)))}(window,document);
//# sourceURL=https://aliso.fr/initiatives/wp-includes/js/wp-embed.min.js
/* ]]> */
</script>

Au cours des dernières rencontres [Ré]activer l’engagement&nbsp;! l’importance du rôle de bénévole et de son engagement a été grandement soulevée. Un temps collectif a été mené afin de déterminer des formations à mettre en place pour vos bénévoles en 2023. Ce fonds pour le développement de la vie associative permet aux associations de demander une... En savoir plus &raquo;
