{"version":"1.0","provider_name":"Aliso Initiatives","provider_url":"https:\/\/aliso.fr\/initiatives","title":"Formations Automne ALISO - Aliso Initiatives","type":"rich","width":600,"height":338,"html":"<blockquote class=\"wp-embedded-content\" data-secret=\"MvFzYbQQh3\"><a href=\"https:\/\/aliso.fr\/initiatives\/formations-automne-aliso\/\">Formations Automne ALISO<\/a><\/blockquote><iframe sandbox=\"allow-scripts\" security=\"restricted\" src=\"https:\/\/aliso.fr\/initiatives\/formations-automne-aliso\/embed\/#?secret=MvFzYbQQh3\" width=\"600\" height=\"338\" title=\"\u00ab\u00a0Formations Automne ALISO\u00a0\u00bb &#8212; Aliso Initiatives\" data-secret=\"MvFzYbQQh3\" frameborder=\"0\" marginwidth=\"0\" marginheight=\"0\" scrolling=\"no\" class=\"wp-embedded-content\"><\/iframe><script type=\"text\/javascript\">\n\/* <![CDATA[ *\/\n\/*! This file is auto-generated *\/\n!function(d,l){\"use strict\";l.querySelector&&d.addEventListener&&\"undefined\"!=typeof URL&&(d.wp=d.wp||{},d.wp.receiveEmbedMessage||(d.wp.receiveEmbedMessage=function(e){var t=e.data;if((t||t.secret||t.message||t.value)&&!\/[^a-zA-Z0-9]\/.test(t.secret)){for(var s,r,n,a=l.querySelectorAll('iframe[data-secret=\"'+t.secret+'\"]'),o=l.querySelectorAll('blockquote[data-secret=\"'+t.secret+'\"]'),c=new RegExp(\"^https?:$\",\"i\"),i=0;i<o.length;i++)o[i].style.display=\"none\";for(i=0;i<a.length;i++)s=a[i],e.source===s.contentWindow&&(s.removeAttribute(\"style\"),\"height\"===t.message?(1e3<(r=parseInt(t.value,10))?r=1e3:~~r<200&&(r=200),s.height=r):\"link\"===t.message&&(r=new URL(s.getAttribute(\"src\")),n=new URL(t.value),c.test(n.protocol))&&n.host===r.host&&l.activeElement===s&&(d.top.location.href=t.value))}},d.addEventListener(\"message\",d.wp.receiveEmbedMessage,!1),l.addEventListener(\"DOMContentLoaded\",function(){for(var e,t,s=l.querySelectorAll(\"iframe.wp-embedded-content\"),r=0;r<s.length;r++)(t=(e=s[r]).getAttribute(\"data-secret\"))||(t=Math.random().toString(36).substring(2,12),e.src+=\"#?secret=\"+t,e.setAttribute(\"data-secret\",t)),e.contentWindow.postMessage({message:\"ready\",secret:t},\"*\")},!1)))}(window,document);\n\/\/# sourceURL=https:\/\/aliso.fr\/initiatives\/wp-includes\/js\/wp-embed.min.js\n\/* ]]> *\/\n<\/script>\n","thumbnail_url":"https:\/\/aliso.fr\/initiatives\/wp-content\/uploads\/sites\/2\/2024\/09\/ALiso-frmation-edited.jpg","thumbnail_width":500,"thumbnail_height":333,"description":"Le nouveau programme collectif 2025-2026 de formation est lanc\u00e9 au sein d&rsquo;ALISO ! Construit \u00e0 partir des demandes des professionnels de ses associations membres, le programme touche aux liens avec les publics (m\u00e9thode Facile \u00e0 lire et \u00e0 comprendre, droit des \u00e9trangers, d\u00e9pression post-partum), \u00e0 la conduite associative (comptabilit\u00e9, tableur, communication, \u00e9crits professionnels), \u00e0 la... En savoir plus &raquo;"}

Le nouveau programme collectif 2025-2026 de formation est lancé au sein d&rsquo;ALISO ! Construit à partir des demandes des professionnels de ses associations membres, le programme touche aux liens avec les publics (méthode Facile à lire et à comprendre, droit des étrangers, dépression post-partum), à la conduite associative (comptabilité, tableur, communication, écrits professionnels), à la... En savoir plus &raquo;
