{"version":"1.0","provider_name":"Aliso Initiatives","provider_url":"https:\/\/aliso.fr\/initiatives","title":"Formations en Creuse: le programme Relief est lanc\u00e9 ! - Aliso Initiatives","type":"rich","width":600,"height":338,"html":"<blockquote class=\"wp-embedded-content\" data-secret=\"0RtcyKqWrE\"><a href=\"https:\/\/aliso.fr\/initiatives\/formations-en-creuse-le-programme-relief-est-lance\/\">Formations en Creuse: le programme Relief est lanc\u00e9 !<\/a><\/blockquote><iframe sandbox=\"allow-scripts\" security=\"restricted\" src=\"https:\/\/aliso.fr\/initiatives\/formations-en-creuse-le-programme-relief-est-lance\/embed\/#?secret=0RtcyKqWrE\" width=\"600\" height=\"338\" title=\"\u00ab\u00a0Formations en Creuse: le programme Relief est lanc\u00e9 !\u00a0\u00bb &#8212; Aliso Initiatives\" data-secret=\"0RtcyKqWrE\" frameborder=\"0\" marginwidth=\"0\" marginheight=\"0\" scrolling=\"no\" class=\"wp-embedded-content\"><\/iframe><script type=\"text\/javascript\">\n\/* <![CDATA[ *\/\n\/*! This file is auto-generated *\/\n!function(d,l){\"use strict\";l.querySelector&&d.addEventListener&&\"undefined\"!=typeof URL&&(d.wp=d.wp||{},d.wp.receiveEmbedMessage||(d.wp.receiveEmbedMessage=function(e){var t=e.data;if((t||t.secret||t.message||t.value)&&!\/[^a-zA-Z0-9]\/.test(t.secret)){for(var s,r,n,a=l.querySelectorAll('iframe[data-secret=\"'+t.secret+'\"]'),o=l.querySelectorAll('blockquote[data-secret=\"'+t.secret+'\"]'),c=new RegExp(\"^https?:$\",\"i\"),i=0;i<o.length;i++)o[i].style.display=\"none\";for(i=0;i<a.length;i++)s=a[i],e.source===s.contentWindow&&(s.removeAttribute(\"style\"),\"height\"===t.message?(1e3<(r=parseInt(t.value,10))?r=1e3:~~r<200&&(r=200),s.height=r):\"link\"===t.message&&(r=new URL(s.getAttribute(\"src\")),n=new URL(t.value),c.test(n.protocol))&&n.host===r.host&&l.activeElement===s&&(d.top.location.href=t.value))}},d.addEventListener(\"message\",d.wp.receiveEmbedMessage,!1),l.addEventListener(\"DOMContentLoaded\",function(){for(var e,t,s=l.querySelectorAll(\"iframe.wp-embedded-content\"),r=0;r<s.length;r++)(t=(e=s[r]).getAttribute(\"data-secret\"))||(t=Math.random().toString(36).substring(2,12),e.src+=\"#?secret=\"+t,e.setAttribute(\"data-secret\",t)),e.contentWindow.postMessage({message:\"ready\",secret:t},\"*\")},!1)))}(window,document);\n\/\/# sourceURL=https:\/\/aliso.fr\/initiatives\/wp-includes\/js\/wp-embed.min.js\n\/* ]]> *\/\n<\/script>\n","thumbnail_url":"https:\/\/aliso.fr\/initiatives\/wp-content\/uploads\/sites\/2\/2025\/09\/visuel-relief.jpg","thumbnail_width":190,"thumbnail_height":211,"description":"Organisme de formation cr\u00e9\u00e9 par un collectif d&rsquo;acteurs ruraux de Creuse et Limousin, RELIEF lance son programme de formation \u00e0 destinations de tou.te.s d\u00e8s cet automne. Au programme, des formations vari\u00e9es, pour mieux vivre et travailler sur notre territoire : de la conservation des aliments \u00e0 la pratique de l&rsquo;enduit chaux, en passant par quelques... En savoir plus &raquo;"}

Formations en Creuse: le programme Relief est lancé ! - Aliso Initiatives

<blockquote class="wp-embedded-content" data-secret="0RtcyKqWrE"><a href="https://aliso.fr/initiatives/formations-en-creuse-le-programme-relief-est-lance/">Formations en Creuse: le programme Relief est lancé !</a></blockquote><iframe sandbox="allow-scripts" security="restricted" src="https://aliso.fr/initiatives/formations-en-creuse-le-programme-relief-est-lance/embed/#?secret=0RtcyKqWrE" width="600" height="338" title="« Formations en Creuse: le programme Relief est lancé ! » &#8212; Aliso Initiatives" data-secret="0RtcyKqWrE" frameborder="0" marginwidth="0" marginheight="0" scrolling="no" class="wp-embedded-content"></iframe><script type="text/javascript">
/* <![CDATA[ */
/*! This file is auto-generated */
!function(d,l){"use strict";l.querySelector&&d.addEventListener&&"undefined"!=typeof URL&&(d.wp=d.wp||{},d.wp.receiveEmbedMessage||(d.wp.receiveEmbedMessage=function(e){var t=e.data;if((t||t.secret||t.message||t.value)&&!/[^a-zA-Z0-9]/.test(t.secret)){for(var s,r,n,a=l.querySelectorAll('iframe[data-secret="'+t.secret+'"]'),o=l.querySelectorAll('blockquote[data-secret="'+t.secret+'"]'),c=new RegExp("^https?:$","i"),i=0;i<o.length;i++)o[i].style.display="none";for(i=0;i<a.length;i++)s=a[i],e.source===s.contentWindow&&(s.removeAttribute("style"),"height"===t.message?(1e3<(r=parseInt(t.value,10))?r=1e3:~~r<200&&(r=200),s.height=r):"link"===t.message&&(r=new URL(s.getAttribute("src")),n=new URL(t.value),c.test(n.protocol))&&n.host===r.host&&l.activeElement===s&&(d.top.location.href=t.value))}},d.addEventListener("message",d.wp.receiveEmbedMessage,!1),l.addEventListener("DOMContentLoaded",function(){for(var e,t,s=l.querySelectorAll("iframe.wp-embedded-content"),r=0;r<s.length;r++)(t=(e=s[r]).getAttribute("data-secret"))||(t=Math.random().toString(36).substring(2,12),e.src+="#?secret="+t,e.setAttribute("data-secret",t)),e.contentWindow.postMessage({message:"ready",secret:t},"*")},!1)))}(window,document);
//# sourceURL=https://aliso.fr/initiatives/wp-includes/js/wp-embed.min.js
/* ]]> */
</script>

Organisme de formation créé par un collectif d&rsquo;acteurs ruraux de Creuse et Limousin, RELIEF lance son programme de formation à destinations de tou.te.s dès cet automne. Au programme, des formations variées, pour mieux vivre et travailler sur notre territoire : de la conservation des aliments à la pratique de l&rsquo;enduit chaux, en passant par quelques... En savoir plus &raquo;
