{"version":"1.0","provider_name":"Aliso Initiatives","provider_url":"https:\/\/aliso.fr\/initiatives","title":"Quel impact des associations sur le territoire, dans la dur\u00e9e ? Une recherche port\u00e9e par des habitant.e.s &amp; b\u00e9n\u00e9voles de Creuse - Aliso Initiatives","type":"rich","width":600,"height":338,"html":"<blockquote class=\"wp-embedded-content\" data-secret=\"Qx0SXrcnZB\"><a href=\"https:\/\/aliso.fr\/initiatives\/les-associations-faconnent-le-territoire-et-inversement\/\">Quel impact des associations sur le territoire, dans la dur\u00e9e ? Une recherche port\u00e9e par des habitant.e.s &amp; b\u00e9n\u00e9voles de Creuse<\/a><\/blockquote><iframe sandbox=\"allow-scripts\" security=\"restricted\" src=\"https:\/\/aliso.fr\/initiatives\/les-associations-faconnent-le-territoire-et-inversement\/embed\/#?secret=Qx0SXrcnZB\" width=\"600\" height=\"338\" title=\"\u00ab\u00a0Quel impact des associations sur le territoire, dans la dur\u00e9e ? Une recherche port\u00e9e par des habitant.e.s &amp; b\u00e9n\u00e9voles de Creuse\u00a0\u00bb &#8212; Aliso Initiatives\" data-secret=\"Qx0SXrcnZB\" frameborder=\"0\" marginwidth=\"0\" marginheight=\"0\" scrolling=\"no\" class=\"wp-embedded-content\"><\/iframe><script type=\"text\/javascript\">\n\/* <![CDATA[ *\/\n\/*! This file is auto-generated *\/\n!function(d,l){\"use strict\";l.querySelector&&d.addEventListener&&\"undefined\"!=typeof URL&&(d.wp=d.wp||{},d.wp.receiveEmbedMessage||(d.wp.receiveEmbedMessage=function(e){var t=e.data;if((t||t.secret||t.message||t.value)&&!\/[^a-zA-Z0-9]\/.test(t.secret)){for(var s,r,n,a=l.querySelectorAll('iframe[data-secret=\"'+t.secret+'\"]'),o=l.querySelectorAll('blockquote[data-secret=\"'+t.secret+'\"]'),c=new RegExp(\"^https?:$\",\"i\"),i=0;i<o.length;i++)o[i].style.display=\"none\";for(i=0;i<a.length;i++)s=a[i],e.source===s.contentWindow&&(s.removeAttribute(\"style\"),\"height\"===t.message?(1e3<(r=parseInt(t.value,10))?r=1e3:~~r<200&&(r=200),s.height=r):\"link\"===t.message&&(r=new URL(s.getAttribute(\"src\")),n=new URL(t.value),c.test(n.protocol))&&n.host===r.host&&l.activeElement===s&&(d.top.location.href=t.value))}},d.addEventListener(\"message\",d.wp.receiveEmbedMessage,!1),l.addEventListener(\"DOMContentLoaded\",function(){for(var e,t,s=l.querySelectorAll(\"iframe.wp-embedded-content\"),r=0;r<s.length;r++)(t=(e=s[r]).getAttribute(\"data-secret\"))||(t=Math.random().toString(36).substring(2,12),e.src+=\"#?secret=\"+t,e.setAttribute(\"data-secret\",t)),e.contentWindow.postMessage({message:\"ready\",secret:t},\"*\")},!1)))}(window,document);\n\/\/# sourceURL=https:\/\/aliso.fr\/initiatives\/wp-includes\/js\/wp-embed.min.js\n\/* ]]> *\/\n<\/script>\n","thumbnail_url":"https:\/\/aliso.fr\/initiatives\/wp-content\/uploads\/sites\/2\/2025\/01\/50ans-plateaux-IMG_1178-scaled.jpg","thumbnail_width":2560,"thumbnail_height":933,"description":"Situ\u00e9e aux extr\u00e9mit\u00e9s hyper rurales de la Creuse, \u00e9loign\u00e9es des capitales pr\u00e9fectorales et d\u00e9partementales, trois associations se sont engag\u00e9es, sur 2024-2026, dans une d\u00e9marche de recherche action portant sur la contribution du fait associatif sur les territoires.Une d\u00e9marche en \u00e9cho \u00e0 la r\u00e9cente \u00e9tude de l\u2019Insee sur le territoire rural du Parc de Millevaches en... En savoir plus &raquo;"}

Quel impact des associations sur le territoire, dans la durée ? Une recherche portée par des habitant.e.s &amp; bénévoles de Creuse - Aliso Initiatives

<blockquote class="wp-embedded-content" data-secret="Qx0SXrcnZB"><a href="https://aliso.fr/initiatives/les-associations-faconnent-le-territoire-et-inversement/">Quel impact des associations sur le territoire, dans la durée ? Une recherche portée par des habitant.e.s &amp; bénévoles de Creuse</a></blockquote><iframe sandbox="allow-scripts" security="restricted" src="https://aliso.fr/initiatives/les-associations-faconnent-le-territoire-et-inversement/embed/#?secret=Qx0SXrcnZB" width="600" height="338" title="« Quel impact des associations sur le territoire, dans la durée ? Une recherche portée par des habitant.e.s &amp; bénévoles de Creuse » &#8212; Aliso Initiatives" data-secret="Qx0SXrcnZB" frameborder="0" marginwidth="0" marginheight="0" scrolling="no" class="wp-embedded-content"></iframe><script type="text/javascript">
/* <![CDATA[ */
/*! This file is auto-generated */
!function(d,l){"use strict";l.querySelector&&d.addEventListener&&"undefined"!=typeof URL&&(d.wp=d.wp||{},d.wp.receiveEmbedMessage||(d.wp.receiveEmbedMessage=function(e){var t=e.data;if((t||t.secret||t.message||t.value)&&!/[^a-zA-Z0-9]/.test(t.secret)){for(var s,r,n,a=l.querySelectorAll('iframe[data-secret="'+t.secret+'"]'),o=l.querySelectorAll('blockquote[data-secret="'+t.secret+'"]'),c=new RegExp("^https?:$","i"),i=0;i<o.length;i++)o[i].style.display="none";for(i=0;i<a.length;i++)s=a[i],e.source===s.contentWindow&&(s.removeAttribute("style"),"height"===t.message?(1e3<(r=parseInt(t.value,10))?r=1e3:~~r<200&&(r=200),s.height=r):"link"===t.message&&(r=new URL(s.getAttribute("src")),n=new URL(t.value),c.test(n.protocol))&&n.host===r.host&&l.activeElement===s&&(d.top.location.href=t.value))}},d.addEventListener("message",d.wp.receiveEmbedMessage,!1),l.addEventListener("DOMContentLoaded",function(){for(var e,t,s=l.querySelectorAll("iframe.wp-embedded-content"),r=0;r<s.length;r++)(t=(e=s[r]).getAttribute("data-secret"))||(t=Math.random().toString(36).substring(2,12),e.src+="#?secret="+t,e.setAttribute("data-secret",t)),e.contentWindow.postMessage({message:"ready",secret:t},"*")},!1)))}(window,document);
//# sourceURL=https://aliso.fr/initiatives/wp-includes/js/wp-embed.min.js
/* ]]> */
</script>

Située aux extrémités hyper rurales de la Creuse, éloignées des capitales préfectorales et départementales, trois associations se sont engagées, sur 2024-2026, dans une démarche de recherche action portant sur la contribution du fait associatif sur les territoires.Une démarche en écho à la récente étude de l’Insee sur le territoire rural du Parc de Millevaches en... En savoir plus &raquo;
