{"id":1964,"date":"2022-04-27T12:30:03","date_gmt":"2022-04-27T10:30:03","guid":{"rendered":"https:\/\/aliso.fr\/initiatives\/evenements\/gt-diagnostic-4\/"},"modified":"2022-04-27T12:46:35","modified_gmt":"2022-04-27T10:46:35","slug":"gt-diagnostic-4","status":"publish","type":"mec-events","link":"https:\/\/aliso.fr\/initiatives\/evenements\/gt-diagnostic-4\/","title":{"rendered":"GT DIAGNOSTIC #4"},"content":{"rendered":"<p>RDV \u00e0 la Dynamo pour ce 4\u00e8me regroupement du Groupe Th\u00e9matique autour du Diagnostic.<\/p>\n<p>Au programme :<\/p>\n<ul>\n<li>vos t\u00e9moignages<\/li>\n<li>un peu de ressources sur le diagnostic de territoire<\/li>\n<li>regards crois\u00e9s appliqu\u00e9s aux situations des uns et des autres<\/li>\n<li>cr\u00e9ation d&rsquo;un recueil de m\u00e9thodes de diagnostic<\/li>\n<li>\u00e0 construire ; bin\u00f4mes de tutorats etc&#8230;<\/li>\n<\/ul>\n<p>Pour participer, contactez <a href=\"https:\/\/aliso.fr\/contactez-aliso\/\">Laure MASSON<\/a><\/p>\n","protected":false},"excerpt":{"rendered":"<p>RDV \u00e0 la Dynamo pour ce 4\u00e8me regroupement du Groupe Th\u00e9matique autour du Diagnostic. Au programme : vos t\u00e9moignages un peu de ressources sur le diagnostic de territoire regards crois\u00e9s appliqu\u00e9s aux situations des uns et des autres cr\u00e9ation d&rsquo;un recueil de m\u00e9thodes de diagnostic \u00e0 construire ; bin\u00f4mes de tutorats etc&#8230; Pour participer, contactez&#8230; <a class=\"excerpt-read-more button\" href=\"https:\/\/aliso.fr\/initiatives\/evenements\/gt-diagnostic-4\/\" title=\"ReadGT DIAGNOSTIC #4\">En savoir plus &raquo;<\/a><\/p>\n","protected":false},"author":3,"featured_media":1968,"comment_status":"closed","ping_status":"closed","template":"","tags":[],"mec_category":[],"class_list":["post-1964","mec-events","type-mec-events","status-publish","has-post-thumbnail","hentry"],"yoast_head":"<!-- This site is optimized with the Yoast SEO plugin v27.5 - https:\/\/yoast.com\/product\/yoast-seo-wordpress\/ -->\n<title>GT DIAGNOSTIC #4 - Aliso Initiatives<\/title>\n<meta name=\"description\" content=\"Se nourrir du r\u00e9seau pour travailler sur le diagnostic de territoire dans les structures d&#039;animation locale du r\u00e9seau - 4\u00e8me rencontre.\" \/>\n<meta name=\"robots\" content=\"index, follow, max-snippet:-1, max-image-preview:large, max-video-preview:-1\" \/>\n<link rel=\"canonical\" href=\"https:\/\/aliso.fr\/initiatives\/evenements\/gt-diagnostic-4\/\" \/>\n<meta property=\"og:locale\" content=\"fr_FR\" \/>\n<meta property=\"og:type\" content=\"article\" \/>\n<meta property=\"og:title\" content=\"GT DIAGNOSTIC #4 - Aliso Initiatives\" \/>\n<meta property=\"og:description\" content=\"Se nourrir du r\u00e9seau pour travailler sur le diagnostic de territoire dans les structures d&#039;animation locale du r\u00e9seau - 4\u00e8me rencontre.\" \/>\n<meta property=\"og:url\" content=\"https:\/\/aliso.fr\/initiatives\/evenements\/gt-diagnostic-4\/\" \/>\n<meta property=\"og:site_name\" content=\"Aliso Initiatives\" \/>\n<meta property=\"article:modified_time\" content=\"2022-04-27T10:46:35+00:00\" \/>\n<meta property=\"og:image\" content=\"https:\/\/aliso.fr\/initiatives\/wp-content\/uploads\/sites\/2\/\/2022\/04\/loupe.png\" \/>\n\t<meta property=\"og:image:width\" content=\"1\" \/>\n\t<meta property=\"og:image:height\" content=\"1\" \/>\n\t<meta property=\"og:image:type\" content=\"image\/png\" \/>\n<meta name=\"twitter:card\" content=\"summary_large_image\" \/>\n<script type=\"application\/ld+json\" class=\"yoast-schema-graph\">{\"@context\":\"https:\\\/\\\/schema.org\",\"@graph\":[{\"@type\":\"WebPage\",\"@id\":\"https:\\\/\\\/aliso.fr\\\/initiatives\\\/evenements\\\/gt-diagnostic-4\\\/\",\"url\":\"https:\\\/\\\/aliso.fr\\\/initiatives\\\/evenements\\\/gt-diagnostic-4\\\/\",\"name\":\"GT DIAGNOSTIC #4 - Aliso Initiatives\",\"isPartOf\":{\"@id\":\"https:\\\/\\\/aliso.fr\\\/initiatives\\\/#website\"},\"primaryImageOfPage\":{\"@id\":\"https:\\\/\\\/aliso.fr\\\/initiatives\\\/evenements\\\/gt-diagnostic-4\\\/#primaryimage\"},\"image\":{\"@id\":\"https:\\\/\\\/aliso.fr\\\/initiatives\\\/evenements\\\/gt-diagnostic-4\\\/#primaryimage\"},\"thumbnailUrl\":\"https:\\\/\\\/aliso.fr\\\/initiatives\\\/wp-content\\\/uploads\\\/sites\\\/2\\\/\\\/2022\\\/04\\\/loupe.png\",\"datePublished\":\"2022-04-27T10:30:03+00:00\",\"dateModified\":\"2022-04-27T10:46:35+00:00\",\"description\":\"Se nourrir du r\u00e9seau pour travailler sur le diagnostic de territoire dans les structures d'animation locale du r\u00e9seau - 4\u00e8me rencontre.\",\"breadcrumb\":{\"@id\":\"https:\\\/\\\/aliso.fr\\\/initiatives\\\/evenements\\\/gt-diagnostic-4\\\/#breadcrumb\"},\"inLanguage\":\"fr-FR\",\"potentialAction\":[{\"@type\":\"ReadAction\",\"target\":[\"https:\\\/\\\/aliso.fr\\\/initiatives\\\/evenements\\\/gt-diagnostic-4\\\/\"]}]},{\"@type\":\"ImageObject\",\"inLanguage\":\"fr-FR\",\"@id\":\"https:\\\/\\\/aliso.fr\\\/initiatives\\\/evenements\\\/gt-diagnostic-4\\\/#primaryimage\",\"url\":\"https:\\\/\\\/aliso.fr\\\/initiatives\\\/wp-content\\\/uploads\\\/sites\\\/2\\\/\\\/2022\\\/04\\\/loupe.png\",\"contentUrl\":\"https:\\\/\\\/aliso.fr\\\/initiatives\\\/wp-content\\\/uploads\\\/sites\\\/2\\\/\\\/2022\\\/04\\\/loupe.png\"},{\"@type\":\"BreadcrumbList\",\"@id\":\"https:\\\/\\\/aliso.fr\\\/initiatives\\\/evenements\\\/gt-diagnostic-4\\\/#breadcrumb\",\"itemListElement\":[{\"@type\":\"ListItem\",\"position\":1,\"name\":\"Accueil\",\"item\":\"https:\\\/\\\/aliso.fr\\\/initiatives\\\/\"},{\"@type\":\"ListItem\",\"position\":2,\"name\":\"\u00c9venements\",\"item\":\"https:\\\/\\\/aliso.fr\\\/initiatives\\\/evenements\\\/\"},{\"@type\":\"ListItem\",\"position\":3,\"name\":\"GT DIAGNOSTIC #4\"}]},{\"@type\":\"WebSite\",\"@id\":\"https:\\\/\\\/aliso.fr\\\/initiatives\\\/#website\",\"url\":\"https:\\\/\\\/aliso.fr\\\/initiatives\\\/\",\"name\":\"Aliso Initiatives\",\"description\":\"R\u00e9seau Creusois des acteurs du lien social\",\"publisher\":{\"@id\":\"https:\\\/\\\/aliso.fr\\\/initiatives\\\/#organization\"},\"potentialAction\":[{\"@type\":\"SearchAction\",\"target\":{\"@type\":\"EntryPoint\",\"urlTemplate\":\"https:\\\/\\\/aliso.fr\\\/initiatives\\\/?s={search_term_string}\"},\"query-input\":{\"@type\":\"PropertyValueSpecification\",\"valueRequired\":true,\"valueName\":\"search_term_string\"}}],\"inLanguage\":\"fr-FR\"},{\"@type\":\"Organization\",\"@id\":\"https:\\\/\\\/aliso.fr\\\/initiatives\\\/#organization\",\"name\":\"Aliso Initiatives\",\"url\":\"https:\\\/\\\/aliso.fr\\\/initiatives\\\/\",\"logo\":{\"@type\":\"ImageObject\",\"inLanguage\":\"fr-FR\",\"@id\":\"https:\\\/\\\/aliso.fr\\\/initiatives\\\/#\\\/schema\\\/logo\\\/image\\\/\",\"url\":\"https:\\\/\\\/aliso.fr\\\/initiatives\\\/wp-content\\\/uploads\\\/sites\\\/2\\\/2022\\\/01\\\/Logo-ALISO-Initiatives-2.png\",\"contentUrl\":\"https:\\\/\\\/aliso.fr\\\/initiatives\\\/wp-content\\\/uploads\\\/sites\\\/2\\\/2022\\\/01\\\/Logo-ALISO-Initiatives-2.png\",\"width\":900,\"height\":657,\"caption\":\"Aliso Initiatives\"},\"image\":{\"@id\":\"https:\\\/\\\/aliso.fr\\\/initiatives\\\/#\\\/schema\\\/logo\\\/image\\\/\"}}]}<\/script>\n<!-- \/ Yoast SEO plugin. -->","yoast_head_json":{"title":"GT DIAGNOSTIC #4 - Aliso Initiatives","description":"Se nourrir du r\u00e9seau pour travailler sur le diagnostic de territoire dans les structures d'animation locale du r\u00e9seau - 4\u00e8me rencontre.","robots":{"index":"index","follow":"follow","max-snippet":"max-snippet:-1","max-image-preview":"max-image-preview:large","max-video-preview":"max-video-preview:-1"},"canonical":"https:\/\/aliso.fr\/initiatives\/evenements\/gt-diagnostic-4\/","og_locale":"fr_FR","og_type":"article","og_title":"GT DIAGNOSTIC #4 - Aliso Initiatives","og_description":"Se nourrir du r\u00e9seau pour travailler sur le diagnostic de territoire dans les structures d'animation locale du r\u00e9seau - 4\u00e8me rencontre.","og_url":"https:\/\/aliso.fr\/initiatives\/evenements\/gt-diagnostic-4\/","og_site_name":"Aliso Initiatives","article_modified_time":"2022-04-27T10:46:35+00:00","og_image":[{"url":"https:\/\/aliso.fr\/initiatives\/wp-content\/uploads\/sites\/2\/\/2022\/04\/loupe.png","width":1,"height":1,"type":"image\/png"}],"twitter_card":"summary_large_image","schema":{"@context":"https:\/\/schema.org","@graph":[{"@type":"WebPage","@id":"https:\/\/aliso.fr\/initiatives\/evenements\/gt-diagnostic-4\/","url":"https:\/\/aliso.fr\/initiatives\/evenements\/gt-diagnostic-4\/","name":"GT DIAGNOSTIC #4 - Aliso Initiatives","isPartOf":{"@id":"https:\/\/aliso.fr\/initiatives\/#website"},"primaryImageOfPage":{"@id":"https:\/\/aliso.fr\/initiatives\/evenements\/gt-diagnostic-4\/#primaryimage"},"image":{"@id":"https:\/\/aliso.fr\/initiatives\/evenements\/gt-diagnostic-4\/#primaryimage"},"thumbnailUrl":"https:\/\/aliso.fr\/initiatives\/wp-content\/uploads\/sites\/2\/\/2022\/04\/loupe.png","datePublished":"2022-04-27T10:30:03+00:00","dateModified":"2022-04-27T10:46:35+00:00","description":"Se nourrir du r\u00e9seau pour travailler sur le diagnostic de territoire dans les structures d'animation locale du r\u00e9seau - 4\u00e8me rencontre.","breadcrumb":{"@id":"https:\/\/aliso.fr\/initiatives\/evenements\/gt-diagnostic-4\/#breadcrumb"},"inLanguage":"fr-FR","potentialAction":[{"@type":"ReadAction","target":["https:\/\/aliso.fr\/initiatives\/evenements\/gt-diagnostic-4\/"]}]},{"@type":"ImageObject","inLanguage":"fr-FR","@id":"https:\/\/aliso.fr\/initiatives\/evenements\/gt-diagnostic-4\/#primaryimage","url":"https:\/\/aliso.fr\/initiatives\/wp-content\/uploads\/sites\/2\/\/2022\/04\/loupe.png","contentUrl":"https:\/\/aliso.fr\/initiatives\/wp-content\/uploads\/sites\/2\/\/2022\/04\/loupe.png"},{"@type":"BreadcrumbList","@id":"https:\/\/aliso.fr\/initiatives\/evenements\/gt-diagnostic-4\/#breadcrumb","itemListElement":[{"@type":"ListItem","position":1,"name":"Accueil","item":"https:\/\/aliso.fr\/initiatives\/"},{"@type":"ListItem","position":2,"name":"\u00c9venements","item":"https:\/\/aliso.fr\/initiatives\/evenements\/"},{"@type":"ListItem","position":3,"name":"GT DIAGNOSTIC #4"}]},{"@type":"WebSite","@id":"https:\/\/aliso.fr\/initiatives\/#website","url":"https:\/\/aliso.fr\/initiatives\/","name":"Aliso Initiatives","description":"R\u00e9seau Creusois des acteurs du lien social","publisher":{"@id":"https:\/\/aliso.fr\/initiatives\/#organization"},"potentialAction":[{"@type":"SearchAction","target":{"@type":"EntryPoint","urlTemplate":"https:\/\/aliso.fr\/initiatives\/?s={search_term_string}"},"query-input":{"@type":"PropertyValueSpecification","valueRequired":true,"valueName":"search_term_string"}}],"inLanguage":"fr-FR"},{"@type":"Organization","@id":"https:\/\/aliso.fr\/initiatives\/#organization","name":"Aliso Initiatives","url":"https:\/\/aliso.fr\/initiatives\/","logo":{"@type":"ImageObject","inLanguage":"fr-FR","@id":"https:\/\/aliso.fr\/initiatives\/#\/schema\/logo\/image\/","url":"https:\/\/aliso.fr\/initiatives\/wp-content\/uploads\/sites\/2\/2022\/01\/Logo-ALISO-Initiatives-2.png","contentUrl":"https:\/\/aliso.fr\/initiatives\/wp-content\/uploads\/sites\/2\/2022\/01\/Logo-ALISO-Initiatives-2.png","width":900,"height":657,"caption":"Aliso Initiatives"},"image":{"@id":"https:\/\/aliso.fr\/initiatives\/#\/schema\/logo\/image\/"}}]}},"_links":{"self":[{"href":"https:\/\/aliso.fr\/initiatives\/wp-json\/wp\/v2\/mec-events\/1964","targetHints":{"allow":["GET"]}}],"collection":[{"href":"https:\/\/aliso.fr\/initiatives\/wp-json\/wp\/v2\/mec-events"}],"about":[{"href":"https:\/\/aliso.fr\/initiatives\/wp-json\/wp\/v2\/types\/mec-events"}],"author":[{"embeddable":true,"href":"https:\/\/aliso.fr\/initiatives\/wp-json\/wp\/v2\/users\/3"}],"replies":[{"embeddable":true,"href":"https:\/\/aliso.fr\/initiatives\/wp-json\/wp\/v2\/comments?post=1964"}],"wp:featuredmedia":[{"embeddable":true,"href":"https:\/\/aliso.fr\/initiatives\/wp-json\/wp\/v2\/media\/1968"}],"wp:attachment":[{"href":"https:\/\/aliso.fr\/initiatives\/wp-json\/wp\/v2\/media?parent=1964"}],"wp:term":[{"taxonomy":"post_tag","embeddable":true,"href":"https:\/\/aliso.fr\/initiatives\/wp-json\/wp\/v2\/tags?post=1964"},{"taxonomy":"mec_category","embeddable":true,"href":"https:\/\/aliso.fr\/initiatives\/wp-json\/wp\/v2\/mec_category?post=1964"}],"curies":[{"name":"wp","href":"https:\/\/api.w.org\/{rel}","templated":true}]}}

<p>RDV à la Dynamo pour ce 4ème regroupement du Groupe Thématique autour du Diagnostic.</p>
<p>Au programme :</p>
<ul>
<li>vos témoignages</li>
<li>un peu de ressources sur le diagnostic de territoire</li>
<li>regards croisés appliqués aux situations des uns et des autres</li>
<li>création d&rsquo;un recueil de méthodes de diagnostic</li>
<li>à construire ; binômes de tutorats etc&#8230;</li>
</ul>
<p>Pour participer, contactez <a href="https://aliso.fr/contactez-aliso/">Laure MASSON</a></p>

<p>RDV à la Dynamo pour ce 4ème regroupement du Groupe Thématique autour du Diagnostic. Au programme : vos témoignages un peu de ressources sur le diagnostic de territoire regards croisés appliqués aux situations des uns et des autres création d&rsquo;un recueil de méthodes de diagnostic à construire ; binômes de tutorats etc&#8230; Pour participer, contactez&#8230; <a class="excerpt-read-more button" href="https://aliso.fr/initiatives/evenements/gt-diagnostic-4/" title="ReadGT DIAGNOSTIC #4">En savoir plus &raquo;</a></p>

<!-- This site is optimized with the Yoast SEO plugin v27.5 - https://yoast.com/product/yoast-seo-wordpress/ -->
<title>GT DIAGNOSTIC #4 - Aliso Initiatives</title>
<meta name="description" content="Se nourrir du réseau pour travailler sur le diagnostic de territoire dans les structures d&#039;animation locale du réseau - 4ème rencontre." />
<meta name="robots" content="index, follow, max-snippet:-1, max-image-preview:large, max-video-preview:-1" />
<link rel="canonical" href="https://aliso.fr/initiatives/evenements/gt-diagnostic-4/" />
<meta property="og:locale" content="fr_FR" />
<meta property="og:type" content="article" />
<meta property="og:title" content="GT DIAGNOSTIC #4 - Aliso Initiatives" />
<meta property="og:description" content="Se nourrir du réseau pour travailler sur le diagnostic de territoire dans les structures d&#039;animation locale du réseau - 4ème rencontre." />
<meta property="og:url" content="https://aliso.fr/initiatives/evenements/gt-diagnostic-4/" />
<meta property="og:site_name" content="Aliso Initiatives" />
<meta property="article:modified_time" content="2022-04-27T10:46:35+00:00" />
<meta property="og:image" content="https://aliso.fr/initiatives/wp-content/uploads/sites/2//2022/04/loupe.png" />
	<meta property="og:image:width" content="1" />
	<meta property="og:image:height" content="1" />
	<meta property="og:image:type" content="image/png" />
<meta name="twitter:card" content="summary_large_image" />
<script type="application/ld+json" class="yoast-schema-graph">{"@context":"https:\/\/schema.org","@graph":[{"@type":"WebPage","@id":"https:\/\/aliso.fr\/initiatives\/evenements\/gt-diagnostic-4\/","url":"https:\/\/aliso.fr\/initiatives\/evenements\/gt-diagnostic-4\/","name":"GT DIAGNOSTIC #4 - Aliso Initiatives","isPartOf":{"@id":"https:\/\/aliso.fr\/initiatives\/#website"},"primaryImageOfPage":{"@id":"https:\/\/aliso.fr\/initiatives\/evenements\/gt-diagnostic-4\/#primaryimage"},"image":{"@id":"https:\/\/aliso.fr\/initiatives\/evenements\/gt-diagnostic-4\/#primaryimage"},"thumbnailUrl":"https:\/\/aliso.fr\/initiatives\/wp-content\/uploads\/sites\/2\/\/2022\/04\/loupe.png","datePublished":"2022-04-27T10:30:03+00:00","dateModified":"2022-04-27T10:46:35+00:00","description":"Se nourrir du réseau pour travailler sur le diagnostic de territoire dans les structures d'animation locale du réseau - 4ème rencontre.","breadcrumb":{"@id":"https:\/\/aliso.fr\/initiatives\/evenements\/gt-diagnostic-4\/#breadcrumb"},"inLanguage":"fr-FR","potentialAction":[{"@type":"ReadAction","target":["https:\/\/aliso.fr\/initiatives\/evenements\/gt-diagnostic-4\/"]}]},{"@type":"ImageObject","inLanguage":"fr-FR","@id":"https:\/\/aliso.fr\/initiatives\/evenements\/gt-diagnostic-4\/#primaryimage","url":"https:\/\/aliso.fr\/initiatives\/wp-content\/uploads\/sites\/2\/\/2022\/04\/loupe.png","contentUrl":"https:\/\/aliso.fr\/initiatives\/wp-content\/uploads\/sites\/2\/\/2022\/04\/loupe.png"},{"@type":"BreadcrumbList","@id":"https:\/\/aliso.fr\/initiatives\/evenements\/gt-diagnostic-4\/#breadcrumb","itemListElement":[{"@type":"ListItem","position":1,"name":"Accueil","item":"https:\/\/aliso.fr\/initiatives\/"},{"@type":"ListItem","position":2,"name":"Évenements","item":"https:\/\/aliso.fr\/initiatives\/evenements\/"},{"@type":"ListItem","position":3,"name":"GT DIAGNOSTIC #4"}]},{"@type":"WebSite","@id":"https:\/\/aliso.fr\/initiatives\/#website","url":"https:\/\/aliso.fr\/initiatives\/","name":"Aliso Initiatives","description":"Réseau Creusois des acteurs du lien social","publisher":{"@id":"https:\/\/aliso.fr\/initiatives\/#organization"},"potentialAction":[{"@type":"SearchAction","target":{"@type":"EntryPoint","urlTemplate":"https:\/\/aliso.fr\/initiatives\/?s={search_term_string}"},"query-input":{"@type":"PropertyValueSpecification","valueRequired":true,"valueName":"search_term_string"}}],"inLanguage":"fr-FR"},{"@type":"Organization","@id":"https:\/\/aliso.fr\/initiatives\/#organization","name":"Aliso Initiatives","url":"https:\/\/aliso.fr\/initiatives\/","logo":{"@type":"ImageObject","inLanguage":"fr-FR","@id":"https:\/\/aliso.fr\/initiatives\/#\/schema\/logo\/image\/","url":"https:\/\/aliso.fr\/initiatives\/wp-content\/uploads\/sites\/2\/2022\/01\/Logo-ALISO-Initiatives-2.png","contentUrl":"https:\/\/aliso.fr\/initiatives\/wp-content\/uploads\/sites\/2\/2022\/01\/Logo-ALISO-Initiatives-2.png","width":900,"height":657,"caption":"Aliso Initiatives"},"image":{"@id":"https:\/\/aliso.fr\/initiatives\/#\/schema\/logo\/image\/"}}]}</script>
<!-- / Yoast SEO plugin. -->

Se nourrir du réseau pour travailler sur le diagnostic de territoire dans les structures d'animation locale du réseau - 4ème rencontre.

Évenements

Réseau Creusois des acteurs du lien social
