{"id":2338,"date":"2022-12-02T16:00:27","date_gmt":"2022-12-02T15:00:27","guid":{"rendered":"https:\/\/aliso.fr\/initiatives\/evenements\/prepa-alisopop-2023-1\/"},"modified":"2022-12-02T16:00:40","modified_gmt":"2022-12-02T15:00:40","slug":"prepa-alisopop-2023-1","status":"publish","type":"mec-events","link":"https:\/\/aliso.fr\/initiatives\/evenements\/prepa-alisopop-2023-1\/","title":{"rendered":"PREPA ALISO&rsquo;POP 2023 #1"},"content":{"rendered":"<p>Venez partager vos id\u00e9es et vos propositions pour pr\u00e9parer la seconde \u00e9dition d&rsquo;Aliso&rsquo;pop.<br \/>\nIl s&rsquo;agit d&rsquo;une premi\u00e8re r\u00e9union pour lancer la machine, sachant que la r\u00e9union z\u00e9ro s&rsquo;est d\u00e9j\u00e0 tenue en juin dernier entre bilan et perspectives. Cette fois, on passe \u00e0 l&rsquo;action, on brainstorme, on imagine, on tranche, on essaie des choses, on profite de ce moment pour faire ensemble.<\/p>\n<p>RDV le 12 janvier au 2 rue Traversi\u00e8re \u00e0 GUERET, dans les locaux d&rsquo;ALISO \u00e0 9h30. Et si vous avez le temps, on mange ensemble apr\u00e8s.<\/p>\n<p>Merci de nous informer de votre venue en appelant ou en \u00e9crivant \u00e0 Laure.<\/p>\n<p><img loading=\"lazy\" decoding=\"async\" class=\"alignnone size-medium wp-image-666\" src=\"https:\/\/aliso.fr\/wp-content\/uploads\/2022\/12\/alis-pop-2-212x300.jpg\" alt=\"\" width=\"212\" height=\"300\" \/><\/p>\n","protected":false},"excerpt":{"rendered":"<p>Venez partager vos id\u00e9es et vos propositions pour pr\u00e9parer la seconde \u00e9dition d&rsquo;Aliso&rsquo;pop. Il s&rsquo;agit d&rsquo;une premi\u00e8re r\u00e9union pour lancer la machine, sachant que la r\u00e9union z\u00e9ro s&rsquo;est d\u00e9j\u00e0 tenue en juin dernier entre bilan et perspectives. Cette fois, on passe \u00e0 l&rsquo;action, on brainstorme, on imagine, on tranche, on essaie des choses, on profite&#8230; <a class=\"excerpt-read-more button\" href=\"https:\/\/aliso.fr\/initiatives\/evenements\/prepa-alisopop-2023-1\/\" title=\"ReadPREPA ALISO&rsquo;POP 2023 #1\">En savoir plus &raquo;<\/a><\/p>\n","protected":false},"author":3,"featured_media":2340,"comment_status":"closed","ping_status":"closed","template":"","tags":[],"mec_category":[],"class_list":["post-2338","mec-events","type-mec-events","status-publish","has-post-thumbnail","hentry"],"yoast_head":"<!-- This site is optimized with the Yoast SEO plugin v27.5 - https:\/\/yoast.com\/product\/yoast-seo-wordpress\/ -->\n<title>PREPA ALISO&#039;POP 2023 #1 - Aliso Initiatives<\/title>\n<meta name=\"robots\" content=\"index, follow, max-snippet:-1, max-image-preview:large, max-video-preview:-1\" \/>\n<link rel=\"canonical\" href=\"https:\/\/aliso.fr\/initiatives\/evenements\/prepa-alisopop-2023-1\/\" \/>\n<meta property=\"og:locale\" content=\"fr_FR\" \/>\n<meta property=\"og:type\" content=\"article\" \/>\n<meta property=\"og:title\" content=\"PREPA ALISO&#039;POP 2023 #1 - Aliso Initiatives\" \/>\n<meta property=\"og:description\" content=\"Venez partager vos id\u00e9es et vos propositions pour pr\u00e9parer la seconde \u00e9dition d&rsquo;Aliso&rsquo;pop. Il s&rsquo;agit d&rsquo;une premi\u00e8re r\u00e9union pour lancer la machine, sachant que la r\u00e9union z\u00e9ro s&rsquo;est d\u00e9j\u00e0 tenue en juin dernier entre bilan et perspectives. Cette fois, on passe \u00e0 l&rsquo;action, on brainstorme, on imagine, on tranche, on essaie des choses, on profite... En savoir plus &raquo;\" \/>\n<meta property=\"og:url\" content=\"https:\/\/aliso.fr\/initiatives\/evenements\/prepa-alisopop-2023-1\/\" \/>\n<meta property=\"og:site_name\" content=\"Aliso Initiatives\" \/>\n<meta property=\"article:modified_time\" content=\"2022-12-02T15:00:40+00:00\" \/>\n<meta property=\"og:image\" content=\"https:\/\/aliso.fr\/initiatives\/wp-content\/uploads\/sites\/2\/\/2022\/12\/alis-pop-2.jpg\" \/>\n\t<meta property=\"og:image:width\" content=\"1\" \/>\n\t<meta property=\"og:image:height\" content=\"1\" \/>\n\t<meta property=\"og:image:type\" content=\"image\/jpeg\" \/>\n<meta name=\"twitter:card\" content=\"summary_large_image\" \/>\n<script type=\"application\/ld+json\" class=\"yoast-schema-graph\">{\"@context\":\"https:\\\/\\\/schema.org\",\"@graph\":[{\"@type\":\"WebPage\",\"@id\":\"https:\\\/\\\/aliso.fr\\\/initiatives\\\/evenements\\\/prepa-alisopop-2023-1\\\/\",\"url\":\"https:\\\/\\\/aliso.fr\\\/initiatives\\\/evenements\\\/prepa-alisopop-2023-1\\\/\",\"name\":\"PREPA ALISO'POP 2023 #1 - Aliso Initiatives\",\"isPartOf\":{\"@id\":\"https:\\\/\\\/aliso.fr\\\/initiatives\\\/#website\"},\"primaryImageOfPage\":{\"@id\":\"https:\\\/\\\/aliso.fr\\\/initiatives\\\/evenements\\\/prepa-alisopop-2023-1\\\/#primaryimage\"},\"image\":{\"@id\":\"https:\\\/\\\/aliso.fr\\\/initiatives\\\/evenements\\\/prepa-alisopop-2023-1\\\/#primaryimage\"},\"thumbnailUrl\":\"https:\\\/\\\/aliso.fr\\\/initiatives\\\/wp-content\\\/uploads\\\/sites\\\/2\\\/\\\/2022\\\/12\\\/alis-pop-2.jpg\",\"datePublished\":\"2022-12-02T15:00:27+00:00\",\"dateModified\":\"2022-12-02T15:00:40+00:00\",\"breadcrumb\":{\"@id\":\"https:\\\/\\\/aliso.fr\\\/initiatives\\\/evenements\\\/prepa-alisopop-2023-1\\\/#breadcrumb\"},\"inLanguage\":\"fr-FR\",\"potentialAction\":[{\"@type\":\"ReadAction\",\"target\":[\"https:\\\/\\\/aliso.fr\\\/initiatives\\\/evenements\\\/prepa-alisopop-2023-1\\\/\"]}]},{\"@type\":\"ImageObject\",\"inLanguage\":\"fr-FR\",\"@id\":\"https:\\\/\\\/aliso.fr\\\/initiatives\\\/evenements\\\/prepa-alisopop-2023-1\\\/#primaryimage\",\"url\":\"https:\\\/\\\/aliso.fr\\\/initiatives\\\/wp-content\\\/uploads\\\/sites\\\/2\\\/\\\/2022\\\/12\\\/alis-pop-2.jpg\",\"contentUrl\":\"https:\\\/\\\/aliso.fr\\\/initiatives\\\/wp-content\\\/uploads\\\/sites\\\/2\\\/\\\/2022\\\/12\\\/alis-pop-2.jpg\"},{\"@type\":\"BreadcrumbList\",\"@id\":\"https:\\\/\\\/aliso.fr\\\/initiatives\\\/evenements\\\/prepa-alisopop-2023-1\\\/#breadcrumb\",\"itemListElement\":[{\"@type\":\"ListItem\",\"position\":1,\"name\":\"Accueil\",\"item\":\"https:\\\/\\\/aliso.fr\\\/initiatives\\\/\"},{\"@type\":\"ListItem\",\"position\":2,\"name\":\"\u00c9venements\",\"item\":\"https:\\\/\\\/aliso.fr\\\/initiatives\\\/evenements\\\/\"},{\"@type\":\"ListItem\",\"position\":3,\"name\":\"PREPA ALISO&#8217;POP 2023 #1\"}]},{\"@type\":\"WebSite\",\"@id\":\"https:\\\/\\\/aliso.fr\\\/initiatives\\\/#website\",\"url\":\"https:\\\/\\\/aliso.fr\\\/initiatives\\\/\",\"name\":\"Aliso Initiatives\",\"description\":\"R\u00e9seau Creusois des acteurs du lien social\",\"publisher\":{\"@id\":\"https:\\\/\\\/aliso.fr\\\/initiatives\\\/#organization\"},\"potentialAction\":[{\"@type\":\"SearchAction\",\"target\":{\"@type\":\"EntryPoint\",\"urlTemplate\":\"https:\\\/\\\/aliso.fr\\\/initiatives\\\/?s={search_term_string}\"},\"query-input\":{\"@type\":\"PropertyValueSpecification\",\"valueRequired\":true,\"valueName\":\"search_term_string\"}}],\"inLanguage\":\"fr-FR\"},{\"@type\":\"Organization\",\"@id\":\"https:\\\/\\\/aliso.fr\\\/initiatives\\\/#organization\",\"name\":\"Aliso Initiatives\",\"url\":\"https:\\\/\\\/aliso.fr\\\/initiatives\\\/\",\"logo\":{\"@type\":\"ImageObject\",\"inLanguage\":\"fr-FR\",\"@id\":\"https:\\\/\\\/aliso.fr\\\/initiatives\\\/#\\\/schema\\\/logo\\\/image\\\/\",\"url\":\"https:\\\/\\\/aliso.fr\\\/initiatives\\\/wp-content\\\/uploads\\\/sites\\\/2\\\/2022\\\/01\\\/Logo-ALISO-Initiatives-2.png\",\"contentUrl\":\"https:\\\/\\\/aliso.fr\\\/initiatives\\\/wp-content\\\/uploads\\\/sites\\\/2\\\/2022\\\/01\\\/Logo-ALISO-Initiatives-2.png\",\"width\":900,\"height\":657,\"caption\":\"Aliso Initiatives\"},\"image\":{\"@id\":\"https:\\\/\\\/aliso.fr\\\/initiatives\\\/#\\\/schema\\\/logo\\\/image\\\/\"}}]}<\/script>\n<!-- \/ Yoast SEO plugin. -->","yoast_head_json":{"title":"PREPA ALISO'POP 2023 #1 - Aliso Initiatives","robots":{"index":"index","follow":"follow","max-snippet":"max-snippet:-1","max-image-preview":"max-image-preview:large","max-video-preview":"max-video-preview:-1"},"canonical":"https:\/\/aliso.fr\/initiatives\/evenements\/prepa-alisopop-2023-1\/","og_locale":"fr_FR","og_type":"article","og_title":"PREPA ALISO'POP 2023 #1 - Aliso Initiatives","og_description":"Venez partager vos id\u00e9es et vos propositions pour pr\u00e9parer la seconde \u00e9dition d&rsquo;Aliso&rsquo;pop. Il s&rsquo;agit d&rsquo;une premi\u00e8re r\u00e9union pour lancer la machine, sachant que la r\u00e9union z\u00e9ro s&rsquo;est d\u00e9j\u00e0 tenue en juin dernier entre bilan et perspectives. Cette fois, on passe \u00e0 l&rsquo;action, on brainstorme, on imagine, on tranche, on essaie des choses, on profite... En savoir plus &raquo;","og_url":"https:\/\/aliso.fr\/initiatives\/evenements\/prepa-alisopop-2023-1\/","og_site_name":"Aliso Initiatives","article_modified_time":"2022-12-02T15:00:40+00:00","og_image":[{"url":"https:\/\/aliso.fr\/initiatives\/wp-content\/uploads\/sites\/2\/\/2022\/12\/alis-pop-2.jpg","width":1,"height":1,"type":"image\/jpeg"}],"twitter_card":"summary_large_image","schema":{"@context":"https:\/\/schema.org","@graph":[{"@type":"WebPage","@id":"https:\/\/aliso.fr\/initiatives\/evenements\/prepa-alisopop-2023-1\/","url":"https:\/\/aliso.fr\/initiatives\/evenements\/prepa-alisopop-2023-1\/","name":"PREPA ALISO'POP 2023 #1 - Aliso Initiatives","isPartOf":{"@id":"https:\/\/aliso.fr\/initiatives\/#website"},"primaryImageOfPage":{"@id":"https:\/\/aliso.fr\/initiatives\/evenements\/prepa-alisopop-2023-1\/#primaryimage"},"image":{"@id":"https:\/\/aliso.fr\/initiatives\/evenements\/prepa-alisopop-2023-1\/#primaryimage"},"thumbnailUrl":"https:\/\/aliso.fr\/initiatives\/wp-content\/uploads\/sites\/2\/\/2022\/12\/alis-pop-2.jpg","datePublished":"2022-12-02T15:00:27+00:00","dateModified":"2022-12-02T15:00:40+00:00","breadcrumb":{"@id":"https:\/\/aliso.fr\/initiatives\/evenements\/prepa-alisopop-2023-1\/#breadcrumb"},"inLanguage":"fr-FR","potentialAction":[{"@type":"ReadAction","target":["https:\/\/aliso.fr\/initiatives\/evenements\/prepa-alisopop-2023-1\/"]}]},{"@type":"ImageObject","inLanguage":"fr-FR","@id":"https:\/\/aliso.fr\/initiatives\/evenements\/prepa-alisopop-2023-1\/#primaryimage","url":"https:\/\/aliso.fr\/initiatives\/wp-content\/uploads\/sites\/2\/\/2022\/12\/alis-pop-2.jpg","contentUrl":"https:\/\/aliso.fr\/initiatives\/wp-content\/uploads\/sites\/2\/\/2022\/12\/alis-pop-2.jpg"},{"@type":"BreadcrumbList","@id":"https:\/\/aliso.fr\/initiatives\/evenements\/prepa-alisopop-2023-1\/#breadcrumb","itemListElement":[{"@type":"ListItem","position":1,"name":"Accueil","item":"https:\/\/aliso.fr\/initiatives\/"},{"@type":"ListItem","position":2,"name":"\u00c9venements","item":"https:\/\/aliso.fr\/initiatives\/evenements\/"},{"@type":"ListItem","position":3,"name":"PREPA ALISO&#8217;POP 2023 #1"}]},{"@type":"WebSite","@id":"https:\/\/aliso.fr\/initiatives\/#website","url":"https:\/\/aliso.fr\/initiatives\/","name":"Aliso Initiatives","description":"R\u00e9seau Creusois des acteurs du lien social","publisher":{"@id":"https:\/\/aliso.fr\/initiatives\/#organization"},"potentialAction":[{"@type":"SearchAction","target":{"@type":"EntryPoint","urlTemplate":"https:\/\/aliso.fr\/initiatives\/?s={search_term_string}"},"query-input":{"@type":"PropertyValueSpecification","valueRequired":true,"valueName":"search_term_string"}}],"inLanguage":"fr-FR"},{"@type":"Organization","@id":"https:\/\/aliso.fr\/initiatives\/#organization","name":"Aliso Initiatives","url":"https:\/\/aliso.fr\/initiatives\/","logo":{"@type":"ImageObject","inLanguage":"fr-FR","@id":"https:\/\/aliso.fr\/initiatives\/#\/schema\/logo\/image\/","url":"https:\/\/aliso.fr\/initiatives\/wp-content\/uploads\/sites\/2\/2022\/01\/Logo-ALISO-Initiatives-2.png","contentUrl":"https:\/\/aliso.fr\/initiatives\/wp-content\/uploads\/sites\/2\/2022\/01\/Logo-ALISO-Initiatives-2.png","width":900,"height":657,"caption":"Aliso Initiatives"},"image":{"@id":"https:\/\/aliso.fr\/initiatives\/#\/schema\/logo\/image\/"}}]}},"_links":{"self":[{"href":"https:\/\/aliso.fr\/initiatives\/wp-json\/wp\/v2\/mec-events\/2338","targetHints":{"allow":["GET"]}}],"collection":[{"href":"https:\/\/aliso.fr\/initiatives\/wp-json\/wp\/v2\/mec-events"}],"about":[{"href":"https:\/\/aliso.fr\/initiatives\/wp-json\/wp\/v2\/types\/mec-events"}],"author":[{"embeddable":true,"href":"https:\/\/aliso.fr\/initiatives\/wp-json\/wp\/v2\/users\/3"}],"replies":[{"embeddable":true,"href":"https:\/\/aliso.fr\/initiatives\/wp-json\/wp\/v2\/comments?post=2338"}],"wp:featuredmedia":[{"embeddable":true,"href":"https:\/\/aliso.fr\/initiatives\/wp-json\/wp\/v2\/media\/2340"}],"wp:attachment":[{"href":"https:\/\/aliso.fr\/initiatives\/wp-json\/wp\/v2\/media?parent=2338"}],"wp:term":[{"taxonomy":"post_tag","embeddable":true,"href":"https:\/\/aliso.fr\/initiatives\/wp-json\/wp\/v2\/tags?post=2338"},{"taxonomy":"mec_category","embeddable":true,"href":"https:\/\/aliso.fr\/initiatives\/wp-json\/wp\/v2\/mec_category?post=2338"}],"curies":[{"name":"wp","href":"https:\/\/api.w.org\/{rel}","templated":true}]}}

<p>Venez partager vos idées et vos propositions pour préparer la seconde édition d&rsquo;Aliso&rsquo;pop.<br />
Il s&rsquo;agit d&rsquo;une première réunion pour lancer la machine, sachant que la réunion zéro s&rsquo;est déjà tenue en juin dernier entre bilan et perspectives. Cette fois, on passe à l&rsquo;action, on brainstorme, on imagine, on tranche, on essaie des choses, on profite de ce moment pour faire ensemble.</p>
<p>RDV le 12 janvier au 2 rue Traversière à GUERET, dans les locaux d&rsquo;ALISO à 9h30. Et si vous avez le temps, on mange ensemble après.</p>
<p>Merci de nous informer de votre venue en appelant ou en écrivant à Laure.</p>
<p><img loading="lazy" decoding="async" class="alignnone size-medium wp-image-666" src="https://aliso.fr/wp-content/uploads/2022/12/alis-pop-2-212x300.jpg" alt="" width="212" height="300" /></p>

<p>Venez partager vos idées et vos propositions pour préparer la seconde édition d&rsquo;Aliso&rsquo;pop. Il s&rsquo;agit d&rsquo;une première réunion pour lancer la machine, sachant que la réunion zéro s&rsquo;est déjà tenue en juin dernier entre bilan et perspectives. Cette fois, on passe à l&rsquo;action, on brainstorme, on imagine, on tranche, on essaie des choses, on profite&#8230; <a class="excerpt-read-more button" href="https://aliso.fr/initiatives/evenements/prepa-alisopop-2023-1/" title="ReadPREPA ALISO&rsquo;POP 2023 #1">En savoir plus &raquo;</a></p>

<!-- This site is optimized with the Yoast SEO plugin v27.5 - https://yoast.com/product/yoast-seo-wordpress/ -->
<title>PREPA ALISO&#039;POP 2023 #1 - Aliso Initiatives</title>
<meta name="robots" content="index, follow, max-snippet:-1, max-image-preview:large, max-video-preview:-1" />
<link rel="canonical" href="https://aliso.fr/initiatives/evenements/prepa-alisopop-2023-1/" />
<meta property="og:locale" content="fr_FR" />
<meta property="og:type" content="article" />
<meta property="og:title" content="PREPA ALISO&#039;POP 2023 #1 - Aliso Initiatives" />
<meta property="og:description" content="Venez partager vos idées et vos propositions pour préparer la seconde édition d&rsquo;Aliso&rsquo;pop. Il s&rsquo;agit d&rsquo;une première réunion pour lancer la machine, sachant que la réunion zéro s&rsquo;est déjà tenue en juin dernier entre bilan et perspectives. Cette fois, on passe à l&rsquo;action, on brainstorme, on imagine, on tranche, on essaie des choses, on profite... En savoir plus &raquo;" />
<meta property="og:url" content="https://aliso.fr/initiatives/evenements/prepa-alisopop-2023-1/" />
<meta property="og:site_name" content="Aliso Initiatives" />
<meta property="article:modified_time" content="2022-12-02T15:00:40+00:00" />
<meta property="og:image" content="https://aliso.fr/initiatives/wp-content/uploads/sites/2//2022/12/alis-pop-2.jpg" />
	<meta property="og:image:width" content="1" />
	<meta property="og:image:height" content="1" />
	<meta property="og:image:type" content="image/jpeg" />
<meta name="twitter:card" content="summary_large_image" />
<script type="application/ld+json" class="yoast-schema-graph">{"@context":"https:\/\/schema.org","@graph":[{"@type":"WebPage","@id":"https:\/\/aliso.fr\/initiatives\/evenements\/prepa-alisopop-2023-1\/","url":"https:\/\/aliso.fr\/initiatives\/evenements\/prepa-alisopop-2023-1\/","name":"PREPA ALISO'POP 2023 #1 - Aliso Initiatives","isPartOf":{"@id":"https:\/\/aliso.fr\/initiatives\/#website"},"primaryImageOfPage":{"@id":"https:\/\/aliso.fr\/initiatives\/evenements\/prepa-alisopop-2023-1\/#primaryimage"},"image":{"@id":"https:\/\/aliso.fr\/initiatives\/evenements\/prepa-alisopop-2023-1\/#primaryimage"},"thumbnailUrl":"https:\/\/aliso.fr\/initiatives\/wp-content\/uploads\/sites\/2\/\/2022\/12\/alis-pop-2.jpg","datePublished":"2022-12-02T15:00:27+00:00","dateModified":"2022-12-02T15:00:40+00:00","breadcrumb":{"@id":"https:\/\/aliso.fr\/initiatives\/evenements\/prepa-alisopop-2023-1\/#breadcrumb"},"inLanguage":"fr-FR","potentialAction":[{"@type":"ReadAction","target":["https:\/\/aliso.fr\/initiatives\/evenements\/prepa-alisopop-2023-1\/"]}]},{"@type":"ImageObject","inLanguage":"fr-FR","@id":"https:\/\/aliso.fr\/initiatives\/evenements\/prepa-alisopop-2023-1\/#primaryimage","url":"https:\/\/aliso.fr\/initiatives\/wp-content\/uploads\/sites\/2\/\/2022\/12\/alis-pop-2.jpg","contentUrl":"https:\/\/aliso.fr\/initiatives\/wp-content\/uploads\/sites\/2\/\/2022\/12\/alis-pop-2.jpg"},{"@type":"BreadcrumbList","@id":"https:\/\/aliso.fr\/initiatives\/evenements\/prepa-alisopop-2023-1\/#breadcrumb","itemListElement":[{"@type":"ListItem","position":1,"name":"Accueil","item":"https:\/\/aliso.fr\/initiatives\/"},{"@type":"ListItem","position":2,"name":"Évenements","item":"https:\/\/aliso.fr\/initiatives\/evenements\/"},{"@type":"ListItem","position":3,"name":"PREPA ALISO&#8217;POP 2023 #1"}]},{"@type":"WebSite","@id":"https:\/\/aliso.fr\/initiatives\/#website","url":"https:\/\/aliso.fr\/initiatives\/","name":"Aliso Initiatives","description":"Réseau Creusois des acteurs du lien social","publisher":{"@id":"https:\/\/aliso.fr\/initiatives\/#organization"},"potentialAction":[{"@type":"SearchAction","target":{"@type":"EntryPoint","urlTemplate":"https:\/\/aliso.fr\/initiatives\/?s={search_term_string}"},"query-input":{"@type":"PropertyValueSpecification","valueRequired":true,"valueName":"search_term_string"}}],"inLanguage":"fr-FR"},{"@type":"Organization","@id":"https:\/\/aliso.fr\/initiatives\/#organization","name":"Aliso Initiatives","url":"https:\/\/aliso.fr\/initiatives\/","logo":{"@type":"ImageObject","inLanguage":"fr-FR","@id":"https:\/\/aliso.fr\/initiatives\/#\/schema\/logo\/image\/","url":"https:\/\/aliso.fr\/initiatives\/wp-content\/uploads\/sites\/2\/2022\/01\/Logo-ALISO-Initiatives-2.png","contentUrl":"https:\/\/aliso.fr\/initiatives\/wp-content\/uploads\/sites\/2\/2022\/01\/Logo-ALISO-Initiatives-2.png","width":900,"height":657,"caption":"Aliso Initiatives"},"image":{"@id":"https:\/\/aliso.fr\/initiatives\/#\/schema\/logo\/image\/"}}]}</script>
<!-- / Yoast SEO plugin. -->

Venez partager vos idées et vos propositions pour préparer la seconde édition d&rsquo;Aliso&rsquo;pop. Il s&rsquo;agit d&rsquo;une première réunion pour lancer la machine, sachant que la réunion zéro s&rsquo;est déjà tenue en juin dernier entre bilan et perspectives. Cette fois, on passe à l&rsquo;action, on brainstorme, on imagine, on tranche, on essaie des choses, on profite... En savoir plus &raquo;

Évenements

Réseau Creusois des acteurs du lien social
