{"id":3130,"date":"2024-04-17T13:14:29","date_gmt":"2024-04-17T11:14:29","guid":{"rendered":"https:\/\/aliso.fr\/initiatives\/evenements\/groupe-pilotes-aubusson\/"},"modified":"2024-04-17T13:16:36","modified_gmt":"2024-04-17T11:16:36","slug":"groupe-pilotes-aubusson","status":"publish","type":"mec-events","link":"https:\/\/aliso.fr\/initiatives\/evenements\/groupe-pilotes-aubusson\/","title":{"rendered":"GROUPE PILOTES &#8211; AUBUSSON"},"content":{"rendered":"<div class=\"mec-event-content\">\n<div class=\"mec-single-event-description mec-events-content\">\n<p><b>Comment vit-on le travail associatif &amp; coop\u00e9ratif ?\u00a0<\/b><\/p>\n<p>Aliso propose des demi-journ\u00e9es en Creuse pour partager nos exp\u00e9riences du travail associatif et coop\u00e9ratif.<\/p>\n<p>Sous la forme d\u2019ateliers collectifs \u201cPetite histoire Grande Histoire\u201d, un outil d\u2019\u00e9ducation populaire, nous pourrons regarder nos trajectoires d\u2019engagement individuels (nos joies, nos tristesses ou difficult\u00e9s) et les liens avec l\u2019\u00e9volution de la soci\u00e9t\u00e9 (fonctionnement par appels \u00e0 projet, rapport \u00e0 l\u2019engagement et au travail).<\/p>\n<p>Pour ne pas \u00eatre seules avec vos r\u00e9flexions, salari\u00e9s, B\u00e9n\u00e9voles, administratrices &amp; administrateurs venez \u00e0 plusieurs de votre association.<\/p>\n<p>&nbsp;<\/p>\n<p>=======<\/p>\n<p>dur\u00e9e: 3h suivi d\u2019un repas partag\u00e9<\/p>\n<p>O\u00f9 et Quand: Plusieurs ateliers sur le territoire:<\/p>\n<p>-Mercredi 15\/05 9h30 \u00e0 La Renou\u00e9e \u00e0 Gentioux<\/p>\n<p>\u2013 Mercredi 12\/06 14h \u00e0 Gu\u00e9ret dans les locaux d\u2019ALISO<\/p>\n<p>\u2013 Jeudi 20\/06 9h30 \u00e0 Cl\u00e9 de contacts \u00e0 Aubusson \u2013 groupe pilotes de structures<\/p>\n<p>Inscriptions ici (max 15 personnes par ateliers) Indiquer un contact en vous inscrivant ici (il faut indiquer son adresse mail):<\/p>\n<p><a class=\"moz-txt-link-freetext\" href=\"https:\/\/nuage.lincube.net\/apps\/polls\/s\/FqiWEV1N\">https:\/\/nuage.lincube.net\/apps\/polls\/s\/FqiWEV1N<\/a><\/p>\n<p>Si vous rencontrez des difficult\u00e9s \u00e0 vous inscrire ou que cette proposition vous pose question un mail ici: <a class=\"moz-txt-link-abbreviated\" href=\"&#109;&#x61;&#105;&#x6c;t&#x6f;:&#113;&#x75;&#101;&#x6e;&#116;&#x69;n&#x40;f&#114;&#x61;&#99;&#x74;a&#x6c;e&#x2e;&#x78;&#121;&#x7a;\">&#x71;u&#x65;&#110;&#x74;&#105;n&#x40;&#102;&#x72;&#97;c&#x74;&#97;&#x6c;&#101;&#46;&#x78;y&#x7a;<\/a> ou un coup de t\u00e9l\u00e9phone au 07 84 18 30 12<\/p>\n<p>Si vous voulez en organiser un chez vous, on vient avec plaisir, les contacts sont les m\u00eames.<\/p>\n<p>Quentin pour le DLA<\/p>\n<\/div>\n<\/div>\n","protected":false},"excerpt":{"rendered":"<p>Comment vit-on le travail associatif &amp; coop\u00e9ratif ?\u00a0 Aliso propose des demi-journ\u00e9es en Creuse pour partager nos exp\u00e9riences du travail associatif et coop\u00e9ratif. Sous la forme d\u2019ateliers collectifs \u201cPetite histoire Grande Histoire\u201d, un outil d\u2019\u00e9ducation populaire, nous pourrons regarder nos trajectoires d\u2019engagement individuels (nos joies, nos tristesses ou difficult\u00e9s) et les liens avec l\u2019\u00e9volution de&#8230; <a class=\"excerpt-read-more button\" href=\"https:\/\/aliso.fr\/initiatives\/evenements\/groupe-pilotes-aubusson\/\" title=\"ReadGROUPE PILOTES &#8211; AUBUSSON\">En savoir plus &raquo;<\/a><\/p>\n","protected":false},"author":3,"featured_media":0,"comment_status":"closed","ping_status":"closed","template":"","tags":[],"mec_category":[],"class_list":["post-3130","mec-events","type-mec-events","status-publish","hentry"],"yoast_head":"<!-- This site is optimized with the Yoast SEO plugin v27.5 - https:\/\/yoast.com\/product\/yoast-seo-wordpress\/ -->\n<title>GROUPE PILOTES - AUBUSSON - Aliso Initiatives<\/title>\n<meta name=\"robots\" content=\"index, follow, max-snippet:-1, max-image-preview:large, max-video-preview:-1\" \/>\n<link rel=\"canonical\" href=\"https:\/\/aliso.fr\/initiatives\/evenements\/groupe-pilotes-aubusson\/\" \/>\n<meta property=\"og:locale\" content=\"fr_FR\" \/>\n<meta property=\"og:type\" content=\"article\" \/>\n<meta property=\"og:title\" content=\"GROUPE PILOTES - AUBUSSON - Aliso Initiatives\" \/>\n<meta property=\"og:description\" content=\"Comment vit-on le travail associatif &amp; coop\u00e9ratif ?\u00a0 Aliso propose des demi-journ\u00e9es en Creuse pour partager nos exp\u00e9riences du travail associatif et coop\u00e9ratif. Sous la forme d\u2019ateliers collectifs \u201cPetite histoire Grande Histoire\u201d, un outil d\u2019\u00e9ducation populaire, nous pourrons regarder nos trajectoires d\u2019engagement individuels (nos joies, nos tristesses ou difficult\u00e9s) et les liens avec l\u2019\u00e9volution de... En savoir plus &raquo;\" \/>\n<meta property=\"og:url\" content=\"https:\/\/aliso.fr\/initiatives\/evenements\/groupe-pilotes-aubusson\/\" \/>\n<meta property=\"og:site_name\" content=\"Aliso Initiatives\" \/>\n<meta property=\"article:modified_time\" content=\"2024-04-17T11:16:36+00:00\" \/>\n<meta name=\"twitter:card\" content=\"summary_large_image\" \/>\n<script type=\"application\/ld+json\" class=\"yoast-schema-graph\">{\"@context\":\"https:\\\/\\\/schema.org\",\"@graph\":[{\"@type\":\"WebPage\",\"@id\":\"https:\\\/\\\/aliso.fr\\\/initiatives\\\/evenements\\\/groupe-pilotes-aubusson\\\/\",\"url\":\"https:\\\/\\\/aliso.fr\\\/initiatives\\\/evenements\\\/groupe-pilotes-aubusson\\\/\",\"name\":\"GROUPE PILOTES - AUBUSSON - Aliso Initiatives\",\"isPartOf\":{\"@id\":\"https:\\\/\\\/aliso.fr\\\/initiatives\\\/#website\"},\"datePublished\":\"2024-04-17T11:14:29+00:00\",\"dateModified\":\"2024-04-17T11:16:36+00:00\",\"breadcrumb\":{\"@id\":\"https:\\\/\\\/aliso.fr\\\/initiatives\\\/evenements\\\/groupe-pilotes-aubusson\\\/#breadcrumb\"},\"inLanguage\":\"fr-FR\",\"potentialAction\":[{\"@type\":\"ReadAction\",\"target\":[\"https:\\\/\\\/aliso.fr\\\/initiatives\\\/evenements\\\/groupe-pilotes-aubusson\\\/\"]}]},{\"@type\":\"BreadcrumbList\",\"@id\":\"https:\\\/\\\/aliso.fr\\\/initiatives\\\/evenements\\\/groupe-pilotes-aubusson\\\/#breadcrumb\",\"itemListElement\":[{\"@type\":\"ListItem\",\"position\":1,\"name\":\"Accueil\",\"item\":\"https:\\\/\\\/aliso.fr\\\/initiatives\\\/\"},{\"@type\":\"ListItem\",\"position\":2,\"name\":\"\u00c9venements\",\"item\":\"https:\\\/\\\/aliso.fr\\\/initiatives\\\/evenements\\\/\"},{\"@type\":\"ListItem\",\"position\":3,\"name\":\"GROUPE PILOTES &#8211; AUBUSSON\"}]},{\"@type\":\"WebSite\",\"@id\":\"https:\\\/\\\/aliso.fr\\\/initiatives\\\/#website\",\"url\":\"https:\\\/\\\/aliso.fr\\\/initiatives\\\/\",\"name\":\"Aliso Initiatives\",\"description\":\"R\u00e9seau Creusois des acteurs du lien social\",\"publisher\":{\"@id\":\"https:\\\/\\\/aliso.fr\\\/initiatives\\\/#organization\"},\"potentialAction\":[{\"@type\":\"SearchAction\",\"target\":{\"@type\":\"EntryPoint\",\"urlTemplate\":\"https:\\\/\\\/aliso.fr\\\/initiatives\\\/?s={search_term_string}\"},\"query-input\":{\"@type\":\"PropertyValueSpecification\",\"valueRequired\":true,\"valueName\":\"search_term_string\"}}],\"inLanguage\":\"fr-FR\"},{\"@type\":\"Organization\",\"@id\":\"https:\\\/\\\/aliso.fr\\\/initiatives\\\/#organization\",\"name\":\"Aliso Initiatives\",\"url\":\"https:\\\/\\\/aliso.fr\\\/initiatives\\\/\",\"logo\":{\"@type\":\"ImageObject\",\"inLanguage\":\"fr-FR\",\"@id\":\"https:\\\/\\\/aliso.fr\\\/initiatives\\\/#\\\/schema\\\/logo\\\/image\\\/\",\"url\":\"https:\\\/\\\/aliso.fr\\\/initiatives\\\/wp-content\\\/uploads\\\/sites\\\/2\\\/2022\\\/01\\\/Logo-ALISO-Initiatives-2.png\",\"contentUrl\":\"https:\\\/\\\/aliso.fr\\\/initiatives\\\/wp-content\\\/uploads\\\/sites\\\/2\\\/2022\\\/01\\\/Logo-ALISO-Initiatives-2.png\",\"width\":900,\"height\":657,\"caption\":\"Aliso Initiatives\"},\"image\":{\"@id\":\"https:\\\/\\\/aliso.fr\\\/initiatives\\\/#\\\/schema\\\/logo\\\/image\\\/\"}}]}<\/script>\n<!-- \/ Yoast SEO plugin. -->","yoast_head_json":{"title":"GROUPE PILOTES - AUBUSSON - Aliso Initiatives","robots":{"index":"index","follow":"follow","max-snippet":"max-snippet:-1","max-image-preview":"max-image-preview:large","max-video-preview":"max-video-preview:-1"},"canonical":"https:\/\/aliso.fr\/initiatives\/evenements\/groupe-pilotes-aubusson\/","og_locale":"fr_FR","og_type":"article","og_title":"GROUPE PILOTES - AUBUSSON - Aliso Initiatives","og_description":"Comment vit-on le travail associatif &amp; coop\u00e9ratif ?\u00a0 Aliso propose des demi-journ\u00e9es en Creuse pour partager nos exp\u00e9riences du travail associatif et coop\u00e9ratif. Sous la forme d\u2019ateliers collectifs \u201cPetite histoire Grande Histoire\u201d, un outil d\u2019\u00e9ducation populaire, nous pourrons regarder nos trajectoires d\u2019engagement individuels (nos joies, nos tristesses ou difficult\u00e9s) et les liens avec l\u2019\u00e9volution de... En savoir plus &raquo;","og_url":"https:\/\/aliso.fr\/initiatives\/evenements\/groupe-pilotes-aubusson\/","og_site_name":"Aliso Initiatives","article_modified_time":"2024-04-17T11:16:36+00:00","twitter_card":"summary_large_image","schema":{"@context":"https:\/\/schema.org","@graph":[{"@type":"WebPage","@id":"https:\/\/aliso.fr\/initiatives\/evenements\/groupe-pilotes-aubusson\/","url":"https:\/\/aliso.fr\/initiatives\/evenements\/groupe-pilotes-aubusson\/","name":"GROUPE PILOTES - AUBUSSON - Aliso Initiatives","isPartOf":{"@id":"https:\/\/aliso.fr\/initiatives\/#website"},"datePublished":"2024-04-17T11:14:29+00:00","dateModified":"2024-04-17T11:16:36+00:00","breadcrumb":{"@id":"https:\/\/aliso.fr\/initiatives\/evenements\/groupe-pilotes-aubusson\/#breadcrumb"},"inLanguage":"fr-FR","potentialAction":[{"@type":"ReadAction","target":["https:\/\/aliso.fr\/initiatives\/evenements\/groupe-pilotes-aubusson\/"]}]},{"@type":"BreadcrumbList","@id":"https:\/\/aliso.fr\/initiatives\/evenements\/groupe-pilotes-aubusson\/#breadcrumb","itemListElement":[{"@type":"ListItem","position":1,"name":"Accueil","item":"https:\/\/aliso.fr\/initiatives\/"},{"@type":"ListItem","position":2,"name":"\u00c9venements","item":"https:\/\/aliso.fr\/initiatives\/evenements\/"},{"@type":"ListItem","position":3,"name":"GROUPE PILOTES &#8211; AUBUSSON"}]},{"@type":"WebSite","@id":"https:\/\/aliso.fr\/initiatives\/#website","url":"https:\/\/aliso.fr\/initiatives\/","name":"Aliso Initiatives","description":"R\u00e9seau Creusois des acteurs du lien social","publisher":{"@id":"https:\/\/aliso.fr\/initiatives\/#organization"},"potentialAction":[{"@type":"SearchAction","target":{"@type":"EntryPoint","urlTemplate":"https:\/\/aliso.fr\/initiatives\/?s={search_term_string}"},"query-input":{"@type":"PropertyValueSpecification","valueRequired":true,"valueName":"search_term_string"}}],"inLanguage":"fr-FR"},{"@type":"Organization","@id":"https:\/\/aliso.fr\/initiatives\/#organization","name":"Aliso Initiatives","url":"https:\/\/aliso.fr\/initiatives\/","logo":{"@type":"ImageObject","inLanguage":"fr-FR","@id":"https:\/\/aliso.fr\/initiatives\/#\/schema\/logo\/image\/","url":"https:\/\/aliso.fr\/initiatives\/wp-content\/uploads\/sites\/2\/2022\/01\/Logo-ALISO-Initiatives-2.png","contentUrl":"https:\/\/aliso.fr\/initiatives\/wp-content\/uploads\/sites\/2\/2022\/01\/Logo-ALISO-Initiatives-2.png","width":900,"height":657,"caption":"Aliso Initiatives"},"image":{"@id":"https:\/\/aliso.fr\/initiatives\/#\/schema\/logo\/image\/"}}]}},"_links":{"self":[{"href":"https:\/\/aliso.fr\/initiatives\/wp-json\/wp\/v2\/mec-events\/3130","targetHints":{"allow":["GET"]}}],"collection":[{"href":"https:\/\/aliso.fr\/initiatives\/wp-json\/wp\/v2\/mec-events"}],"about":[{"href":"https:\/\/aliso.fr\/initiatives\/wp-json\/wp\/v2\/types\/mec-events"}],"author":[{"embeddable":true,"href":"https:\/\/aliso.fr\/initiatives\/wp-json\/wp\/v2\/users\/3"}],"replies":[{"embeddable":true,"href":"https:\/\/aliso.fr\/initiatives\/wp-json\/wp\/v2\/comments?post=3130"}],"wp:attachment":[{"href":"https:\/\/aliso.fr\/initiatives\/wp-json\/wp\/v2\/media?parent=3130"}],"wp:term":[{"taxonomy":"post_tag","embeddable":true,"href":"https:\/\/aliso.fr\/initiatives\/wp-json\/wp\/v2\/tags?post=3130"},{"taxonomy":"mec_category","embeddable":true,"href":"https:\/\/aliso.fr\/initiatives\/wp-json\/wp\/v2\/mec_category?post=3130"}],"curies":[{"name":"wp","href":"https:\/\/api.w.org\/{rel}","templated":true}]}}

<div class="mec-event-content">
<div class="mec-single-event-description mec-events-content">
<p><b>Comment vit-on le travail associatif &amp; coopératif ? </b></p>
<p>Aliso propose des demi-journées en Creuse pour partager nos expériences du travail associatif et coopératif.</p>
<p>Sous la forme d’ateliers collectifs “Petite histoire Grande Histoire”, un outil d’éducation populaire, nous pourrons regarder nos trajectoires d’engagement individuels (nos joies, nos tristesses ou difficultés) et les liens avec l’évolution de la société (fonctionnement par appels à projet, rapport à l’engagement et au travail).</p>
<p>Pour ne pas être seules avec vos réflexions, salariés, Bénévoles, administratrices &amp; administrateurs venez à plusieurs de votre association.</p>
<p>&nbsp;</p>
<p>=======</p>
<p>durée: 3h suivi d’un repas partagé</p>
<p>Où et Quand: Plusieurs ateliers sur le territoire:</p>
<p>-Mercredi 15/05 9h30 à La Renouée à Gentioux</p>
<p>– Mercredi 12/06 14h à Guéret dans les locaux d’ALISO</p>
<p>– Jeudi 20/06 9h30 à Clé de contacts à Aubusson – groupe pilotes de structures</p>
<p>Inscriptions ici (max 15 personnes par ateliers) Indiquer un contact en vous inscrivant ici (il faut indiquer son adresse mail):</p>
<p><a class="moz-txt-link-freetext" href="https://nuage.lincube.net/apps/polls/s/FqiWEV1N">https://nuage.lincube.net/apps/polls/s/FqiWEV1N</a></p>
<p>Si vous rencontrez des difficultés à vous inscrire ou que cette proposition vous pose question un mail ici: <a class="moz-txt-link-abbreviated" href="&#109;&#x61;&#105;&#x6c;t&#x6f;:&#113;&#x75;&#101;&#x6e;&#116;&#x69;n&#x40;f&#114;&#x61;&#99;&#x74;a&#x6c;e&#x2e;&#x78;&#121;&#x7a;">&#x71;u&#x65;&#110;&#x74;&#105;n&#x40;&#102;&#x72;&#97;c&#x74;&#97;&#x6c;&#101;&#46;&#x78;y&#x7a;</a> ou un coup de téléphone au 07 84 18 30 12</p>
<p>Si vous voulez en organiser un chez vous, on vient avec plaisir, les contacts sont les mêmes.</p>
<p>Quentin pour le DLA</p>
</div>
</div>

<p>Comment vit-on le travail associatif &amp; coopératif ?  Aliso propose des demi-journées en Creuse pour partager nos expériences du travail associatif et coopératif. Sous la forme d’ateliers collectifs “Petite histoire Grande Histoire”, un outil d’éducation populaire, nous pourrons regarder nos trajectoires d’engagement individuels (nos joies, nos tristesses ou difficultés) et les liens avec l’évolution de&#8230; <a class="excerpt-read-more button" href="https://aliso.fr/initiatives/evenements/groupe-pilotes-aubusson/" title="ReadGROUPE PILOTES &#8211; AUBUSSON">En savoir plus &raquo;</a></p>

<!-- This site is optimized with the Yoast SEO plugin v27.5 - https://yoast.com/product/yoast-seo-wordpress/ -->
<title>GROUPE PILOTES - AUBUSSON - Aliso Initiatives</title>
<meta name="robots" content="index, follow, max-snippet:-1, max-image-preview:large, max-video-preview:-1" />
<link rel="canonical" href="https://aliso.fr/initiatives/evenements/groupe-pilotes-aubusson/" />
<meta property="og:locale" content="fr_FR" />
<meta property="og:type" content="article" />
<meta property="og:title" content="GROUPE PILOTES - AUBUSSON - Aliso Initiatives" />
<meta property="og:description" content="Comment vit-on le travail associatif &amp; coopératif ?  Aliso propose des demi-journées en Creuse pour partager nos expériences du travail associatif et coopératif. Sous la forme d’ateliers collectifs “Petite histoire Grande Histoire”, un outil d’éducation populaire, nous pourrons regarder nos trajectoires d’engagement individuels (nos joies, nos tristesses ou difficultés) et les liens avec l’évolution de... En savoir plus &raquo;" />
<meta property="og:url" content="https://aliso.fr/initiatives/evenements/groupe-pilotes-aubusson/" />
<meta property="og:site_name" content="Aliso Initiatives" />
<meta property="article:modified_time" content="2024-04-17T11:16:36+00:00" />
<meta name="twitter:card" content="summary_large_image" />
<script type="application/ld+json" class="yoast-schema-graph">{"@context":"https:\/\/schema.org","@graph":[{"@type":"WebPage","@id":"https:\/\/aliso.fr\/initiatives\/evenements\/groupe-pilotes-aubusson\/","url":"https:\/\/aliso.fr\/initiatives\/evenements\/groupe-pilotes-aubusson\/","name":"GROUPE PILOTES - AUBUSSON - Aliso Initiatives","isPartOf":{"@id":"https:\/\/aliso.fr\/initiatives\/#website"},"datePublished":"2024-04-17T11:14:29+00:00","dateModified":"2024-04-17T11:16:36+00:00","breadcrumb":{"@id":"https:\/\/aliso.fr\/initiatives\/evenements\/groupe-pilotes-aubusson\/#breadcrumb"},"inLanguage":"fr-FR","potentialAction":[{"@type":"ReadAction","target":["https:\/\/aliso.fr\/initiatives\/evenements\/groupe-pilotes-aubusson\/"]}]},{"@type":"BreadcrumbList","@id":"https:\/\/aliso.fr\/initiatives\/evenements\/groupe-pilotes-aubusson\/#breadcrumb","itemListElement":[{"@type":"ListItem","position":1,"name":"Accueil","item":"https:\/\/aliso.fr\/initiatives\/"},{"@type":"ListItem","position":2,"name":"Évenements","item":"https:\/\/aliso.fr\/initiatives\/evenements\/"},{"@type":"ListItem","position":3,"name":"GROUPE PILOTES &#8211; AUBUSSON"}]},{"@type":"WebSite","@id":"https:\/\/aliso.fr\/initiatives\/#website","url":"https:\/\/aliso.fr\/initiatives\/","name":"Aliso Initiatives","description":"Réseau Creusois des acteurs du lien social","publisher":{"@id":"https:\/\/aliso.fr\/initiatives\/#organization"},"potentialAction":[{"@type":"SearchAction","target":{"@type":"EntryPoint","urlTemplate":"https:\/\/aliso.fr\/initiatives\/?s={search_term_string}"},"query-input":{"@type":"PropertyValueSpecification","valueRequired":true,"valueName":"search_term_string"}}],"inLanguage":"fr-FR"},{"@type":"Organization","@id":"https:\/\/aliso.fr\/initiatives\/#organization","name":"Aliso Initiatives","url":"https:\/\/aliso.fr\/initiatives\/","logo":{"@type":"ImageObject","inLanguage":"fr-FR","@id":"https:\/\/aliso.fr\/initiatives\/#\/schema\/logo\/image\/","url":"https:\/\/aliso.fr\/initiatives\/wp-content\/uploads\/sites\/2\/2022\/01\/Logo-ALISO-Initiatives-2.png","contentUrl":"https:\/\/aliso.fr\/initiatives\/wp-content\/uploads\/sites\/2\/2022\/01\/Logo-ALISO-Initiatives-2.png","width":900,"height":657,"caption":"Aliso Initiatives"},"image":{"@id":"https:\/\/aliso.fr\/initiatives\/#\/schema\/logo\/image\/"}}]}</script>
<!-- / Yoast SEO plugin. -->

Comment vit-on le travail associatif &amp; coopératif ?  Aliso propose des demi-journées en Creuse pour partager nos expériences du travail associatif et coopératif. Sous la forme d’ateliers collectifs “Petite histoire Grande Histoire”, un outil d’éducation populaire, nous pourrons regarder nos trajectoires d’engagement individuels (nos joies, nos tristesses ou difficultés) et les liens avec l’évolution de... En savoir plus &raquo;

Évenements

Réseau Creusois des acteurs du lien social
