{"id":3325,"date":"2024-11-04T11:02:07","date_gmt":"2024-11-04T10:02:07","guid":{"rendered":"https:\/\/aliso.fr\/initiatives\/evenements\/formation-developper-les-competences-psychosociales\/"},"modified":"2024-11-04T11:09:20","modified_gmt":"2024-11-04T10:09:20","slug":"formation-developper-les-competences-psychosociales","status":"publish","type":"mec-events","link":"https:\/\/aliso.fr\/initiatives\/evenements\/formation-developper-les-competences-psychosociales\/","title":{"rendered":"Formation D\u00e9velopper les comp\u00e9tences psychosociales"},"content":{"rendered":"<p>mettre en \u0153uvre des environnements et des actions favorisant le renforcement des comp\u00e9tences psychosociales (CPS).<\/p>\n<p>3 jours<br \/>\nObjectifs p\u00e9dagogiques :<\/p>\n<p>D\u00e9finir le concept des Comp\u00e9tences psychosociales (CPS)<br \/>\nD\u00e9crire les cons\u00e9quences du d\u00e9veloppement des CPS sur le bien-\u00eatre et les relations sociales<br \/>\nConstruire et animer des ateliers collectifs permettant l\u2019exercice des CPS<br \/>\nAdapter sa posture et ses pratiques quotidiennes pour soutenir le d\u00e9veloppement des CPS<\/p>\n<p>R\u00e9serv\u00e9 au r\u00e9seau ALISO<\/p>\n","protected":false},"excerpt":{"rendered":"<p>mettre en \u0153uvre des environnements et des actions favorisant le renforcement des comp\u00e9tences psychosociales (CPS). 3 jours Objectifs p\u00e9dagogiques : D\u00e9finir le concept des Comp\u00e9tences psychosociales (CPS) D\u00e9crire les cons\u00e9quences du d\u00e9veloppement des CPS sur le bien-\u00eatre et les relations sociales Construire et animer des ateliers collectifs permettant l\u2019exercice des CPS Adapter sa posture et&#8230; <a class=\"excerpt-read-more button\" href=\"https:\/\/aliso.fr\/initiatives\/evenements\/formation-developper-les-competences-psychosociales\/\" title=\"ReadFormation D\u00e9velopper les comp\u00e9tences psychosociales\">En savoir plus &raquo;<\/a><\/p>\n","protected":false},"author":2,"featured_media":3335,"comment_status":"closed","ping_status":"closed","template":"","tags":[],"mec_category":[],"class_list":["post-3325","mec-events","type-mec-events","status-publish","has-post-thumbnail","hentry"],"yoast_head":"<!-- This site is optimized with the Yoast SEO plugin v27.5 - https:\/\/yoast.com\/product\/yoast-seo-wordpress\/ -->\n<title>Formation D\u00e9velopper les comp\u00e9tences psychosociales - Aliso Initiatives<\/title>\n<meta name=\"robots\" content=\"index, follow, max-snippet:-1, max-image-preview:large, max-video-preview:-1\" \/>\n<link rel=\"canonical\" href=\"https:\/\/aliso.fr\/initiatives\/evenements\/formation-developper-les-competences-psychosociales\/\" \/>\n<meta property=\"og:locale\" content=\"fr_FR\" \/>\n<meta property=\"og:type\" content=\"article\" \/>\n<meta property=\"og:title\" content=\"Formation D\u00e9velopper les comp\u00e9tences psychosociales - Aliso Initiatives\" \/>\n<meta property=\"og:description\" content=\"mettre en \u0153uvre des environnements et des actions favorisant le renforcement des comp\u00e9tences psychosociales (CPS). 3 jours Objectifs p\u00e9dagogiques : D\u00e9finir le concept des Comp\u00e9tences psychosociales (CPS) D\u00e9crire les cons\u00e9quences du d\u00e9veloppement des CPS sur le bien-\u00eatre et les relations sociales Construire et animer des ateliers collectifs permettant l\u2019exercice des CPS Adapter sa posture et... En savoir plus &raquo;\" \/>\n<meta property=\"og:url\" content=\"https:\/\/aliso.fr\/initiatives\/evenements\/formation-developper-les-competences-psychosociales\/\" \/>\n<meta property=\"og:site_name\" content=\"Aliso Initiatives\" \/>\n<meta property=\"article:modified_time\" content=\"2024-11-04T10:09:20+00:00\" \/>\n<meta property=\"og:image\" content=\"https:\/\/aliso.fr\/initiatives\/wp-content\/uploads\/sites\/2\/\/2024\/11\/ALiso-frmation-edited.png\" \/>\n\t<meta property=\"og:image:width\" content=\"1\" \/>\n\t<meta property=\"og:image:height\" content=\"1\" \/>\n\t<meta property=\"og:image:type\" content=\"image\/png\" \/>\n<meta name=\"twitter:card\" content=\"summary_large_image\" \/>\n<script type=\"application\/ld+json\" class=\"yoast-schema-graph\">{\"@context\":\"https:\\\/\\\/schema.org\",\"@graph\":[{\"@type\":\"WebPage\",\"@id\":\"https:\\\/\\\/aliso.fr\\\/initiatives\\\/evenements\\\/formation-developper-les-competences-psychosociales\\\/\",\"url\":\"https:\\\/\\\/aliso.fr\\\/initiatives\\\/evenements\\\/formation-developper-les-competences-psychosociales\\\/\",\"name\":\"Formation D\u00e9velopper les comp\u00e9tences psychosociales - Aliso Initiatives\",\"isPartOf\":{\"@id\":\"https:\\\/\\\/aliso.fr\\\/initiatives\\\/#website\"},\"primaryImageOfPage\":{\"@id\":\"https:\\\/\\\/aliso.fr\\\/initiatives\\\/evenements\\\/formation-developper-les-competences-psychosociales\\\/#primaryimage\"},\"image\":{\"@id\":\"https:\\\/\\\/aliso.fr\\\/initiatives\\\/evenements\\\/formation-developper-les-competences-psychosociales\\\/#primaryimage\"},\"thumbnailUrl\":\"https:\\\/\\\/aliso.fr\\\/initiatives\\\/wp-content\\\/uploads\\\/sites\\\/2\\\/\\\/2024\\\/11\\\/ALiso-frmation-edited.png\",\"datePublished\":\"2024-11-04T10:02:07+00:00\",\"dateModified\":\"2024-11-04T10:09:20+00:00\",\"breadcrumb\":{\"@id\":\"https:\\\/\\\/aliso.fr\\\/initiatives\\\/evenements\\\/formation-developper-les-competences-psychosociales\\\/#breadcrumb\"},\"inLanguage\":\"fr-FR\",\"potentialAction\":[{\"@type\":\"ReadAction\",\"target\":[\"https:\\\/\\\/aliso.fr\\\/initiatives\\\/evenements\\\/formation-developper-les-competences-psychosociales\\\/\"]}]},{\"@type\":\"ImageObject\",\"inLanguage\":\"fr-FR\",\"@id\":\"https:\\\/\\\/aliso.fr\\\/initiatives\\\/evenements\\\/formation-developper-les-competences-psychosociales\\\/#primaryimage\",\"url\":\"https:\\\/\\\/aliso.fr\\\/initiatives\\\/wp-content\\\/uploads\\\/sites\\\/2\\\/\\\/2024\\\/11\\\/ALiso-frmation-edited.png\",\"contentUrl\":\"https:\\\/\\\/aliso.fr\\\/initiatives\\\/wp-content\\\/uploads\\\/sites\\\/2\\\/\\\/2024\\\/11\\\/ALiso-frmation-edited.png\"},{\"@type\":\"BreadcrumbList\",\"@id\":\"https:\\\/\\\/aliso.fr\\\/initiatives\\\/evenements\\\/formation-developper-les-competences-psychosociales\\\/#breadcrumb\",\"itemListElement\":[{\"@type\":\"ListItem\",\"position\":1,\"name\":\"Accueil\",\"item\":\"https:\\\/\\\/aliso.fr\\\/initiatives\\\/\"},{\"@type\":\"ListItem\",\"position\":2,\"name\":\"\u00c9venements\",\"item\":\"https:\\\/\\\/aliso.fr\\\/initiatives\\\/evenements\\\/\"},{\"@type\":\"ListItem\",\"position\":3,\"name\":\"Formation D\u00e9velopper les comp\u00e9tences psychosociales\"}]},{\"@type\":\"WebSite\",\"@id\":\"https:\\\/\\\/aliso.fr\\\/initiatives\\\/#website\",\"url\":\"https:\\\/\\\/aliso.fr\\\/initiatives\\\/\",\"name\":\"Aliso Initiatives\",\"description\":\"R\u00e9seau Creusois des acteurs du lien social\",\"publisher\":{\"@id\":\"https:\\\/\\\/aliso.fr\\\/initiatives\\\/#organization\"},\"potentialAction\":[{\"@type\":\"SearchAction\",\"target\":{\"@type\":\"EntryPoint\",\"urlTemplate\":\"https:\\\/\\\/aliso.fr\\\/initiatives\\\/?s={search_term_string}\"},\"query-input\":{\"@type\":\"PropertyValueSpecification\",\"valueRequired\":true,\"valueName\":\"search_term_string\"}}],\"inLanguage\":\"fr-FR\"},{\"@type\":\"Organization\",\"@id\":\"https:\\\/\\\/aliso.fr\\\/initiatives\\\/#organization\",\"name\":\"Aliso Initiatives\",\"url\":\"https:\\\/\\\/aliso.fr\\\/initiatives\\\/\",\"logo\":{\"@type\":\"ImageObject\",\"inLanguage\":\"fr-FR\",\"@id\":\"https:\\\/\\\/aliso.fr\\\/initiatives\\\/#\\\/schema\\\/logo\\\/image\\\/\",\"url\":\"https:\\\/\\\/aliso.fr\\\/initiatives\\\/wp-content\\\/uploads\\\/sites\\\/2\\\/2022\\\/01\\\/Logo-ALISO-Initiatives-2.png\",\"contentUrl\":\"https:\\\/\\\/aliso.fr\\\/initiatives\\\/wp-content\\\/uploads\\\/sites\\\/2\\\/2022\\\/01\\\/Logo-ALISO-Initiatives-2.png\",\"width\":900,\"height\":657,\"caption\":\"Aliso Initiatives\"},\"image\":{\"@id\":\"https:\\\/\\\/aliso.fr\\\/initiatives\\\/#\\\/schema\\\/logo\\\/image\\\/\"}}]}<\/script>\n<!-- \/ Yoast SEO plugin. -->","yoast_head_json":{"title":"Formation D\u00e9velopper les comp\u00e9tences psychosociales - Aliso Initiatives","robots":{"index":"index","follow":"follow","max-snippet":"max-snippet:-1","max-image-preview":"max-image-preview:large","max-video-preview":"max-video-preview:-1"},"canonical":"https:\/\/aliso.fr\/initiatives\/evenements\/formation-developper-les-competences-psychosociales\/","og_locale":"fr_FR","og_type":"article","og_title":"Formation D\u00e9velopper les comp\u00e9tences psychosociales - Aliso Initiatives","og_description":"mettre en \u0153uvre des environnements et des actions favorisant le renforcement des comp\u00e9tences psychosociales (CPS). 3 jours Objectifs p\u00e9dagogiques : D\u00e9finir le concept des Comp\u00e9tences psychosociales (CPS) D\u00e9crire les cons\u00e9quences du d\u00e9veloppement des CPS sur le bien-\u00eatre et les relations sociales Construire et animer des ateliers collectifs permettant l\u2019exercice des CPS Adapter sa posture et... En savoir plus &raquo;","og_url":"https:\/\/aliso.fr\/initiatives\/evenements\/formation-developper-les-competences-psychosociales\/","og_site_name":"Aliso Initiatives","article_modified_time":"2024-11-04T10:09:20+00:00","og_image":[{"url":"https:\/\/aliso.fr\/initiatives\/wp-content\/uploads\/sites\/2\/\/2024\/11\/ALiso-frmation-edited.png","width":1,"height":1,"type":"image\/png"}],"twitter_card":"summary_large_image","schema":{"@context":"https:\/\/schema.org","@graph":[{"@type":"WebPage","@id":"https:\/\/aliso.fr\/initiatives\/evenements\/formation-developper-les-competences-psychosociales\/","url":"https:\/\/aliso.fr\/initiatives\/evenements\/formation-developper-les-competences-psychosociales\/","name":"Formation D\u00e9velopper les comp\u00e9tences psychosociales - Aliso Initiatives","isPartOf":{"@id":"https:\/\/aliso.fr\/initiatives\/#website"},"primaryImageOfPage":{"@id":"https:\/\/aliso.fr\/initiatives\/evenements\/formation-developper-les-competences-psychosociales\/#primaryimage"},"image":{"@id":"https:\/\/aliso.fr\/initiatives\/evenements\/formation-developper-les-competences-psychosociales\/#primaryimage"},"thumbnailUrl":"https:\/\/aliso.fr\/initiatives\/wp-content\/uploads\/sites\/2\/\/2024\/11\/ALiso-frmation-edited.png","datePublished":"2024-11-04T10:02:07+00:00","dateModified":"2024-11-04T10:09:20+00:00","breadcrumb":{"@id":"https:\/\/aliso.fr\/initiatives\/evenements\/formation-developper-les-competences-psychosociales\/#breadcrumb"},"inLanguage":"fr-FR","potentialAction":[{"@type":"ReadAction","target":["https:\/\/aliso.fr\/initiatives\/evenements\/formation-developper-les-competences-psychosociales\/"]}]},{"@type":"ImageObject","inLanguage":"fr-FR","@id":"https:\/\/aliso.fr\/initiatives\/evenements\/formation-developper-les-competences-psychosociales\/#primaryimage","url":"https:\/\/aliso.fr\/initiatives\/wp-content\/uploads\/sites\/2\/\/2024\/11\/ALiso-frmation-edited.png","contentUrl":"https:\/\/aliso.fr\/initiatives\/wp-content\/uploads\/sites\/2\/\/2024\/11\/ALiso-frmation-edited.png"},{"@type":"BreadcrumbList","@id":"https:\/\/aliso.fr\/initiatives\/evenements\/formation-developper-les-competences-psychosociales\/#breadcrumb","itemListElement":[{"@type":"ListItem","position":1,"name":"Accueil","item":"https:\/\/aliso.fr\/initiatives\/"},{"@type":"ListItem","position":2,"name":"\u00c9venements","item":"https:\/\/aliso.fr\/initiatives\/evenements\/"},{"@type":"ListItem","position":3,"name":"Formation D\u00e9velopper les comp\u00e9tences psychosociales"}]},{"@type":"WebSite","@id":"https:\/\/aliso.fr\/initiatives\/#website","url":"https:\/\/aliso.fr\/initiatives\/","name":"Aliso Initiatives","description":"R\u00e9seau Creusois des acteurs du lien social","publisher":{"@id":"https:\/\/aliso.fr\/initiatives\/#organization"},"potentialAction":[{"@type":"SearchAction","target":{"@type":"EntryPoint","urlTemplate":"https:\/\/aliso.fr\/initiatives\/?s={search_term_string}"},"query-input":{"@type":"PropertyValueSpecification","valueRequired":true,"valueName":"search_term_string"}}],"inLanguage":"fr-FR"},{"@type":"Organization","@id":"https:\/\/aliso.fr\/initiatives\/#organization","name":"Aliso Initiatives","url":"https:\/\/aliso.fr\/initiatives\/","logo":{"@type":"ImageObject","inLanguage":"fr-FR","@id":"https:\/\/aliso.fr\/initiatives\/#\/schema\/logo\/image\/","url":"https:\/\/aliso.fr\/initiatives\/wp-content\/uploads\/sites\/2\/2022\/01\/Logo-ALISO-Initiatives-2.png","contentUrl":"https:\/\/aliso.fr\/initiatives\/wp-content\/uploads\/sites\/2\/2022\/01\/Logo-ALISO-Initiatives-2.png","width":900,"height":657,"caption":"Aliso Initiatives"},"image":{"@id":"https:\/\/aliso.fr\/initiatives\/#\/schema\/logo\/image\/"}}]}},"_links":{"self":[{"href":"https:\/\/aliso.fr\/initiatives\/wp-json\/wp\/v2\/mec-events\/3325","targetHints":{"allow":["GET"]}}],"collection":[{"href":"https:\/\/aliso.fr\/initiatives\/wp-json\/wp\/v2\/mec-events"}],"about":[{"href":"https:\/\/aliso.fr\/initiatives\/wp-json\/wp\/v2\/types\/mec-events"}],"author":[{"embeddable":true,"href":"https:\/\/aliso.fr\/initiatives\/wp-json\/wp\/v2\/users\/2"}],"replies":[{"embeddable":true,"href":"https:\/\/aliso.fr\/initiatives\/wp-json\/wp\/v2\/comments?post=3325"}],"wp:featuredmedia":[{"embeddable":true,"href":"https:\/\/aliso.fr\/initiatives\/wp-json\/wp\/v2\/media\/3335"}],"wp:attachment":[{"href":"https:\/\/aliso.fr\/initiatives\/wp-json\/wp\/v2\/media?parent=3325"}],"wp:term":[{"taxonomy":"post_tag","embeddable":true,"href":"https:\/\/aliso.fr\/initiatives\/wp-json\/wp\/v2\/tags?post=3325"},{"taxonomy":"mec_category","embeddable":true,"href":"https:\/\/aliso.fr\/initiatives\/wp-json\/wp\/v2\/mec_category?post=3325"}],"curies":[{"name":"wp","href":"https:\/\/api.w.org\/{rel}","templated":true}]}}

Formation Développer les compétences psychosociales

<p>mettre en œuvre des environnements et des actions favorisant le renforcement des compétences psychosociales (CPS).</p>
<p>3 jours<br />
Objectifs pédagogiques :</p>
<p>Définir le concept des Compétences psychosociales (CPS)<br />
Décrire les conséquences du développement des CPS sur le bien-être et les relations sociales<br />
Construire et animer des ateliers collectifs permettant l’exercice des CPS<br />
Adapter sa posture et ses pratiques quotidiennes pour soutenir le développement des CPS</p>
<p>Réservé au réseau ALISO</p>

<p>mettre en œuvre des environnements et des actions favorisant le renforcement des compétences psychosociales (CPS). 3 jours Objectifs pédagogiques : Définir le concept des Compétences psychosociales (CPS) Décrire les conséquences du développement des CPS sur le bien-être et les relations sociales Construire et animer des ateliers collectifs permettant l’exercice des CPS Adapter sa posture et&#8230; <a class="excerpt-read-more button" href="https://aliso.fr/initiatives/evenements/formation-developper-les-competences-psychosociales/" title="ReadFormation Développer les compétences psychosociales">En savoir plus &raquo;</a></p>

<!-- This site is optimized with the Yoast SEO plugin v27.5 - https://yoast.com/product/yoast-seo-wordpress/ -->
<title>Formation Développer les compétences psychosociales - Aliso Initiatives</title>
<meta name="robots" content="index, follow, max-snippet:-1, max-image-preview:large, max-video-preview:-1" />
<link rel="canonical" href="https://aliso.fr/initiatives/evenements/formation-developper-les-competences-psychosociales/" />
<meta property="og:locale" content="fr_FR" />
<meta property="og:type" content="article" />
<meta property="og:title" content="Formation Développer les compétences psychosociales - Aliso Initiatives" />
<meta property="og:description" content="mettre en œuvre des environnements et des actions favorisant le renforcement des compétences psychosociales (CPS). 3 jours Objectifs pédagogiques : Définir le concept des Compétences psychosociales (CPS) Décrire les conséquences du développement des CPS sur le bien-être et les relations sociales Construire et animer des ateliers collectifs permettant l’exercice des CPS Adapter sa posture et... En savoir plus &raquo;" />
<meta property="og:url" content="https://aliso.fr/initiatives/evenements/formation-developper-les-competences-psychosociales/" />
<meta property="og:site_name" content="Aliso Initiatives" />
<meta property="article:modified_time" content="2024-11-04T10:09:20+00:00" />
<meta property="og:image" content="https://aliso.fr/initiatives/wp-content/uploads/sites/2//2024/11/ALiso-frmation-edited.png" />
	<meta property="og:image:width" content="1" />
	<meta property="og:image:height" content="1" />
	<meta property="og:image:type" content="image/png" />
<meta name="twitter:card" content="summary_large_image" />
<script type="application/ld+json" class="yoast-schema-graph">{"@context":"https:\/\/schema.org","@graph":[{"@type":"WebPage","@id":"https:\/\/aliso.fr\/initiatives\/evenements\/formation-developper-les-competences-psychosociales\/","url":"https:\/\/aliso.fr\/initiatives\/evenements\/formation-developper-les-competences-psychosociales\/","name":"Formation Développer les compétences psychosociales - Aliso Initiatives","isPartOf":{"@id":"https:\/\/aliso.fr\/initiatives\/#website"},"primaryImageOfPage":{"@id":"https:\/\/aliso.fr\/initiatives\/evenements\/formation-developper-les-competences-psychosociales\/#primaryimage"},"image":{"@id":"https:\/\/aliso.fr\/initiatives\/evenements\/formation-developper-les-competences-psychosociales\/#primaryimage"},"thumbnailUrl":"https:\/\/aliso.fr\/initiatives\/wp-content\/uploads\/sites\/2\/\/2024\/11\/ALiso-frmation-edited.png","datePublished":"2024-11-04T10:02:07+00:00","dateModified":"2024-11-04T10:09:20+00:00","breadcrumb":{"@id":"https:\/\/aliso.fr\/initiatives\/evenements\/formation-developper-les-competences-psychosociales\/#breadcrumb"},"inLanguage":"fr-FR","potentialAction":[{"@type":"ReadAction","target":["https:\/\/aliso.fr\/initiatives\/evenements\/formation-developper-les-competences-psychosociales\/"]}]},{"@type":"ImageObject","inLanguage":"fr-FR","@id":"https:\/\/aliso.fr\/initiatives\/evenements\/formation-developper-les-competences-psychosociales\/#primaryimage","url":"https:\/\/aliso.fr\/initiatives\/wp-content\/uploads\/sites\/2\/\/2024\/11\/ALiso-frmation-edited.png","contentUrl":"https:\/\/aliso.fr\/initiatives\/wp-content\/uploads\/sites\/2\/\/2024\/11\/ALiso-frmation-edited.png"},{"@type":"BreadcrumbList","@id":"https:\/\/aliso.fr\/initiatives\/evenements\/formation-developper-les-competences-psychosociales\/#breadcrumb","itemListElement":[{"@type":"ListItem","position":1,"name":"Accueil","item":"https:\/\/aliso.fr\/initiatives\/"},{"@type":"ListItem","position":2,"name":"Évenements","item":"https:\/\/aliso.fr\/initiatives\/evenements\/"},{"@type":"ListItem","position":3,"name":"Formation Développer les compétences psychosociales"}]},{"@type":"WebSite","@id":"https:\/\/aliso.fr\/initiatives\/#website","url":"https:\/\/aliso.fr\/initiatives\/","name":"Aliso Initiatives","description":"Réseau Creusois des acteurs du lien social","publisher":{"@id":"https:\/\/aliso.fr\/initiatives\/#organization"},"potentialAction":[{"@type":"SearchAction","target":{"@type":"EntryPoint","urlTemplate":"https:\/\/aliso.fr\/initiatives\/?s={search_term_string}"},"query-input":{"@type":"PropertyValueSpecification","valueRequired":true,"valueName":"search_term_string"}}],"inLanguage":"fr-FR"},{"@type":"Organization","@id":"https:\/\/aliso.fr\/initiatives\/#organization","name":"Aliso Initiatives","url":"https:\/\/aliso.fr\/initiatives\/","logo":{"@type":"ImageObject","inLanguage":"fr-FR","@id":"https:\/\/aliso.fr\/initiatives\/#\/schema\/logo\/image\/","url":"https:\/\/aliso.fr\/initiatives\/wp-content\/uploads\/sites\/2\/2022\/01\/Logo-ALISO-Initiatives-2.png","contentUrl":"https:\/\/aliso.fr\/initiatives\/wp-content\/uploads\/sites\/2\/2022\/01\/Logo-ALISO-Initiatives-2.png","width":900,"height":657,"caption":"Aliso Initiatives"},"image":{"@id":"https:\/\/aliso.fr\/initiatives\/#\/schema\/logo\/image\/"}}]}</script>
<!-- / Yoast SEO plugin. -->

Formation Développer les compétences psychosociales - Aliso Initiatives

mettre en œuvre des environnements et des actions favorisant le renforcement des compétences psychosociales (CPS). 3 jours Objectifs pédagogiques : Définir le concept des Compétences psychosociales (CPS) Décrire les conséquences du développement des CPS sur le bien-être et les relations sociales Construire et animer des ateliers collectifs permettant l’exercice des CPS Adapter sa posture et... En savoir plus &raquo;

Évenements

Réseau Creusois des acteurs du lien social
