{"id":5,"date":"2021-10-11T17:14:51","date_gmt":"2021-10-11T15:14:51","guid":{"rendered":"https:\/\/aliso.fr\/initiatives\/?page_id=5"},"modified":"2024-05-17T08:52:30","modified_gmt":"2024-05-17T06:52:30","slug":"dla-creuse","status":"publish","type":"page","link":"https:\/\/aliso.fr\/initiatives\/dla-creuse\/","title":{"rendered":"Mobiliser un accompagnement \/ le DLA Creuse"},"content":{"rendered":"\n<figure class=\"wp-block-image\"><img loading=\"lazy\" decoding=\"async\" width=\"2072\" height=\"540\" src=\"https:\/\/aliso.fr\/initiatives\/wp-content\/uploads\/sites\/2\/2023\/02\/Logo-DLA23-inclu-fi-et-FSE.jpg\" alt=\"\" class=\"wp-image-2509\" srcset=\"https:\/\/aliso.fr\/initiatives\/wp-content\/uploads\/sites\/2\/2023\/02\/Logo-DLA23-inclu-fi-et-FSE.jpg 2072w, https:\/\/aliso.fr\/initiatives\/wp-content\/uploads\/sites\/2\/2023\/02\/Logo-DLA23-inclu-fi-et-FSE-300x78.jpg 300w, https:\/\/aliso.fr\/initiatives\/wp-content\/uploads\/sites\/2\/2023\/02\/Logo-DLA23-inclu-fi-et-FSE-1024x267.jpg 1024w, https:\/\/aliso.fr\/initiatives\/wp-content\/uploads\/sites\/2\/2023\/02\/Logo-DLA23-inclu-fi-et-FSE-768x200.jpg 768w, https:\/\/aliso.fr\/initiatives\/wp-content\/uploads\/sites\/2\/2023\/02\/Logo-DLA23-inclu-fi-et-FSE-1536x400.jpg 1536w, https:\/\/aliso.fr\/initiatives\/wp-content\/uploads\/sites\/2\/2023\/02\/Logo-DLA23-inclu-fi-et-FSE-2048x534.jpg 2048w, https:\/\/aliso.fr\/initiatives\/wp-content\/uploads\/sites\/2\/2023\/02\/Logo-DLA23-inclu-fi-et-FSE-1320x344.jpg 1320w\" sizes=\"auto, (max-width: 2072px) 100vw, 2072px\" \/><\/figure>\n\n\n\n<hr class=\"wp-block-separator has-css-opacity\" \/>\n\n\n\n<div class=\"wp-block-columns is-layout-flex wp-container-core-columns-is-layout-9d6595d7 wp-block-columns-is-layout-flex\">\n<div class=\"wp-block-column is-layout-flow wp-block-column-is-layout-flow\">\n<h2 class=\"wp-block-heading\">Le DLA, pour qui ?<\/h2>\n\n\n\n<p class=\"has-medium-font-size\">Le DLA est un programme national centr\u00e9 sur l&rsquo;accompagnement des <strong>associations employeuses<\/strong>, auxquels s&rsquo;ajoutent les coop\u00e9ratives, fondations et entreprises d&rsquo;utilit\u00e9 sociale employeuses. A la marge il peut intervenir aupr\u00e8s des structures en projet de cr\u00e9ation d&#8217;emploi.<\/p>\n\n\n\n<p class=\"has-medium-font-size\">Le DLA est mobilis\u00e9 par des structures sur la base du <strong>volontariat<\/strong>. Le respect de la <strong>confidentialit\u00e9 <\/strong>des \u00e9changes est assur\u00e9. Volontariat et confidentialit\u00e9 sont des \u00e9l\u00e9ments essentiels pour la r\u00e9ussite d&rsquo;une d\u00e9marche accompagn\u00e9e.<\/p>\n\n\n\n<blockquote class=\"wp-block-quote has-large-font-size is-layout-flow wp-block-quote-is-layout-flow\">\n<p><a href=\"https:\/\/www.info-dla.fr\/wp-content\/uploads\/2022\/02\/Avise_DLA_Plaquette-de-pr%C3%A9sentation-2022.pdf\" target=\"_blank\" rel=\"noreferrer noopener\">En savoir + sur le Dispositif national<\/a><\/p>\n<\/blockquote>\n<\/div>\n\n\n\n<div class=\"wp-block-column is-layout-flow wp-block-column-is-layout-flow\">\n<h2 class=\"wp-block-heading\">Le DLA, pour quoi ?<\/h2>\n\n\n\n<p class=\"has-medium-font-size\"><em><strong>Vous souhaitez  :<\/strong><\/em> <\/p>\n\n\n\n<p class=\"has-medium-font-size\">&gt; engager une \u00e9volution de votre organisation,<br>&gt; un d\u00e9veloppement de vos activit\u00e9s,<br>&gt; remobiliser vos partenaires,<br>&gt; renouveler et partager votre strat\u00e9gie,<br>&gt; am\u00e9liorer votre fonctionnement associatif <br>&gt; am\u00e9liorer votre \u00e9quilibre \u00e9conomique <\/p>\n\n\n\n<p class=\"has-medium-font-size\">&#8230; <strong><em>Le DLA est fait pour vous !<\/em> <\/strong><\/p>\n\n\n\n<p class=\"has-medium-font-size\">Il peut \u00eatre mobilis\u00e9 pour beaucoup de sujets, depuis l&rsquo;outillage comptable et juridique jusqu&rsquo;\u00e0 la m\u00e9diation et l&rsquo;animation de collectifs.<\/p>\n\n\n\n<p class=\"has-medium-font-size\">Le DLA accompagne, la structure reste porteuse de ses \u00e9volutions !<\/p>\n<\/div>\n\n\n\n<div class=\"wp-block-column is-layout-flow wp-block-column-is-layout-flow\">\n<h2 class=\"wp-block-heading\"><a href=\"https:\/\/www.youtube.com\/watch?v=vxn2_7Xj0W0\" target=\"_blank\" rel=\"noreferrer noopener\">Le DLA, comment ?<\/a><\/h2>\n\n\n\n<blockquote class=\"wp-block-quote is-style-default has-medium-font-size is-layout-flow wp-block-quote-is-layout-flow\">\n<p><strong>Contact DLA Creuse : <br>&#x70;&#x61;&#115;&#99;&#97;l&#x62;&#x6f;&#x75;&#115;&#115;o&#64;&#x61;&#x6c;&#x69;&#115;&#111;&#46;&#x66;&#x72; <br>Tel. 06 75 93 70 77<\/strong><\/p>\n<\/blockquote>\n\n\n\n<p class=\"has-medium-font-size\">Le DLA est un accompagnement par \u00e9tapes, qui s&rsquo;adresse \u00e0 l&rsquo;ensemble de la structure<\/p>\n\n\n\n<p class=\"has-medium-font-size\"><em>Etape 1<\/em> : Accueil, analyse de la demande par le r\u00e9f\u00e9rent DLA Creuse.<\/p>\n\n\n\n<p class=\"has-medium-font-size\"><em>Etapes 2 &amp; 3<\/em>  : Co-\u00e9laboration d&rsquo;un projet d&rsquo;\u00e9volution, sur la base d&rsquo;un diagnostic global pour rep\u00e9rer les leviers et les freins au projet.<\/p>\n\n\n\n<p class=\"has-medium-font-size\"><em>Etape 4<\/em> : Mise en oeuvre du chantier d&rsquo;\u00e9volutions, \u00e9ventuellement accompagn\u00e9 par un intervenant DLA Sp\u00e9cialis\u00e9 . Cette phase peut durer de 3 \u00e0 12 mois.<\/p>\n\n\n\n<p class=\"has-medium-font-size\"><em>Etape 5 <\/em>: Bilan des \u00e9volutions engag\u00e9es \/ Perspectives sur les axes de travail \u00e0 mener.<\/p>\n<\/div>\n<\/div>\n\n\n\n<hr class=\"wp-block-separator has-css-opacity\" \/>\n\n\n\n<figure class=\"wp-block-image\"><img loading=\"lazy\" decoding=\"async\" width=\"1424\" height=\"588\" src=\"https:\/\/aliso.fr\/initiatives\/wp-content\/uploads\/sites\/2\/2022\/04\/Parcours-accompagnement.png\" alt=\"\" class=\"wp-image-1846\" srcset=\"https:\/\/aliso.fr\/initiatives\/wp-content\/uploads\/sites\/2\/2022\/04\/Parcours-accompagnement.png 1424w, https:\/\/aliso.fr\/initiatives\/wp-content\/uploads\/sites\/2\/2022\/04\/Parcours-accompagnement-300x124.png 300w, https:\/\/aliso.fr\/initiatives\/wp-content\/uploads\/sites\/2\/2022\/04\/Parcours-accompagnement-1024x423.png 1024w, https:\/\/aliso.fr\/initiatives\/wp-content\/uploads\/sites\/2\/2022\/04\/Parcours-accompagnement-768x317.png 768w\" sizes=\"auto, (max-width: 1424px) 100vw, 1424px\" \/><\/figure>\n\n\n\n<p><\/p>\n","protected":false},"excerpt":{"rendered":"<p>Le DLA, pour qui ? Le DLA est un programme national centr\u00e9 sur l&rsquo;accompagnement des associations employeuses, auxquels s&rsquo;ajoutent les coop\u00e9ratives, fondations et entreprises d&rsquo;utilit\u00e9 sociale employeuses. A la marge il peut intervenir aupr\u00e8s des structures en projet de cr\u00e9ation d&#8217;emploi. Le DLA est mobilis\u00e9 par des structures sur la base du volontariat. Le respect&#8230; <a class=\"excerpt-read-more button\" href=\"https:\/\/aliso.fr\/initiatives\/dla-creuse\/\" title=\"ReadMobiliser un accompagnement \/ le DLA Creuse\">En savoir plus &raquo;<\/a><\/p>\n","protected":false},"author":5,"featured_media":1801,"parent":0,"menu_order":0,"comment_status":"closed","ping_status":"closed","template":"","meta":{"footnotes":""},"class_list":["post-5","page","type-page","status-publish","has-post-thumbnail","hentry"],"yoast_head":"<!-- This site is optimized with the Yoast SEO plugin v27.6 - https:\/\/yoast.com\/product\/yoast-seo-wordpress\/ -->\n<title>Mobiliser un accompagnement \/ le DLA Creuse - Aliso Initiatives<\/title>\n<meta name=\"description\" content=\"Le dispositif local d&#039;accompagnement de Creuse est port\u00e9 par ALISO. C&#039;est un programme national pour accompagner des structures employeuses.\" \/>\n<meta name=\"robots\" content=\"index, follow, max-snippet:-1, max-image-preview:large, max-video-preview:-1\" \/>\n<link rel=\"canonical\" href=\"https:\/\/aliso.fr\/initiatives\/dla-creuse\/\" \/>\n<meta property=\"og:locale\" content=\"fr_FR\" \/>\n<meta property=\"og:type\" content=\"article\" \/>\n<meta property=\"og:title\" content=\"Mobiliser un accompagnement \/ le DLA Creuse - Aliso Initiatives\" \/>\n<meta property=\"og:description\" content=\"Le dispositif local d&#039;accompagnement de Creuse est port\u00e9 par ALISO. C&#039;est un programme national pour accompagner des structures employeuses.\" \/>\n<meta property=\"og:url\" content=\"https:\/\/aliso.fr\/initiatives\/dla-creuse\/\" \/>\n<meta property=\"og:site_name\" content=\"Aliso Initiatives\" \/>\n<meta property=\"article:modified_time\" content=\"2024-05-17T06:52:30+00:00\" \/>\n<meta property=\"og:image\" content=\"https:\/\/aliso.fr\/initiatives\/wp-content\/uploads\/sites\/2\/2022\/03\/DLA23.png\" \/>\n\t<meta property=\"og:image:width\" content=\"856\" \/>\n\t<meta property=\"og:image:height\" content=\"259\" \/>\n\t<meta property=\"og:image:type\" content=\"image\/png\" \/>\n<meta name=\"twitter:card\" content=\"summary_large_image\" \/>\n<script type=\"application\/ld+json\" class=\"yoast-schema-graph\">{\"@context\":\"https:\\\/\\\/schema.org\",\"@graph\":[{\"@type\":\"WebPage\",\"@id\":\"https:\\\/\\\/aliso.fr\\\/initiatives\\\/dla-creuse\\\/\",\"url\":\"https:\\\/\\\/aliso.fr\\\/initiatives\\\/dla-creuse\\\/\",\"name\":\"Mobiliser un accompagnement \\\/ le DLA Creuse - Aliso Initiatives\",\"isPartOf\":{\"@id\":\"https:\\\/\\\/aliso.fr\\\/initiatives\\\/#website\"},\"primaryImageOfPage\":{\"@id\":\"https:\\\/\\\/aliso.fr\\\/initiatives\\\/dla-creuse\\\/#primaryimage\"},\"image\":{\"@id\":\"https:\\\/\\\/aliso.fr\\\/initiatives\\\/dla-creuse\\\/#primaryimage\"},\"thumbnailUrl\":\"https:\\\/\\\/aliso.fr\\\/initiatives\\\/wp-content\\\/uploads\\\/sites\\\/2\\\/2022\\\/03\\\/DLA23.png\",\"datePublished\":\"2021-10-11T15:14:51+00:00\",\"dateModified\":\"2024-05-17T06:52:30+00:00\",\"description\":\"Le dispositif local d'accompagnement de Creuse est port\u00e9 par ALISO. C'est un programme national pour accompagner des structures employeuses.\",\"breadcrumb\":{\"@id\":\"https:\\\/\\\/aliso.fr\\\/initiatives\\\/dla-creuse\\\/#breadcrumb\"},\"inLanguage\":\"fr-FR\",\"potentialAction\":[{\"@type\":\"ReadAction\",\"target\":[\"https:\\\/\\\/aliso.fr\\\/initiatives\\\/dla-creuse\\\/\"]}]},{\"@type\":\"ImageObject\",\"inLanguage\":\"fr-FR\",\"@id\":\"https:\\\/\\\/aliso.fr\\\/initiatives\\\/dla-creuse\\\/#primaryimage\",\"url\":\"https:\\\/\\\/aliso.fr\\\/initiatives\\\/wp-content\\\/uploads\\\/sites\\\/2\\\/2022\\\/03\\\/DLA23.png\",\"contentUrl\":\"https:\\\/\\\/aliso.fr\\\/initiatives\\\/wp-content\\\/uploads\\\/sites\\\/2\\\/2022\\\/03\\\/DLA23.png\",\"width\":856,\"height\":259},{\"@type\":\"BreadcrumbList\",\"@id\":\"https:\\\/\\\/aliso.fr\\\/initiatives\\\/dla-creuse\\\/#breadcrumb\",\"itemListElement\":[{\"@type\":\"ListItem\",\"position\":1,\"name\":\"Accueil\",\"item\":\"https:\\\/\\\/aliso.fr\\\/initiatives\\\/\"},{\"@type\":\"ListItem\",\"position\":2,\"name\":\"Mobiliser un accompagnement \\\/ le DLA Creuse\"}]},{\"@type\":\"WebSite\",\"@id\":\"https:\\\/\\\/aliso.fr\\\/initiatives\\\/#website\",\"url\":\"https:\\\/\\\/aliso.fr\\\/initiatives\\\/\",\"name\":\"Aliso Initiatives\",\"description\":\"R\u00e9seau Creusois des acteurs du lien social\",\"publisher\":{\"@id\":\"https:\\\/\\\/aliso.fr\\\/initiatives\\\/#organization\"},\"potentialAction\":[{\"@type\":\"SearchAction\",\"target\":{\"@type\":\"EntryPoint\",\"urlTemplate\":\"https:\\\/\\\/aliso.fr\\\/initiatives\\\/?s={search_term_string}\"},\"query-input\":{\"@type\":\"PropertyValueSpecification\",\"valueRequired\":true,\"valueName\":\"search_term_string\"}}],\"inLanguage\":\"fr-FR\"},{\"@type\":\"Organization\",\"@id\":\"https:\\\/\\\/aliso.fr\\\/initiatives\\\/#organization\",\"name\":\"Aliso Initiatives\",\"url\":\"https:\\\/\\\/aliso.fr\\\/initiatives\\\/\",\"logo\":{\"@type\":\"ImageObject\",\"inLanguage\":\"fr-FR\",\"@id\":\"https:\\\/\\\/aliso.fr\\\/initiatives\\\/#\\\/schema\\\/logo\\\/image\\\/\",\"url\":\"https:\\\/\\\/aliso.fr\\\/initiatives\\\/wp-content\\\/uploads\\\/sites\\\/2\\\/2022\\\/01\\\/Logo-ALISO-Initiatives-2.png\",\"contentUrl\":\"https:\\\/\\\/aliso.fr\\\/initiatives\\\/wp-content\\\/uploads\\\/sites\\\/2\\\/2022\\\/01\\\/Logo-ALISO-Initiatives-2.png\",\"width\":900,\"height\":657,\"caption\":\"Aliso Initiatives\"},\"image\":{\"@id\":\"https:\\\/\\\/aliso.fr\\\/initiatives\\\/#\\\/schema\\\/logo\\\/image\\\/\"}}]}<\/script>\n<!-- \/ Yoast SEO plugin. -->","yoast_head_json":{"title":"Mobiliser un accompagnement \/ le DLA Creuse - Aliso Initiatives","description":"Le dispositif local d'accompagnement de Creuse est port\u00e9 par ALISO. C'est un programme national pour accompagner des structures employeuses.","robots":{"index":"index","follow":"follow","max-snippet":"max-snippet:-1","max-image-preview":"max-image-preview:large","max-video-preview":"max-video-preview:-1"},"canonical":"https:\/\/aliso.fr\/initiatives\/dla-creuse\/","og_locale":"fr_FR","og_type":"article","og_title":"Mobiliser un accompagnement \/ le DLA Creuse - Aliso Initiatives","og_description":"Le dispositif local d'accompagnement de Creuse est port\u00e9 par ALISO. C'est un programme national pour accompagner des structures employeuses.","og_url":"https:\/\/aliso.fr\/initiatives\/dla-creuse\/","og_site_name":"Aliso Initiatives","article_modified_time":"2024-05-17T06:52:30+00:00","og_image":[{"width":856,"height":259,"url":"https:\/\/aliso.fr\/initiatives\/wp-content\/uploads\/sites\/2\/2022\/03\/DLA23.png","type":"image\/png"}],"twitter_card":"summary_large_image","schema":{"@context":"https:\/\/schema.org","@graph":[{"@type":"WebPage","@id":"https:\/\/aliso.fr\/initiatives\/dla-creuse\/","url":"https:\/\/aliso.fr\/initiatives\/dla-creuse\/","name":"Mobiliser un accompagnement \/ le DLA Creuse - Aliso Initiatives","isPartOf":{"@id":"https:\/\/aliso.fr\/initiatives\/#website"},"primaryImageOfPage":{"@id":"https:\/\/aliso.fr\/initiatives\/dla-creuse\/#primaryimage"},"image":{"@id":"https:\/\/aliso.fr\/initiatives\/dla-creuse\/#primaryimage"},"thumbnailUrl":"https:\/\/aliso.fr\/initiatives\/wp-content\/uploads\/sites\/2\/2022\/03\/DLA23.png","datePublished":"2021-10-11T15:14:51+00:00","dateModified":"2024-05-17T06:52:30+00:00","description":"Le dispositif local d'accompagnement de Creuse est port\u00e9 par ALISO. C'est un programme national pour accompagner des structures employeuses.","breadcrumb":{"@id":"https:\/\/aliso.fr\/initiatives\/dla-creuse\/#breadcrumb"},"inLanguage":"fr-FR","potentialAction":[{"@type":"ReadAction","target":["https:\/\/aliso.fr\/initiatives\/dla-creuse\/"]}]},{"@type":"ImageObject","inLanguage":"fr-FR","@id":"https:\/\/aliso.fr\/initiatives\/dla-creuse\/#primaryimage","url":"https:\/\/aliso.fr\/initiatives\/wp-content\/uploads\/sites\/2\/2022\/03\/DLA23.png","contentUrl":"https:\/\/aliso.fr\/initiatives\/wp-content\/uploads\/sites\/2\/2022\/03\/DLA23.png","width":856,"height":259},{"@type":"BreadcrumbList","@id":"https:\/\/aliso.fr\/initiatives\/dla-creuse\/#breadcrumb","itemListElement":[{"@type":"ListItem","position":1,"name":"Accueil","item":"https:\/\/aliso.fr\/initiatives\/"},{"@type":"ListItem","position":2,"name":"Mobiliser un accompagnement \/ le DLA Creuse"}]},{"@type":"WebSite","@id":"https:\/\/aliso.fr\/initiatives\/#website","url":"https:\/\/aliso.fr\/initiatives\/","name":"Aliso Initiatives","description":"R\u00e9seau Creusois des acteurs du lien social","publisher":{"@id":"https:\/\/aliso.fr\/initiatives\/#organization"},"potentialAction":[{"@type":"SearchAction","target":{"@type":"EntryPoint","urlTemplate":"https:\/\/aliso.fr\/initiatives\/?s={search_term_string}"},"query-input":{"@type":"PropertyValueSpecification","valueRequired":true,"valueName":"search_term_string"}}],"inLanguage":"fr-FR"},{"@type":"Organization","@id":"https:\/\/aliso.fr\/initiatives\/#organization","name":"Aliso Initiatives","url":"https:\/\/aliso.fr\/initiatives\/","logo":{"@type":"ImageObject","inLanguage":"fr-FR","@id":"https:\/\/aliso.fr\/initiatives\/#\/schema\/logo\/image\/","url":"https:\/\/aliso.fr\/initiatives\/wp-content\/uploads\/sites\/2\/2022\/01\/Logo-ALISO-Initiatives-2.png","contentUrl":"https:\/\/aliso.fr\/initiatives\/wp-content\/uploads\/sites\/2\/2022\/01\/Logo-ALISO-Initiatives-2.png","width":900,"height":657,"caption":"Aliso Initiatives"},"image":{"@id":"https:\/\/aliso.fr\/initiatives\/#\/schema\/logo\/image\/"}}]}},"_links":{"self":[{"href":"https:\/\/aliso.fr\/initiatives\/wp-json\/wp\/v2\/pages\/5","targetHints":{"allow":["GET"]}}],"collection":[{"href":"https:\/\/aliso.fr\/initiatives\/wp-json\/wp\/v2\/pages"}],"about":[{"href":"https:\/\/aliso.fr\/initiatives\/wp-json\/wp\/v2\/types\/page"}],"author":[{"embeddable":true,"href":"https:\/\/aliso.fr\/initiatives\/wp-json\/wp\/v2\/users\/5"}],"replies":[{"embeddable":true,"href":"https:\/\/aliso.fr\/initiatives\/wp-json\/wp\/v2\/comments?post=5"}],"version-history":[{"count":5,"href":"https:\/\/aliso.fr\/initiatives\/wp-json\/wp\/v2\/pages\/5\/revisions"}],"predecessor-version":[{"id":3168,"href":"https:\/\/aliso.fr\/initiatives\/wp-json\/wp\/v2\/pages\/5\/revisions\/3168"}],"wp:featuredmedia":[{"embeddable":true,"href":"https:\/\/aliso.fr\/initiatives\/wp-json\/wp\/v2\/media\/1801"}],"wp:attachment":[{"href":"https:\/\/aliso.fr\/initiatives\/wp-json\/wp\/v2\/media?parent=5"}],"curies":[{"name":"wp","href":"https:\/\/api.w.org\/{rel}","templated":true}]}}