{"id":2518,"date":"2022-10-27T17:44:41","date_gmt":"2022-10-27T15:44:41","guid":{"rendered":"https:\/\/aliso.fr\/jeunes\/evenements\/temps-collectif-fdva-1\/"},"modified":"2022-12-12T09:53:24","modified_gmt":"2022-12-12T08:53:24","slug":"temps-collectif-fdva-1","status":"publish","type":"mec-events","link":"https:\/\/aliso.fr\/jeunes\/evenements\/temps-collectif-fdva-1\/","title":{"rendered":"Temps collectif Lancer la formation de ses b\u00e9n\u00e9voles en 2023 !"},"content":{"rendered":"<p><img loading=\"lazy\" decoding=\"async\" class=\"alignnone size-medium wp-image-647\" src=\"https:\/\/aliso.fr\/wp-content\/uploads\/2022\/10\/mains-benevoles-300x153.jpg\" alt=\"\" width=\"300\" height=\"153\" \/><\/p>\n<p>L&rsquo;\u00e9quipe d&rsquo;Aliso Initiatives vous propose de se retrouver le 5 janvier 2023 \u00e0 partir de 10h (possibilit\u00e9 de venir seulement l&rsquo;apr\u00e8s-midi) pour un temps collectif autour de la formation des b\u00e9n\u00e9voles et ainsi autour de la subvention FDVA 1 (Fond pour le d\u00e9veloppement de la vie associative) qui a pour but de soutenir la formation des b\u00e9n\u00e9voles.<\/p>\n<p>Charlotte Marchive pour la DSDEN de la Creuse ainsi que Val\u00e9rie Chezeaud pour Guid&rsquo;Asso seront pr\u00e9sentes.<\/p>\n<p>Alors, vous faites partie d&rsquo;une association ? Vous \u00eates b\u00e9n\u00e9voles ou \u00eates en lien avec des b\u00e9n\u00e9voles ? Participez \u00e0 ce temps de r\u00e9flexions autour de la formation des b\u00e9n\u00e9voles. L&rsquo;\u00e9change de pratiques et de savoirs seront au rendez-vous.<\/p>\n<p>N&rsquo;h\u00e9sitez pas \u00e0 faire conna\u00eetre votre participation aupr\u00e8s de Pauline Michon via &#x70;&#x61;&#x75;&#x6c;&#x69;&#x6e;&#x65;&#x6d;&#x69;&#x63;&#x68;&#x6f;&#x6e;&#x40;&#x61;&#x6c;&#x69;&#x73;&#x6f;&#x2e;&#x66;&#x72; !<\/p>\n","protected":false},"excerpt":{"rendered":"<p>L&rsquo;\u00e9quipe d&rsquo;Aliso Initiatives vous propose de se retrouver le 5 janvier 2023 \u00e0 partir de 10h (possibilit\u00e9 de venir seulement l&rsquo;apr\u00e8s-midi) pour un temps collectif autour de la formation des b\u00e9n\u00e9voles et ainsi autour de la subvention FDVA 1 (Fond pour le d\u00e9veloppement de la vie associative) qui a pour but de soutenir la formation&#8230; <a class=\"excerpt-read-more button\" href=\"https:\/\/aliso.fr\/jeunes\/evenements\/temps-collectif-fdva-1\/\" title=\"ReadTemps collectif Lancer la formation de ses b\u00e9n\u00e9voles en 2023 !\">En savoir plus &raquo;<\/a><\/p>\n","protected":false},"author":7,"featured_media":2540,"comment_status":"closed","ping_status":"closed","template":"","tags":[],"mec_category":[],"class_list":["post-2518","mec-events","type-mec-events","status-publish","has-post-thumbnail","hentry"],"yoast_head":"<!-- This site is optimized with the Yoast SEO plugin v27.5 - https:\/\/yoast.com\/product\/yoast-seo-wordpress\/ -->\n<title>Temps collectif Lancer la formation de ses b\u00e9n\u00e9voles en 2023 ! - Aliso Jeunes<\/title>\n<meta name=\"robots\" content=\"index, follow, max-snippet:-1, max-image-preview:large, max-video-preview:-1\" \/>\n<link rel=\"canonical\" href=\"https:\/\/aliso.fr\/jeunes\/evenements\/temps-collectif-fdva-1\/\" \/>\n<meta property=\"og:locale\" content=\"fr_FR\" \/>\n<meta property=\"og:type\" content=\"article\" \/>\n<meta property=\"og:title\" content=\"Temps collectif Lancer la formation de ses b\u00e9n\u00e9voles en 2023 ! - Aliso Jeunes\" \/>\n<meta property=\"og:description\" content=\"L&rsquo;\u00e9quipe d&rsquo;Aliso Initiatives vous propose de se retrouver le 5 janvier 2023 \u00e0 partir de 10h (possibilit\u00e9 de venir seulement l&rsquo;apr\u00e8s-midi) pour un temps collectif autour de la formation des b\u00e9n\u00e9voles et ainsi autour de la subvention FDVA 1 (Fond pour le d\u00e9veloppement de la vie associative) qui a pour but de soutenir la formation... En savoir plus &raquo;\" \/>\n<meta property=\"og:url\" content=\"https:\/\/aliso.fr\/jeunes\/evenements\/temps-collectif-fdva-1\/\" \/>\n<meta property=\"og:site_name\" content=\"Aliso Jeunes\" \/>\n<meta property=\"article:modified_time\" content=\"2022-12-12T08:53:24+00:00\" \/>\n<meta name=\"twitter:card\" content=\"summary_large_image\" \/>\n<script type=\"application\/ld+json\" class=\"yoast-schema-graph\">{\"@context\":\"https:\\\/\\\/schema.org\",\"@graph\":[{\"@type\":\"WebPage\",\"@id\":\"https:\\\/\\\/aliso.fr\\\/jeunes\\\/evenements\\\/temps-collectif-fdva-1\\\/\",\"url\":\"https:\\\/\\\/aliso.fr\\\/jeunes\\\/evenements\\\/temps-collectif-fdva-1\\\/\",\"name\":\"Temps collectif Lancer la formation de ses b\u00e9n\u00e9voles en 2023 ! - Aliso Jeunes\",\"isPartOf\":{\"@id\":\"https:\\\/\\\/aliso.fr\\\/jeunes\\\/#website\"},\"primaryImageOfPage\":{\"@id\":\"https:\\\/\\\/aliso.fr\\\/jeunes\\\/evenements\\\/temps-collectif-fdva-1\\\/#primaryimage\"},\"image\":{\"@id\":\"https:\\\/\\\/aliso.fr\\\/jeunes\\\/evenements\\\/temps-collectif-fdva-1\\\/#primaryimage\"},\"thumbnailUrl\":\"https:\\\/\\\/aliso.fr\\\/jeunes\\\/wp-content\\\/uploads\\\/sites\\\/3\\\/\\\/2022\\\/12\\\/mains-benevoles.jpg\",\"datePublished\":\"2022-10-27T15:44:41+00:00\",\"dateModified\":\"2022-12-12T08:53:24+00:00\",\"breadcrumb\":{\"@id\":\"https:\\\/\\\/aliso.fr\\\/jeunes\\\/evenements\\\/temps-collectif-fdva-1\\\/#breadcrumb\"},\"inLanguage\":\"fr-FR\",\"potentialAction\":[{\"@type\":\"ReadAction\",\"target\":[\"https:\\\/\\\/aliso.fr\\\/jeunes\\\/evenements\\\/temps-collectif-fdva-1\\\/\"]}]},{\"@type\":\"ImageObject\",\"inLanguage\":\"fr-FR\",\"@id\":\"https:\\\/\\\/aliso.fr\\\/jeunes\\\/evenements\\\/temps-collectif-fdva-1\\\/#primaryimage\",\"url\":\"https:\\\/\\\/aliso.fr\\\/jeunes\\\/wp-content\\\/uploads\\\/sites\\\/3\\\/\\\/2022\\\/12\\\/mains-benevoles.jpg\",\"contentUrl\":\"https:\\\/\\\/aliso.fr\\\/jeunes\\\/wp-content\\\/uploads\\\/sites\\\/3\\\/\\\/2022\\\/12\\\/mains-benevoles.jpg\"},{\"@type\":\"BreadcrumbList\",\"@id\":\"https:\\\/\\\/aliso.fr\\\/jeunes\\\/evenements\\\/temps-collectif-fdva-1\\\/#breadcrumb\",\"itemListElement\":[{\"@type\":\"ListItem\",\"position\":1,\"name\":\"Accueil\",\"item\":\"https:\\\/\\\/aliso.fr\\\/jeunes\\\/\"},{\"@type\":\"ListItem\",\"position\":2,\"name\":\"\u00c9venements\",\"item\":\"https:\\\/\\\/aliso.fr\\\/jeunes\\\/evenements\\\/\"},{\"@type\":\"ListItem\",\"position\":3,\"name\":\"Temps collectif FDVA 1\"}]},{\"@type\":\"WebSite\",\"@id\":\"https:\\\/\\\/aliso.fr\\\/jeunes\\\/#website\",\"url\":\"https:\\\/\\\/aliso.fr\\\/jeunes\\\/\",\"name\":\"Aliso Jeunes\",\"description\":\"R\u00e9seau Creusois des acteurs du lien social\",\"publisher\":{\"@id\":\"https:\\\/\\\/aliso.fr\\\/jeunes\\\/#organization\"},\"potentialAction\":[{\"@type\":\"SearchAction\",\"target\":{\"@type\":\"EntryPoint\",\"urlTemplate\":\"https:\\\/\\\/aliso.fr\\\/jeunes\\\/?s={search_term_string}\"},\"query-input\":{\"@type\":\"PropertyValueSpecification\",\"valueRequired\":true,\"valueName\":\"search_term_string\"}}],\"inLanguage\":\"fr-FR\"},{\"@type\":\"Organization\",\"@id\":\"https:\\\/\\\/aliso.fr\\\/jeunes\\\/#organization\",\"name\":\"Aliso Jeunes\",\"url\":\"https:\\\/\\\/aliso.fr\\\/jeunes\\\/\",\"logo\":{\"@type\":\"ImageObject\",\"inLanguage\":\"fr-FR\",\"@id\":\"https:\\\/\\\/aliso.fr\\\/jeunes\\\/#\\\/schema\\\/logo\\\/image\\\/\",\"url\":\"https:\\\/\\\/aliso.fr\\\/jeunes\\\/wp-content\\\/uploads\\\/sites\\\/3\\\/2022\\\/01\\\/Logo-ALISO-jeunes-couleur.png\",\"contentUrl\":\"https:\\\/\\\/aliso.fr\\\/jeunes\\\/wp-content\\\/uploads\\\/sites\\\/3\\\/2022\\\/01\\\/Logo-ALISO-jeunes-couleur.png\",\"width\":341,\"height\":392,\"caption\":\"Aliso Jeunes\"},\"image\":{\"@id\":\"https:\\\/\\\/aliso.fr\\\/jeunes\\\/#\\\/schema\\\/logo\\\/image\\\/\"}}]}<\/script>\n<!-- \/ Yoast SEO plugin. -->","yoast_head_json":{"title":"Temps collectif Lancer la formation de ses b\u00e9n\u00e9voles en 2023 ! - Aliso Jeunes","robots":{"index":"index","follow":"follow","max-snippet":"max-snippet:-1","max-image-preview":"max-image-preview:large","max-video-preview":"max-video-preview:-1"},"canonical":"https:\/\/aliso.fr\/jeunes\/evenements\/temps-collectif-fdva-1\/","og_locale":"fr_FR","og_type":"article","og_title":"Temps collectif Lancer la formation de ses b\u00e9n\u00e9voles en 2023 ! - Aliso Jeunes","og_description":"L&rsquo;\u00e9quipe d&rsquo;Aliso Initiatives vous propose de se retrouver le 5 janvier 2023 \u00e0 partir de 10h (possibilit\u00e9 de venir seulement l&rsquo;apr\u00e8s-midi) pour un temps collectif autour de la formation des b\u00e9n\u00e9voles et ainsi autour de la subvention FDVA 1 (Fond pour le d\u00e9veloppement de la vie associative) qui a pour but de soutenir la formation... En savoir plus &raquo;","og_url":"https:\/\/aliso.fr\/jeunes\/evenements\/temps-collectif-fdva-1\/","og_site_name":"Aliso Jeunes","article_modified_time":"2022-12-12T08:53:24+00:00","twitter_card":"summary_large_image","schema":{"@context":"https:\/\/schema.org","@graph":[{"@type":"WebPage","@id":"https:\/\/aliso.fr\/jeunes\/evenements\/temps-collectif-fdva-1\/","url":"https:\/\/aliso.fr\/jeunes\/evenements\/temps-collectif-fdva-1\/","name":"Temps collectif Lancer la formation de ses b\u00e9n\u00e9voles en 2023 ! - Aliso Jeunes","isPartOf":{"@id":"https:\/\/aliso.fr\/jeunes\/#website"},"primaryImageOfPage":{"@id":"https:\/\/aliso.fr\/jeunes\/evenements\/temps-collectif-fdva-1\/#primaryimage"},"image":{"@id":"https:\/\/aliso.fr\/jeunes\/evenements\/temps-collectif-fdva-1\/#primaryimage"},"thumbnailUrl":"https:\/\/aliso.fr\/jeunes\/wp-content\/uploads\/sites\/3\/\/2022\/12\/mains-benevoles.jpg","datePublished":"2022-10-27T15:44:41+00:00","dateModified":"2022-12-12T08:53:24+00:00","breadcrumb":{"@id":"https:\/\/aliso.fr\/jeunes\/evenements\/temps-collectif-fdva-1\/#breadcrumb"},"inLanguage":"fr-FR","potentialAction":[{"@type":"ReadAction","target":["https:\/\/aliso.fr\/jeunes\/evenements\/temps-collectif-fdva-1\/"]}]},{"@type":"ImageObject","inLanguage":"fr-FR","@id":"https:\/\/aliso.fr\/jeunes\/evenements\/temps-collectif-fdva-1\/#primaryimage","url":"https:\/\/aliso.fr\/jeunes\/wp-content\/uploads\/sites\/3\/\/2022\/12\/mains-benevoles.jpg","contentUrl":"https:\/\/aliso.fr\/jeunes\/wp-content\/uploads\/sites\/3\/\/2022\/12\/mains-benevoles.jpg"},{"@type":"BreadcrumbList","@id":"https:\/\/aliso.fr\/jeunes\/evenements\/temps-collectif-fdva-1\/#breadcrumb","itemListElement":[{"@type":"ListItem","position":1,"name":"Accueil","item":"https:\/\/aliso.fr\/jeunes\/"},{"@type":"ListItem","position":2,"name":"\u00c9venements","item":"https:\/\/aliso.fr\/jeunes\/evenements\/"},{"@type":"ListItem","position":3,"name":"Temps collectif FDVA 1"}]},{"@type":"WebSite","@id":"https:\/\/aliso.fr\/jeunes\/#website","url":"https:\/\/aliso.fr\/jeunes\/","name":"Aliso Jeunes","description":"R\u00e9seau Creusois des acteurs du lien social","publisher":{"@id":"https:\/\/aliso.fr\/jeunes\/#organization"},"potentialAction":[{"@type":"SearchAction","target":{"@type":"EntryPoint","urlTemplate":"https:\/\/aliso.fr\/jeunes\/?s={search_term_string}"},"query-input":{"@type":"PropertyValueSpecification","valueRequired":true,"valueName":"search_term_string"}}],"inLanguage":"fr-FR"},{"@type":"Organization","@id":"https:\/\/aliso.fr\/jeunes\/#organization","name":"Aliso Jeunes","url":"https:\/\/aliso.fr\/jeunes\/","logo":{"@type":"ImageObject","inLanguage":"fr-FR","@id":"https:\/\/aliso.fr\/jeunes\/#\/schema\/logo\/image\/","url":"https:\/\/aliso.fr\/jeunes\/wp-content\/uploads\/sites\/3\/2022\/01\/Logo-ALISO-jeunes-couleur.png","contentUrl":"https:\/\/aliso.fr\/jeunes\/wp-content\/uploads\/sites\/3\/2022\/01\/Logo-ALISO-jeunes-couleur.png","width":341,"height":392,"caption":"Aliso Jeunes"},"image":{"@id":"https:\/\/aliso.fr\/jeunes\/#\/schema\/logo\/image\/"}}]}},"_links":{"self":[{"href":"https:\/\/aliso.fr\/jeunes\/wp-json\/wp\/v2\/mec-events\/2518","targetHints":{"allow":["GET"]}}],"collection":[{"href":"https:\/\/aliso.fr\/jeunes\/wp-json\/wp\/v2\/mec-events"}],"about":[{"href":"https:\/\/aliso.fr\/jeunes\/wp-json\/wp\/v2\/types\/mec-events"}],"author":[{"embeddable":true,"href":"https:\/\/aliso.fr\/jeunes\/wp-json\/wp\/v2\/users\/7"}],"replies":[{"embeddable":true,"href":"https:\/\/aliso.fr\/jeunes\/wp-json\/wp\/v2\/comments?post=2518"}],"wp:featuredmedia":[{"embeddable":true,"href":"https:\/\/aliso.fr\/jeunes\/wp-json\/wp\/v2\/media\/2540"}],"wp:attachment":[{"href":"https:\/\/aliso.fr\/jeunes\/wp-json\/wp\/v2\/media?parent=2518"}],"wp:term":[{"taxonomy":"post_tag","embeddable":true,"href":"https:\/\/aliso.fr\/jeunes\/wp-json\/wp\/v2\/tags?post=2518"},{"taxonomy":"mec_category","embeddable":true,"href":"https:\/\/aliso.fr\/jeunes\/wp-json\/wp\/v2\/mec_category?post=2518"}],"curies":[{"name":"wp","href":"https:\/\/api.w.org\/{rel}","templated":true}]}}

Temps collectif Lancer la formation de ses bénévoles en 2023 !

<p><img loading="lazy" decoding="async" class="alignnone size-medium wp-image-647" src="https://aliso.fr/wp-content/uploads/2022/10/mains-benevoles-300x153.jpg" alt="" width="300" height="153" /></p>
<p>L&rsquo;équipe d&rsquo;Aliso Initiatives vous propose de se retrouver le 5 janvier 2023 à partir de 10h (possibilité de venir seulement l&rsquo;après-midi) pour un temps collectif autour de la formation des bénévoles et ainsi autour de la subvention FDVA 1 (Fond pour le développement de la vie associative) qui a pour but de soutenir la formation des bénévoles.</p>
<p>Charlotte Marchive pour la DSDEN de la Creuse ainsi que Valérie Chezeaud pour Guid&rsquo;Asso seront présentes.</p>
<p>Alors, vous faites partie d&rsquo;une association ? Vous êtes bénévoles ou êtes en lien avec des bénévoles ? Participez à ce temps de réflexions autour de la formation des bénévoles. L&rsquo;échange de pratiques et de savoirs seront au rendez-vous.</p>
<p>N&rsquo;hésitez pas à faire connaître votre participation auprès de Pauline Michon via &#x70;&#x61;&#x75;&#x6c;&#x69;&#x6e;&#x65;&#x6d;&#x69;&#x63;&#x68;&#x6f;&#x6e;&#x40;&#x61;&#x6c;&#x69;&#x73;&#x6f;&#x2e;&#x66;&#x72; !</p>

<p>L&rsquo;équipe d&rsquo;Aliso Initiatives vous propose de se retrouver le 5 janvier 2023 à partir de 10h (possibilité de venir seulement l&rsquo;après-midi) pour un temps collectif autour de la formation des bénévoles et ainsi autour de la subvention FDVA 1 (Fond pour le développement de la vie associative) qui a pour but de soutenir la formation&#8230; <a class="excerpt-read-more button" href="https://aliso.fr/jeunes/evenements/temps-collectif-fdva-1/" title="ReadTemps collectif Lancer la formation de ses bénévoles en 2023 !">En savoir plus &raquo;</a></p>

<!-- This site is optimized with the Yoast SEO plugin v27.5 - https://yoast.com/product/yoast-seo-wordpress/ -->
<title>Temps collectif Lancer la formation de ses bénévoles en 2023 ! - Aliso Jeunes</title>
<meta name="robots" content="index, follow, max-snippet:-1, max-image-preview:large, max-video-preview:-1" />
<link rel="canonical" href="https://aliso.fr/jeunes/evenements/temps-collectif-fdva-1/" />
<meta property="og:locale" content="fr_FR" />
<meta property="og:type" content="article" />
<meta property="og:title" content="Temps collectif Lancer la formation de ses bénévoles en 2023 ! - Aliso Jeunes" />
<meta property="og:description" content="L&rsquo;équipe d&rsquo;Aliso Initiatives vous propose de se retrouver le 5 janvier 2023 à partir de 10h (possibilité de venir seulement l&rsquo;après-midi) pour un temps collectif autour de la formation des bénévoles et ainsi autour de la subvention FDVA 1 (Fond pour le développement de la vie associative) qui a pour but de soutenir la formation... En savoir plus &raquo;" />
<meta property="og:url" content="https://aliso.fr/jeunes/evenements/temps-collectif-fdva-1/" />
<meta property="og:site_name" content="Aliso Jeunes" />
<meta property="article:modified_time" content="2022-12-12T08:53:24+00:00" />
<meta name="twitter:card" content="summary_large_image" />
<script type="application/ld+json" class="yoast-schema-graph">{"@context":"https:\/\/schema.org","@graph":[{"@type":"WebPage","@id":"https:\/\/aliso.fr\/jeunes\/evenements\/temps-collectif-fdva-1\/","url":"https:\/\/aliso.fr\/jeunes\/evenements\/temps-collectif-fdva-1\/","name":"Temps collectif Lancer la formation de ses bénévoles en 2023 ! - Aliso Jeunes","isPartOf":{"@id":"https:\/\/aliso.fr\/jeunes\/#website"},"primaryImageOfPage":{"@id":"https:\/\/aliso.fr\/jeunes\/evenements\/temps-collectif-fdva-1\/#primaryimage"},"image":{"@id":"https:\/\/aliso.fr\/jeunes\/evenements\/temps-collectif-fdva-1\/#primaryimage"},"thumbnailUrl":"https:\/\/aliso.fr\/jeunes\/wp-content\/uploads\/sites\/3\/\/2022\/12\/mains-benevoles.jpg","datePublished":"2022-10-27T15:44:41+00:00","dateModified":"2022-12-12T08:53:24+00:00","breadcrumb":{"@id":"https:\/\/aliso.fr\/jeunes\/evenements\/temps-collectif-fdva-1\/#breadcrumb"},"inLanguage":"fr-FR","potentialAction":[{"@type":"ReadAction","target":["https:\/\/aliso.fr\/jeunes\/evenements\/temps-collectif-fdva-1\/"]}]},{"@type":"ImageObject","inLanguage":"fr-FR","@id":"https:\/\/aliso.fr\/jeunes\/evenements\/temps-collectif-fdva-1\/#primaryimage","url":"https:\/\/aliso.fr\/jeunes\/wp-content\/uploads\/sites\/3\/\/2022\/12\/mains-benevoles.jpg","contentUrl":"https:\/\/aliso.fr\/jeunes\/wp-content\/uploads\/sites\/3\/\/2022\/12\/mains-benevoles.jpg"},{"@type":"BreadcrumbList","@id":"https:\/\/aliso.fr\/jeunes\/evenements\/temps-collectif-fdva-1\/#breadcrumb","itemListElement":[{"@type":"ListItem","position":1,"name":"Accueil","item":"https:\/\/aliso.fr\/jeunes\/"},{"@type":"ListItem","position":2,"name":"Évenements","item":"https:\/\/aliso.fr\/jeunes\/evenements\/"},{"@type":"ListItem","position":3,"name":"Temps collectif FDVA 1"}]},{"@type":"WebSite","@id":"https:\/\/aliso.fr\/jeunes\/#website","url":"https:\/\/aliso.fr\/jeunes\/","name":"Aliso Jeunes","description":"Réseau Creusois des acteurs du lien social","publisher":{"@id":"https:\/\/aliso.fr\/jeunes\/#organization"},"potentialAction":[{"@type":"SearchAction","target":{"@type":"EntryPoint","urlTemplate":"https:\/\/aliso.fr\/jeunes\/?s={search_term_string}"},"query-input":{"@type":"PropertyValueSpecification","valueRequired":true,"valueName":"search_term_string"}}],"inLanguage":"fr-FR"},{"@type":"Organization","@id":"https:\/\/aliso.fr\/jeunes\/#organization","name":"Aliso Jeunes","url":"https:\/\/aliso.fr\/jeunes\/","logo":{"@type":"ImageObject","inLanguage":"fr-FR","@id":"https:\/\/aliso.fr\/jeunes\/#\/schema\/logo\/image\/","url":"https:\/\/aliso.fr\/jeunes\/wp-content\/uploads\/sites\/3\/2022\/01\/Logo-ALISO-jeunes-couleur.png","contentUrl":"https:\/\/aliso.fr\/jeunes\/wp-content\/uploads\/sites\/3\/2022\/01\/Logo-ALISO-jeunes-couleur.png","width":341,"height":392,"caption":"Aliso Jeunes"},"image":{"@id":"https:\/\/aliso.fr\/jeunes\/#\/schema\/logo\/image\/"}}]}</script>
<!-- / Yoast SEO plugin. -->

Temps collectif Lancer la formation de ses bénévoles en 2023 ! - Aliso Jeunes

L&rsquo;équipe d&rsquo;Aliso Initiatives vous propose de se retrouver le 5 janvier 2023 à partir de 10h (possibilité de venir seulement l&rsquo;après-midi) pour un temps collectif autour de la formation des bénévoles et ainsi autour de la subvention FDVA 1 (Fond pour le développement de la vie associative) qui a pour but de soutenir la formation... En savoir plus &raquo;

Évenements

Réseau Creusois des acteurs du lien social
