{"id":2043,"date":"2022-02-11T11:42:22","date_gmt":"2022-02-11T10:42:22","guid":{"rendered":"https:\/\/aliso.fr\/jeunes\/?page_id=2043"},"modified":"2022-03-17T16:47:59","modified_gmt":"2022-03-17T15:47:59","slug":"acceuil","status":"publish","type":"page","link":"https:\/\/aliso.fr\/jeunes\/","title":{"rendered":"Accueil"},"content":{"rendered":"\n<div class=\"wp-block-columns is-layout-flex wp-container-core-columns-is-layout-9d6595d7 wp-block-columns-is-layout-flex\">\n<div class=\"wp-block-column is-layout-flow wp-block-column-is-layout-flow\" style=\"flex-basis:50%\">\n<h2 class=\"wp-block-heading\" id=\"aliso-jeunes\">Aliso jeunes<\/h2>\n\n\n\n<p>Repr\u00e9sentant du CROUS et de la Vie Universitaire (CVEC) en creuse, ALISO accompagne tous les <strong>\u00e9tudiant.es<\/strong> dans leur vie quotidienne.<\/p>\n\n\n\n<p>Fervent d\u00e9fenseur de l&rsquo;animation et de l&rsquo;info jeune, porteur du label IJ, <strong>ALISO jeunes<\/strong> accompagne les professionnels &amp; b\u00e9n\u00e9voles de l&rsquo;animation jeune dans leurs activit\u00e9s ou directement le jeune dans la r\u00e9alisation de ses projets.<\/p>\n\n\n\n<p>Par ses diff\u00e9rentes actions et ses diff\u00e9rents dispositifs, <strong>ALISO Jeunes<\/strong> est le trait d&rsquo;union entre les acteurs, les partenaires et les jeunes <strong>sur le territoire creusois<\/strong>.<\/p>\n<\/div>\n\n\n\n<div class=\"wp-block-column is-layout-flow wp-block-column-is-layout-flow\" style=\"flex-basis:50%\"><div  class=\"ultp-post-grid-block wp-block-ultimate-post-post-grid-4 ultp-block-445932\"><div class=\"ultp-block-wrapper\"><div class=\"ultp-loading\"><div class=\"ultp-loading-blocks\" style=\"width:100%;height:100%;\"><div style=\"left: 0;top: 0;animation-delay:0s;\"><\/div><div style=\"left: 21px;top: 0;animation-delay:0.125s;\"><\/div><div style=\"left: 42px;top: 0;animation-delay:0.25s;\"><\/div><div style=\"left: 0;top: 21px;animation-delay:0.875s;\"><\/div><div style=\"left: 42px;top: 21px;animation-delay:0.375s;\"><\/div><div style=\"left: 0;top: 42px;animation-delay:0.75s;\"><\/div><div style=\"left: 42px;top: 42px;animation-delay:0.625s;\"><\/div><div style=\"left: 21px;top: 42px;animation-delay:0.5s;\"><\/div><\/div><\/div><div class=\"ultp-heading-filter\"><div class=\"ultp-heading-filter-in\"><div class=\"ultp-heading-wrap ultp-heading-style1 ultp-heading-left\"><h2 class=\"ultp-heading-inner\"><span><\/span><\/h2><\/div><\/div><\/div><div class=\"ultp-block-items-wrap ultp-block-row ultp-layout1 ultp-block-content-\"><div class=\"ultp-block-item post-id-2876\"><div class=\"ultp-block-content-wrap ultp-block-content-overlay\"><div class=\"ultp-block-image ultp-block-image-zoomIn\"><a href=\"https:\/\/aliso.fr\/jeunes\/succes-pour-le-forum-jeunesse-2025\/\" ><img decoding=\"async\"  alt=\"SUCCES POUR LE FORUM JEUNESSE 2025!\"  src=\"https:\/\/aliso.fr\/jeunes\/wp-content\/uploads\/sites\/3\/2025\/04\/IMG_20250409_142127-870x570.jpg\" \/><\/a><\/div><div class=\"ultp-block-content ultp-block-content-bottomPosition\"><div class=\"ultp-block-content-inner\"><h3 class=\"ultp-block-title \"><a href=\"https:\/\/aliso.fr\/jeunes\/succes-pour-le-forum-jeunesse-2025\/\" >SUCCES POUR LE FORUM JEUNESSE 2025!<\/a><\/h3><\/div><\/div><\/div><\/div><div class=\"ultp-block-item post-id-2759\"><div class=\"ultp-block-content-wrap ultp-block-content-overlay\"><div class=\"ultp-block-image ultp-block-image-zoomIn\"><a href=\"https:\/\/aliso.fr\/jeunes\/forum-jeunesse-2024-trouve-le-pro-quil-te-faut-a-la-bmi-gueret\/\" ><img decoding=\"async\"  alt=\"FORUM JEUNESSE 2025 \u00ab\u00a0Trouve le pro qu&rsquo;il te faut ! \u00a0\u00bb \u00e0 la BMI &#8211; GUERET\"  src=\"https:\/\/aliso.fr\/jeunes\/wp-content\/uploads\/sites\/3\/2024\/02\/forum2025-488x600.png\" \/><\/a><\/div><div class=\"ultp-block-content ultp-block-content-bottomPosition\"><div class=\"ultp-block-content-inner\"><h3 class=\"ultp-block-title \"><a href=\"https:\/\/aliso.fr\/jeunes\/forum-jeunesse-2024-trouve-le-pro-quil-te-faut-a-la-bmi-gueret\/\" >FORUM JEUNESSE 2025 \u00ab\u00a0Trouve le pro qu&rsquo;il te faut ! \u00a0\u00bb \u00e0 la BMI &#8211; GUERET<\/a><\/h3><\/div><\/div><\/div><\/div><div class=\"ultp-block-item post-id-2681\"><div class=\"ultp-block-content-wrap ultp-block-content-overlay\"><div class=\"ultp-block-image ultp-block-image-zoomIn\"><a href=\"https:\/\/aliso.fr\/jeunes\/2681-2\/\" ><img decoding=\"async\"  src=\"https:\/\/aliso.fr\/jeunes\/wp-content\/uploads\/sites\/3\/2023\/08\/AVEC-LA-BOUSSOLE-DES-JEUNES-TROUVE-LE-PRO-QU-600x600.png\" \/><\/a><\/div><div class=\"ultp-block-content ultp-block-content-bottomPosition\"><div class=\"ultp-block-content-inner\"><\/div><\/div><\/div><\/div><\/div><\/div><div class=\"pagination-block-html\" aria-hidden=\"true\" style=\"display: none;\"><\/div><\/div><\/div>\n<\/div>\n","protected":false},"excerpt":{"rendered":"<p>Aliso jeunes Repr\u00e9sentant du CROUS et de la Vie Universitaire (CVEC) en creuse, ALISO accompagne tous les \u00e9tudiant.es dans leur vie quotidienne. Fervent d\u00e9fenseur de l&rsquo;animation et de l&rsquo;info jeune, porteur du label IJ, ALISO jeunes accompagne les professionnels &amp; b\u00e9n\u00e9voles de l&rsquo;animation jeune dans leurs activit\u00e9s ou directement le jeune dans la r\u00e9alisation de&#8230; <a class=\"excerpt-read-more button\" href=\"https:\/\/aliso.fr\/jeunes\/\" title=\"ReadAccueil\">En savoir plus &raquo;<\/a><\/p>\n","protected":false},"author":1,"featured_media":0,"parent":0,"menu_order":0,"comment_status":"closed","ping_status":"closed","template":"","meta":{"footnotes":""},"class_list":["post-2043","page","type-page","status-publish","hentry"],"yoast_head":"<!-- This site is optimized with the Yoast SEO plugin v27.3 - https:\/\/yoast.com\/product\/yoast-seo-wordpress\/ -->\n<title>Accueil - Aliso Jeunes<\/title>\n<meta name=\"robots\" content=\"index, follow, max-snippet:-1, max-image-preview:large, max-video-preview:-1\" \/>\n<link rel=\"canonical\" href=\"https:\/\/aliso.fr\/jeunes\/\" \/>\n<meta property=\"og:locale\" content=\"fr_FR\" \/>\n<meta property=\"og:type\" content=\"article\" \/>\n<meta property=\"og:title\" content=\"Accueil - Aliso Jeunes\" \/>\n<meta property=\"og:description\" content=\"Aliso jeunes Repr\u00e9sentant du CROUS et de la Vie Universitaire (CVEC) en creuse, ALISO accompagne tous les \u00e9tudiant.es dans leur vie quotidienne. Fervent d\u00e9fenseur de l&rsquo;animation et de l&rsquo;info jeune, porteur du label IJ, ALISO jeunes accompagne les professionnels &amp; b\u00e9n\u00e9voles de l&rsquo;animation jeune dans leurs activit\u00e9s ou directement le jeune dans la r\u00e9alisation de... En savoir plus &raquo;\" \/>\n<meta property=\"og:url\" content=\"https:\/\/aliso.fr\/jeunes\/\" \/>\n<meta property=\"og:site_name\" content=\"Aliso Jeunes\" \/>\n<meta property=\"article:modified_time\" content=\"2022-03-17T15:47:59+00:00\" \/>\n<meta name=\"twitter:card\" content=\"summary_large_image\" \/>\n<script type=\"application\/ld+json\" class=\"yoast-schema-graph\">{\"@context\":\"https:\\\/\\\/schema.org\",\"@graph\":[{\"@type\":\"WebPage\",\"@id\":\"https:\\\/\\\/aliso.fr\\\/jeunes\\\/\",\"url\":\"https:\\\/\\\/aliso.fr\\\/jeunes\\\/\",\"name\":\"Accueil - Aliso Jeunes\",\"isPartOf\":{\"@id\":\"https:\\\/\\\/aliso.fr\\\/jeunes\\\/#website\"},\"datePublished\":\"2022-02-11T10:42:22+00:00\",\"dateModified\":\"2022-03-17T15:47:59+00:00\",\"breadcrumb\":{\"@id\":\"https:\\\/\\\/aliso.fr\\\/jeunes\\\/#breadcrumb\"},\"inLanguage\":\"fr-FR\",\"potentialAction\":[{\"@type\":\"ReadAction\",\"target\":[\"https:\\\/\\\/aliso.fr\\\/jeunes\\\/\"]}]},{\"@type\":\"BreadcrumbList\",\"@id\":\"https:\\\/\\\/aliso.fr\\\/jeunes\\\/#breadcrumb\",\"itemListElement\":[{\"@type\":\"ListItem\",\"position\":1,\"name\":\"Accueil\",\"item\":\"https:\\\/\\\/aliso.fr\\\/jeunes\\\/\"},{\"@type\":\"ListItem\",\"position\":2,\"name\":\"Accueil\"}]},{\"@type\":\"WebSite\",\"@id\":\"https:\\\/\\\/aliso.fr\\\/jeunes\\\/#website\",\"url\":\"https:\\\/\\\/aliso.fr\\\/jeunes\\\/\",\"name\":\"Aliso Jeunes\",\"description\":\"R\u00e9seau Creusois des acteurs du lien social\",\"publisher\":{\"@id\":\"https:\\\/\\\/aliso.fr\\\/jeunes\\\/#organization\"},\"potentialAction\":[{\"@type\":\"SearchAction\",\"target\":{\"@type\":\"EntryPoint\",\"urlTemplate\":\"https:\\\/\\\/aliso.fr\\\/jeunes\\\/?s={search_term_string}\"},\"query-input\":{\"@type\":\"PropertyValueSpecification\",\"valueRequired\":true,\"valueName\":\"search_term_string\"}}],\"inLanguage\":\"fr-FR\"},{\"@type\":\"Organization\",\"@id\":\"https:\\\/\\\/aliso.fr\\\/jeunes\\\/#organization\",\"name\":\"Aliso Jeunes\",\"url\":\"https:\\\/\\\/aliso.fr\\\/jeunes\\\/\",\"logo\":{\"@type\":\"ImageObject\",\"inLanguage\":\"fr-FR\",\"@id\":\"https:\\\/\\\/aliso.fr\\\/jeunes\\\/#\\\/schema\\\/logo\\\/image\\\/\",\"url\":\"https:\\\/\\\/aliso.fr\\\/jeunes\\\/wp-content\\\/uploads\\\/sites\\\/3\\\/2022\\\/01\\\/Logo-ALISO-jeunes-couleur.png\",\"contentUrl\":\"https:\\\/\\\/aliso.fr\\\/jeunes\\\/wp-content\\\/uploads\\\/sites\\\/3\\\/2022\\\/01\\\/Logo-ALISO-jeunes-couleur.png\",\"width\":341,\"height\":392,\"caption\":\"Aliso Jeunes\"},\"image\":{\"@id\":\"https:\\\/\\\/aliso.fr\\\/jeunes\\\/#\\\/schema\\\/logo\\\/image\\\/\"}}]}<\/script>\n<!-- \/ Yoast SEO plugin. -->","yoast_head_json":{"title":"Accueil - Aliso Jeunes","robots":{"index":"index","follow":"follow","max-snippet":"max-snippet:-1","max-image-preview":"max-image-preview:large","max-video-preview":"max-video-preview:-1"},"canonical":"https:\/\/aliso.fr\/jeunes\/","og_locale":"fr_FR","og_type":"article","og_title":"Accueil - Aliso Jeunes","og_description":"Aliso jeunes Repr\u00e9sentant du CROUS et de la Vie Universitaire (CVEC) en creuse, ALISO accompagne tous les \u00e9tudiant.es dans leur vie quotidienne. Fervent d\u00e9fenseur de l&rsquo;animation et de l&rsquo;info jeune, porteur du label IJ, ALISO jeunes accompagne les professionnels &amp; b\u00e9n\u00e9voles de l&rsquo;animation jeune dans leurs activit\u00e9s ou directement le jeune dans la r\u00e9alisation de... En savoir plus &raquo;","og_url":"https:\/\/aliso.fr\/jeunes\/","og_site_name":"Aliso Jeunes","article_modified_time":"2022-03-17T15:47:59+00:00","twitter_card":"summary_large_image","schema":{"@context":"https:\/\/schema.org","@graph":[{"@type":"WebPage","@id":"https:\/\/aliso.fr\/jeunes\/","url":"https:\/\/aliso.fr\/jeunes\/","name":"Accueil - Aliso Jeunes","isPartOf":{"@id":"https:\/\/aliso.fr\/jeunes\/#website"},"datePublished":"2022-02-11T10:42:22+00:00","dateModified":"2022-03-17T15:47:59+00:00","breadcrumb":{"@id":"https:\/\/aliso.fr\/jeunes\/#breadcrumb"},"inLanguage":"fr-FR","potentialAction":[{"@type":"ReadAction","target":["https:\/\/aliso.fr\/jeunes\/"]}]},{"@type":"BreadcrumbList","@id":"https:\/\/aliso.fr\/jeunes\/#breadcrumb","itemListElement":[{"@type":"ListItem","position":1,"name":"Accueil","item":"https:\/\/aliso.fr\/jeunes\/"},{"@type":"ListItem","position":2,"name":"Accueil"}]},{"@type":"WebSite","@id":"https:\/\/aliso.fr\/jeunes\/#website","url":"https:\/\/aliso.fr\/jeunes\/","name":"Aliso Jeunes","description":"R\u00e9seau Creusois des acteurs du lien social","publisher":{"@id":"https:\/\/aliso.fr\/jeunes\/#organization"},"potentialAction":[{"@type":"SearchAction","target":{"@type":"EntryPoint","urlTemplate":"https:\/\/aliso.fr\/jeunes\/?s={search_term_string}"},"query-input":{"@type":"PropertyValueSpecification","valueRequired":true,"valueName":"search_term_string"}}],"inLanguage":"fr-FR"},{"@type":"Organization","@id":"https:\/\/aliso.fr\/jeunes\/#organization","name":"Aliso Jeunes","url":"https:\/\/aliso.fr\/jeunes\/","logo":{"@type":"ImageObject","inLanguage":"fr-FR","@id":"https:\/\/aliso.fr\/jeunes\/#\/schema\/logo\/image\/","url":"https:\/\/aliso.fr\/jeunes\/wp-content\/uploads\/sites\/3\/2022\/01\/Logo-ALISO-jeunes-couleur.png","contentUrl":"https:\/\/aliso.fr\/jeunes\/wp-content\/uploads\/sites\/3\/2022\/01\/Logo-ALISO-jeunes-couleur.png","width":341,"height":392,"caption":"Aliso Jeunes"},"image":{"@id":"https:\/\/aliso.fr\/jeunes\/#\/schema\/logo\/image\/"}}]}},"_links":{"self":[{"href":"https:\/\/aliso.fr\/jeunes\/wp-json\/wp\/v2\/pages\/2043","targetHints":{"allow":["GET"]}}],"collection":[{"href":"https:\/\/aliso.fr\/jeunes\/wp-json\/wp\/v2\/pages"}],"about":[{"href":"https:\/\/aliso.fr\/jeunes\/wp-json\/wp\/v2\/types\/page"}],"author":[{"embeddable":true,"href":"https:\/\/aliso.fr\/jeunes\/wp-json\/wp\/v2\/users\/1"}],"replies":[{"embeddable":true,"href":"https:\/\/aliso.fr\/jeunes\/wp-json\/wp\/v2\/comments?post=2043"}],"version-history":[{"count":7,"href":"https:\/\/aliso.fr\/jeunes\/wp-json\/wp\/v2\/pages\/2043\/revisions"}],"predecessor-version":[{"id":2128,"href":"https:\/\/aliso.fr\/jeunes\/wp-json\/wp\/v2\/pages\/2043\/revisions\/2128"}],"wp:attachment":[{"href":"https:\/\/aliso.fr\/jeunes\/wp-json\/wp\/v2\/media?parent=2043"}],"curies":[{"name":"wp","href":"https:\/\/api.w.org\/{rel}","templated":true}]}}