{"id":6,"date":"2021-10-11T17:40:59","date_gmt":"2021-10-11T15:40:59","guid":{"rendered":"https:\/\/aliso.fr\/jeunesse\/?page_id=6"},"modified":"2023-08-25T11:55:47","modified_gmt":"2023-08-25T09:55:47","slug":"vie-etudiante","status":"publish","type":"page","link":"https:\/\/aliso.fr\/jeunes\/vie-etudiante\/","title":{"rendered":"Vie \u00e9tudiante en CREUSE"},"content":{"rendered":"\n<div class=\"wp-block-columns are-vertically-aligned-center is-layout-flex wp-container-core-columns-is-layout-9d6595d7 wp-block-columns-is-layout-flex\">\n<div class=\"wp-block-column is-vertically-aligned-center is-layout-flow wp-block-column-is-layout-flow\" style=\"flex-basis:100%\">\n<div class=\"wp-block-media-text alignwide is-stacked-on-mobile\" style=\"grid-template-columns:20% auto\"><figure class=\"wp-block-media-text__media\"><img decoding=\"async\" src=\"https:\/\/aliso.fr\/integration\/jeunes\/wp-content\/uploads\/sites\/3\/2022\/02\/guide-de-letudiant.png\" alt=\"\" class=\"wp-image-1984 size-full\" \/><\/figure><div class=\"wp-block-media-text__content\">\n<div class=\"wp-block-group\"><div class=\"wp-block-group__inner-container is-layout-flow wp-block-group-is-layout-flow\">\n<figure class=\"wp-block-image size-full is-style-default\"><img loading=\"lazy\" decoding=\"async\" width=\"276\" height=\"585\" src=\"https:\/\/aliso.fr\/jeunes\/wp-content\/uploads\/sites\/3\/2023\/08\/etudiant2023.png\" alt=\"\" class=\"wp-image-2688\" srcset=\"https:\/\/aliso.fr\/jeunes\/wp-content\/uploads\/sites\/3\/2023\/08\/etudiant2023.png 276w, https:\/\/aliso.fr\/jeunes\/wp-content\/uploads\/sites\/3\/2023\/08\/etudiant2023-142x300.png 142w\" sizes=\"auto, (max-width: 276px) 100vw, 276px\" \/><\/figure>\n\n\n\n<p class=\"has-text-align-center\">Retrouve toutes tes infos concernant ta vie d&rsquo;\u00e9tudiant  avec    <\/p>\n<\/div><\/div>\n\n\n\n<p class=\"has-medium-font-size\"><strong> le <a href=\"https:\/\/www.calameo.com\/read\/001193926e062909cac9f\">Guide de l&rsquo;Etudiant en CREUSE 2022-2023 <\/a>\u00e9dit\u00e9 par ALISO Jeunes<\/strong><\/p>\n\n\n\n<div class=\"wp-block-group\"><div class=\"wp-block-group__inner-container is-layout-flow wp-block-group-is-layout-flow\">\n<p class=\"has-text-align-center has-medium-font-size\"> le logement, la formation, la sant\u00e9, les loisirs&#8230;<\/p>\n<\/div><\/div>\n<\/div><\/div>\n\n\n\n<p>           <\/p>\n<\/div>\n<\/div>\n\n\n\n<p class=\"has-large-font-size\"><strong>Campus Universitaire de Gu\u00e9ret<\/strong><\/p>\n\n\n<div class=\"wp-block-image\">\n<figure class=\"alignleft size-full is-resized\"><img loading=\"lazy\" decoding=\"async\" src=\"https:\/\/aliso.fr\/jeunes\/wp-content\/uploads\/sites\/3\/2022\/03\/logo-ul.png\" alt=\"\" class=\"wp-image-2207\" width=\"202\" height=\"66\" srcset=\"https:\/\/aliso.fr\/jeunes\/wp-content\/uploads\/sites\/3\/2022\/03\/logo-ul.png 488w, https:\/\/aliso.fr\/jeunes\/wp-content\/uploads\/sites\/3\/2022\/03\/logo-ul-300x98.png 300w\" sizes=\"auto, (max-width: 202px) 100vw, 202px\" \/><\/figure>\n<\/div>\n\n\n<p>D\u00e9couvre le <a href=\"https:\/\/gueret.unilim.fr\/bienvenue\/\" target=\"_blank\" rel=\"noreferrer noopener\">Campus Universitaire de Gu\u00e9ret<\/a>!<\/p>\n\n\n\n<p>Gu\u00e9ret accueille un  BUT carri\u00e8res sociales option animation sociale et socioculturelle tr\u00e8s li\u00e9 au territoire et au secteur de l&rsquo;animation socioculturelle et au social. C&rsquo;est pourquoi \u00e0 travers un partenariat fort, ALISO intervient dans la formation pour enrichir son contenu p\u00e9dagogique. Les professionnels ont chacun leur sp\u00e9cificit\u00e9 et apportent leur exp\u00e9rience de terrain. <a href=\"https:\/\/www.iut.unilim.fr\/les-formations\/but\/carrieres-sociales\/\">BUT carri\u00e8res sociales de Gu\u00e9ret<\/a>.<\/p>\n\n\n\n<p class=\"has-large-font-size\"><strong>Association Etudiante Gu\u00e9r\u00e9toise<\/strong><\/p>\n\n\n\n<p>L&rsquo;AEG est une association d&rsquo;\u00e9tudiants inter-fili\u00e8res qui anime le campus et accueille les nouveaux \u00e9tudiants. Ils font un rallye \u00e9tudiant f\u00e9d\u00e9rateur de lien qui regroupe une centaine d&rsquo;\u00e9tudiants. Ils sont joignables sur les r\u00e9seaux sociaux. Insta, snapchat, Tiktok sur asso_etudiante_gueretoise. N&rsquo;h\u00e9site pas \u00e0 les contacter!<\/p>\n\n\n\n<p class=\"has-large-font-size\"><strong>Se renseigner sur les bourses, aides et logements<\/strong><\/p>\n\n\n\n<p class=\"has-text-align-left\">L\u2019espace information jeunesse d\u2019ALISO (R\u00e9seau Creusois des Acteurs du Lien Social) est l\u00e0 pour r\u00e9pondre aux questions des \u00e9tudiants de mani\u00e8re anonyme, personnalis\u00e9e et gratuite sur tous les sujets : informations sant\u00e9, aide aux projets, offres de logement sur Gu\u00e9ret, dossier CROUS, s\u00e9curit\u00e9 sociale \u00e9tudiante, s\u00e9jours en France et \u00e0 l\u2019\u00e9tranger, chantiers de jeunes, associations sportives et culturelles. Aliso est le Relai du Crous en Creuse.<\/p>\n\n\n\n<div style=\"height:30px\" aria-hidden=\"true\" class=\"wp-block-spacer\"><\/div>\n\n\n\n<p><strong>ALISO (relais du CROUS en CREUSE)<\/strong><\/p>\n\n\n\n<figure class=\"wp-block-image size-full\"><img loading=\"lazy\" decoding=\"async\" width=\"102\" height=\"105\" src=\"https:\/\/aliso.fr\/jeunes\/wp-content\/uploads\/sites\/3\/2021\/10\/Crous-1.png\" alt=\"\" class=\"wp-image-54\" \/><\/figure>\n\n\n\n<p>8bis Place du March\u00e9<br><a href=\"tel:0555520040\">05 55 52 00 40<\/a><br>&#x63;&#x6f;&#x6e;&#x74;&#x61;&#x63;&#x74;&#x40;&#x61;&#x6c;&#x69;&#x73;&#x6f;&#x2e;&#x66;&#x72;<\/p>\n","protected":false},"excerpt":{"rendered":"<p>Retrouve toutes tes infos concernant ta vie d&rsquo;\u00e9tudiant avec le Guide de l&rsquo;Etudiant en CREUSE 2022-2023 \u00e9dit\u00e9 par ALISO Jeunes le logement, la formation, la sant\u00e9, les loisirs&#8230; Campus Universitaire de Gu\u00e9ret D\u00e9couvre le Campus Universitaire de Gu\u00e9ret! Gu\u00e9ret accueille un BUT carri\u00e8res sociales option animation sociale et socioculturelle tr\u00e8s li\u00e9 au territoire et au&#8230; <a class=\"excerpt-read-more button\" href=\"https:\/\/aliso.fr\/jeunes\/vie-etudiante\/\" title=\"ReadVie \u00e9tudiante en CREUSE\">En savoir plus &raquo;<\/a><\/p>\n","protected":false},"author":1,"featured_media":0,"parent":0,"menu_order":0,"comment_status":"closed","ping_status":"closed","template":"","meta":{"footnotes":""},"class_list":["post-6","page","type-page","status-publish","hentry"],"yoast_head":"<!-- This site is optimized with the Yoast SEO plugin v27.5 - https:\/\/yoast.com\/product\/yoast-seo-wordpress\/ -->\n<title>Vie \u00e9tudiante en CREUSE - Aliso Jeunes<\/title>\n<meta name=\"robots\" content=\"index, follow, max-snippet:-1, max-image-preview:large, max-video-preview:-1\" \/>\n<link rel=\"canonical\" href=\"https:\/\/aliso.fr\/jeunes\/vie-etudiante\/\" \/>\n<meta property=\"og:locale\" content=\"fr_FR\" \/>\n<meta property=\"og:type\" content=\"article\" \/>\n<meta property=\"og:title\" content=\"Vie \u00e9tudiante en CREUSE - Aliso Jeunes\" \/>\n<meta property=\"og:description\" content=\"Retrouve toutes tes infos concernant ta vie d&rsquo;\u00e9tudiant avec le Guide de l&rsquo;Etudiant en CREUSE 2022-2023 \u00e9dit\u00e9 par ALISO Jeunes le logement, la formation, la sant\u00e9, les loisirs&#8230; Campus Universitaire de Gu\u00e9ret D\u00e9couvre le Campus Universitaire de Gu\u00e9ret! Gu\u00e9ret accueille un BUT carri\u00e8res sociales option animation sociale et socioculturelle tr\u00e8s li\u00e9 au territoire et au... En savoir plus &raquo;\" \/>\n<meta property=\"og:url\" content=\"https:\/\/aliso.fr\/jeunes\/vie-etudiante\/\" \/>\n<meta property=\"og:site_name\" content=\"Aliso Jeunes\" \/>\n<meta property=\"article:modified_time\" content=\"2023-08-25T09:55:47+00:00\" \/>\n<meta property=\"og:image\" content=\"https:\/\/aliso.fr\/integration\/jeunes\/wp-content\/uploads\/sites\/3\/2022\/02\/guide-de-letudiant.png\" \/>\n<meta name=\"twitter:card\" content=\"summary_large_image\" \/>\n<script type=\"application\/ld+json\" class=\"yoast-schema-graph\">{\"@context\":\"https:\\\/\\\/schema.org\",\"@graph\":[{\"@type\":\"WebPage\",\"@id\":\"https:\\\/\\\/aliso.fr\\\/jeunes\\\/vie-etudiante\\\/\",\"url\":\"https:\\\/\\\/aliso.fr\\\/jeunes\\\/vie-etudiante\\\/\",\"name\":\"Vie \u00e9tudiante en CREUSE - Aliso Jeunes\",\"isPartOf\":{\"@id\":\"https:\\\/\\\/aliso.fr\\\/jeunes\\\/#website\"},\"primaryImageOfPage\":{\"@id\":\"https:\\\/\\\/aliso.fr\\\/jeunes\\\/vie-etudiante\\\/#primaryimage\"},\"image\":{\"@id\":\"https:\\\/\\\/aliso.fr\\\/jeunes\\\/vie-etudiante\\\/#primaryimage\"},\"thumbnailUrl\":\"https:\\\/\\\/aliso.fr\\\/integration\\\/jeunes\\\/wp-content\\\/uploads\\\/sites\\\/3\\\/2022\\\/02\\\/guide-de-letudiant.png\",\"datePublished\":\"2021-10-11T15:40:59+00:00\",\"dateModified\":\"2023-08-25T09:55:47+00:00\",\"breadcrumb\":{\"@id\":\"https:\\\/\\\/aliso.fr\\\/jeunes\\\/vie-etudiante\\\/#breadcrumb\"},\"inLanguage\":\"fr-FR\",\"potentialAction\":[{\"@type\":\"ReadAction\",\"target\":[\"https:\\\/\\\/aliso.fr\\\/jeunes\\\/vie-etudiante\\\/\"]}]},{\"@type\":\"ImageObject\",\"inLanguage\":\"fr-FR\",\"@id\":\"https:\\\/\\\/aliso.fr\\\/jeunes\\\/vie-etudiante\\\/#primaryimage\",\"url\":\"https:\\\/\\\/aliso.fr\\\/integration\\\/jeunes\\\/wp-content\\\/uploads\\\/sites\\\/3\\\/2022\\\/02\\\/guide-de-letudiant.png\",\"contentUrl\":\"https:\\\/\\\/aliso.fr\\\/integration\\\/jeunes\\\/wp-content\\\/uploads\\\/sites\\\/3\\\/2022\\\/02\\\/guide-de-letudiant.png\"},{\"@type\":\"BreadcrumbList\",\"@id\":\"https:\\\/\\\/aliso.fr\\\/jeunes\\\/vie-etudiante\\\/#breadcrumb\",\"itemListElement\":[{\"@type\":\"ListItem\",\"position\":1,\"name\":\"Accueil\",\"item\":\"https:\\\/\\\/aliso.fr\\\/jeunes\\\/\"},{\"@type\":\"ListItem\",\"position\":2,\"name\":\"Vie \u00e9tudiante en CREUSE\"}]},{\"@type\":\"WebSite\",\"@id\":\"https:\\\/\\\/aliso.fr\\\/jeunes\\\/#website\",\"url\":\"https:\\\/\\\/aliso.fr\\\/jeunes\\\/\",\"name\":\"Aliso Jeunes\",\"description\":\"R\u00e9seau Creusois des acteurs du lien social\",\"publisher\":{\"@id\":\"https:\\\/\\\/aliso.fr\\\/jeunes\\\/#organization\"},\"potentialAction\":[{\"@type\":\"SearchAction\",\"target\":{\"@type\":\"EntryPoint\",\"urlTemplate\":\"https:\\\/\\\/aliso.fr\\\/jeunes\\\/?s={search_term_string}\"},\"query-input\":{\"@type\":\"PropertyValueSpecification\",\"valueRequired\":true,\"valueName\":\"search_term_string\"}}],\"inLanguage\":\"fr-FR\"},{\"@type\":\"Organization\",\"@id\":\"https:\\\/\\\/aliso.fr\\\/jeunes\\\/#organization\",\"name\":\"Aliso Jeunes\",\"url\":\"https:\\\/\\\/aliso.fr\\\/jeunes\\\/\",\"logo\":{\"@type\":\"ImageObject\",\"inLanguage\":\"fr-FR\",\"@id\":\"https:\\\/\\\/aliso.fr\\\/jeunes\\\/#\\\/schema\\\/logo\\\/image\\\/\",\"url\":\"https:\\\/\\\/aliso.fr\\\/jeunes\\\/wp-content\\\/uploads\\\/sites\\\/3\\\/2022\\\/01\\\/Logo-ALISO-jeunes-couleur.png\",\"contentUrl\":\"https:\\\/\\\/aliso.fr\\\/jeunes\\\/wp-content\\\/uploads\\\/sites\\\/3\\\/2022\\\/01\\\/Logo-ALISO-jeunes-couleur.png\",\"width\":341,\"height\":392,\"caption\":\"Aliso Jeunes\"},\"image\":{\"@id\":\"https:\\\/\\\/aliso.fr\\\/jeunes\\\/#\\\/schema\\\/logo\\\/image\\\/\"}}]}<\/script>\n<!-- \/ Yoast SEO plugin. -->","yoast_head_json":{"title":"Vie \u00e9tudiante en CREUSE - Aliso Jeunes","robots":{"index":"index","follow":"follow","max-snippet":"max-snippet:-1","max-image-preview":"max-image-preview:large","max-video-preview":"max-video-preview:-1"},"canonical":"https:\/\/aliso.fr\/jeunes\/vie-etudiante\/","og_locale":"fr_FR","og_type":"article","og_title":"Vie \u00e9tudiante en CREUSE - Aliso Jeunes","og_description":"Retrouve toutes tes infos concernant ta vie d&rsquo;\u00e9tudiant avec le Guide de l&rsquo;Etudiant en CREUSE 2022-2023 \u00e9dit\u00e9 par ALISO Jeunes le logement, la formation, la sant\u00e9, les loisirs&#8230; Campus Universitaire de Gu\u00e9ret D\u00e9couvre le Campus Universitaire de Gu\u00e9ret! Gu\u00e9ret accueille un BUT carri\u00e8res sociales option animation sociale et socioculturelle tr\u00e8s li\u00e9 au territoire et au... En savoir plus &raquo;","og_url":"https:\/\/aliso.fr\/jeunes\/vie-etudiante\/","og_site_name":"Aliso Jeunes","article_modified_time":"2023-08-25T09:55:47+00:00","og_image":[{"url":"https:\/\/aliso.fr\/integration\/jeunes\/wp-content\/uploads\/sites\/3\/2022\/02\/guide-de-letudiant.png","type":"","width":"","height":""}],"twitter_card":"summary_large_image","schema":{"@context":"https:\/\/schema.org","@graph":[{"@type":"WebPage","@id":"https:\/\/aliso.fr\/jeunes\/vie-etudiante\/","url":"https:\/\/aliso.fr\/jeunes\/vie-etudiante\/","name":"Vie \u00e9tudiante en CREUSE - Aliso Jeunes","isPartOf":{"@id":"https:\/\/aliso.fr\/jeunes\/#website"},"primaryImageOfPage":{"@id":"https:\/\/aliso.fr\/jeunes\/vie-etudiante\/#primaryimage"},"image":{"@id":"https:\/\/aliso.fr\/jeunes\/vie-etudiante\/#primaryimage"},"thumbnailUrl":"https:\/\/aliso.fr\/integration\/jeunes\/wp-content\/uploads\/sites\/3\/2022\/02\/guide-de-letudiant.png","datePublished":"2021-10-11T15:40:59+00:00","dateModified":"2023-08-25T09:55:47+00:00","breadcrumb":{"@id":"https:\/\/aliso.fr\/jeunes\/vie-etudiante\/#breadcrumb"},"inLanguage":"fr-FR","potentialAction":[{"@type":"ReadAction","target":["https:\/\/aliso.fr\/jeunes\/vie-etudiante\/"]}]},{"@type":"ImageObject","inLanguage":"fr-FR","@id":"https:\/\/aliso.fr\/jeunes\/vie-etudiante\/#primaryimage","url":"https:\/\/aliso.fr\/integration\/jeunes\/wp-content\/uploads\/sites\/3\/2022\/02\/guide-de-letudiant.png","contentUrl":"https:\/\/aliso.fr\/integration\/jeunes\/wp-content\/uploads\/sites\/3\/2022\/02\/guide-de-letudiant.png"},{"@type":"BreadcrumbList","@id":"https:\/\/aliso.fr\/jeunes\/vie-etudiante\/#breadcrumb","itemListElement":[{"@type":"ListItem","position":1,"name":"Accueil","item":"https:\/\/aliso.fr\/jeunes\/"},{"@type":"ListItem","position":2,"name":"Vie \u00e9tudiante en CREUSE"}]},{"@type":"WebSite","@id":"https:\/\/aliso.fr\/jeunes\/#website","url":"https:\/\/aliso.fr\/jeunes\/","name":"Aliso Jeunes","description":"R\u00e9seau Creusois des acteurs du lien social","publisher":{"@id":"https:\/\/aliso.fr\/jeunes\/#organization"},"potentialAction":[{"@type":"SearchAction","target":{"@type":"EntryPoint","urlTemplate":"https:\/\/aliso.fr\/jeunes\/?s={search_term_string}"},"query-input":{"@type":"PropertyValueSpecification","valueRequired":true,"valueName":"search_term_string"}}],"inLanguage":"fr-FR"},{"@type":"Organization","@id":"https:\/\/aliso.fr\/jeunes\/#organization","name":"Aliso Jeunes","url":"https:\/\/aliso.fr\/jeunes\/","logo":{"@type":"ImageObject","inLanguage":"fr-FR","@id":"https:\/\/aliso.fr\/jeunes\/#\/schema\/logo\/image\/","url":"https:\/\/aliso.fr\/jeunes\/wp-content\/uploads\/sites\/3\/2022\/01\/Logo-ALISO-jeunes-couleur.png","contentUrl":"https:\/\/aliso.fr\/jeunes\/wp-content\/uploads\/sites\/3\/2022\/01\/Logo-ALISO-jeunes-couleur.png","width":341,"height":392,"caption":"Aliso Jeunes"},"image":{"@id":"https:\/\/aliso.fr\/jeunes\/#\/schema\/logo\/image\/"}}]}},"_links":{"self":[{"href":"https:\/\/aliso.fr\/jeunes\/wp-json\/wp\/v2\/pages\/6","targetHints":{"allow":["GET"]}}],"collection":[{"href":"https:\/\/aliso.fr\/jeunes\/wp-json\/wp\/v2\/pages"}],"about":[{"href":"https:\/\/aliso.fr\/jeunes\/wp-json\/wp\/v2\/types\/page"}],"author":[{"embeddable":true,"href":"https:\/\/aliso.fr\/jeunes\/wp-json\/wp\/v2\/users\/1"}],"replies":[{"embeddable":true,"href":"https:\/\/aliso.fr\/jeunes\/wp-json\/wp\/v2\/comments?post=6"}],"version-history":[{"count":44,"href":"https:\/\/aliso.fr\/jeunes\/wp-json\/wp\/v2\/pages\/6\/revisions"}],"predecessor-version":[{"id":2689,"href":"https:\/\/aliso.fr\/jeunes\/wp-json\/wp\/v2\/pages\/6\/revisions\/2689"}],"wp:attachment":[{"href":"https:\/\/aliso.fr\/jeunes\/wp-json\/wp\/v2\/media?parent=6"}],"curies":[{"name":"wp","href":"https:\/\/api.w.org\/{rel}","templated":true}]}}