{"version":"1.0","provider_name":"Aliso R\u00e9seau","provider_url":"https:\/\/aliso.fr\/reseau","title":"Aliso et la CRESS, un travail collectif - Aliso R\u00e9seau","type":"rich","width":600,"height":338,"html":"<blockquote class=\"wp-embedded-content\" data-secret=\"J4owEwkbE1\"><a href=\"https:\/\/aliso.fr\/reseau\/aliso-et-la-cress-un-travail-collectif\/\">Aliso et la CRESS, un travail collectif<\/a><\/blockquote><iframe sandbox=\"allow-scripts\" security=\"restricted\" src=\"https:\/\/aliso.fr\/reseau\/aliso-et-la-cress-un-travail-collectif\/embed\/#?secret=J4owEwkbE1\" width=\"600\" height=\"338\" title=\"\u00ab\u00a0Aliso et la CRESS, un travail collectif\u00a0\u00bb &#8212; Aliso R\u00e9seau\" data-secret=\"J4owEwkbE1\" frameborder=\"0\" marginwidth=\"0\" marginheight=\"0\" scrolling=\"no\" class=\"wp-embedded-content\"><\/iframe><script type=\"text\/javascript\">\n\/* <![CDATA[ *\/\n\/*! This file is auto-generated *\/\n!function(d,l){\"use strict\";l.querySelector&&d.addEventListener&&\"undefined\"!=typeof URL&&(d.wp=d.wp||{},d.wp.receiveEmbedMessage||(d.wp.receiveEmbedMessage=function(e){var t=e.data;if((t||t.secret||t.message||t.value)&&!\/[^a-zA-Z0-9]\/.test(t.secret)){for(var s,r,n,a=l.querySelectorAll('iframe[data-secret=\"'+t.secret+'\"]'),o=l.querySelectorAll('blockquote[data-secret=\"'+t.secret+'\"]'),c=new RegExp(\"^https?:$\",\"i\"),i=0;i<o.length;i++)o[i].style.display=\"none\";for(i=0;i<a.length;i++)s=a[i],e.source===s.contentWindow&&(s.removeAttribute(\"style\"),\"height\"===t.message?(1e3<(r=parseInt(t.value,10))?r=1e3:~~r<200&&(r=200),s.height=r):\"link\"===t.message&&(r=new URL(s.getAttribute(\"src\")),n=new URL(t.value),c.test(n.protocol))&&n.host===r.host&&l.activeElement===s&&(d.top.location.href=t.value))}},d.addEventListener(\"message\",d.wp.receiveEmbedMessage,!1),l.addEventListener(\"DOMContentLoaded\",function(){for(var e,t,s=l.querySelectorAll(\"iframe.wp-embedded-content\"),r=0;r<s.length;r++)(t=(e=s[r]).getAttribute(\"data-secret\"))||(t=Math.random().toString(36).substring(2,12),e.src+=\"#?secret=\"+t,e.setAttribute(\"data-secret\",t)),e.contentWindow.postMessage({message:\"ready\",secret:t},\"*\")},!1)))}(window,document);\n\/\/# sourceURL=https:\/\/aliso.fr\/reseau\/wp-includes\/js\/wp-embed.min.js\n\/* ]]> *\/\n<\/script>\n","thumbnail_url":"https:\/\/aliso.fr\/reseau\/wp-content\/uploads\/sites\/4\/2023\/08\/Sans-titre.jpg","thumbnail_width":392,"thumbnail_height":129,"description":"Depuis 2021, ALISO fait partie du conseil d&rsquo;administration de la CRESS (Chambre R\u00e9gionale d&rsquo;Economie Sociale et Solidaire) Nouvelle-Aquitaine, repr\u00e9sent\u00e9 par Isabelle RAPINAT, directrice de Cl\u00e9 de contacts (Aubusson). Afin de mieux comprendre le fonctionnement et les missions de la CRESS et son lien avec le territoire creusois, nous avons pos\u00e9 quelques questions \u00e0 Karl Courgnaud,... En savoir plus &raquo;"}

Aliso Réseau

Aliso et la CRESS, un travail collectif - Aliso Réseau

<blockquote class="wp-embedded-content" data-secret="J4owEwkbE1"><a href="https://aliso.fr/reseau/aliso-et-la-cress-un-travail-collectif/">Aliso et la CRESS, un travail collectif</a></blockquote><iframe sandbox="allow-scripts" security="restricted" src="https://aliso.fr/reseau/aliso-et-la-cress-un-travail-collectif/embed/#?secret=J4owEwkbE1" width="600" height="338" title="« Aliso et la CRESS, un travail collectif » &#8212; Aliso Réseau" data-secret="J4owEwkbE1" frameborder="0" marginwidth="0" marginheight="0" scrolling="no" class="wp-embedded-content"></iframe><script type="text/javascript">
/* <![CDATA[ */
/*! This file is auto-generated */
!function(d,l){"use strict";l.querySelector&&d.addEventListener&&"undefined"!=typeof URL&&(d.wp=d.wp||{},d.wp.receiveEmbedMessage||(d.wp.receiveEmbedMessage=function(e){var t=e.data;if((t||t.secret||t.message||t.value)&&!/[^a-zA-Z0-9]/.test(t.secret)){for(var s,r,n,a=l.querySelectorAll('iframe[data-secret="'+t.secret+'"]'),o=l.querySelectorAll('blockquote[data-secret="'+t.secret+'"]'),c=new RegExp("^https?:$","i"),i=0;i<o.length;i++)o[i].style.display="none";for(i=0;i<a.length;i++)s=a[i],e.source===s.contentWindow&&(s.removeAttribute("style"),"height"===t.message?(1e3<(r=parseInt(t.value,10))?r=1e3:~~r<200&&(r=200),s.height=r):"link"===t.message&&(r=new URL(s.getAttribute("src")),n=new URL(t.value),c.test(n.protocol))&&n.host===r.host&&l.activeElement===s&&(d.top.location.href=t.value))}},d.addEventListener("message",d.wp.receiveEmbedMessage,!1),l.addEventListener("DOMContentLoaded",function(){for(var e,t,s=l.querySelectorAll("iframe.wp-embedded-content"),r=0;r<s.length;r++)(t=(e=s[r]).getAttribute("data-secret"))||(t=Math.random().toString(36).substring(2,12),e.src+="#?secret="+t,e.setAttribute("data-secret",t)),e.contentWindow.postMessage({message:"ready",secret:t},"*")},!1)))}(window,document);
//# sourceURL=https://aliso.fr/reseau/wp-includes/js/wp-embed.min.js
/* ]]> */
</script>

Depuis 2021, ALISO fait partie du conseil d&rsquo;administration de la CRESS (Chambre Régionale d&rsquo;Economie Sociale et Solidaire) Nouvelle-Aquitaine, représenté par Isabelle RAPINAT, directrice de Clé de contacts (Aubusson). Afin de mieux comprendre le fonctionnement et les missions de la CRESS et son lien avec le territoire creusois, nous avons posé quelques questions à Karl Courgnaud,... En savoir plus &raquo;
