{"version":"1.0","provider_name":"Aliso R\u00e9seau","provider_url":"https:\/\/aliso.fr\/reseau","title":"JOURNEE DE L'AVS 2026 - Aliso R\u00e9seau","type":"rich","width":600,"height":338,"html":"<blockquote class=\"wp-embedded-content\" data-secret=\"qiuLFfVUrl\"><a href=\"https:\/\/aliso.fr\/reseau\/journee-de-lavs-2026\/\">JOURNEE DE L&rsquo;AVS 2026<\/a><\/blockquote><iframe sandbox=\"allow-scripts\" security=\"restricted\" src=\"https:\/\/aliso.fr\/reseau\/journee-de-lavs-2026\/embed\/#?secret=qiuLFfVUrl\" width=\"600\" height=\"338\" title=\"\u00ab\u00a0JOURNEE DE L&rsquo;AVS 2026\u00a0\u00bb &#8212; Aliso R\u00e9seau\" data-secret=\"qiuLFfVUrl\" frameborder=\"0\" marginwidth=\"0\" marginheight=\"0\" scrolling=\"no\" class=\"wp-embedded-content\"><\/iframe><script type=\"text\/javascript\">\n\/* <![CDATA[ *\/\n\/*! This file is auto-generated *\/\n!function(d,l){\"use strict\";l.querySelector&&d.addEventListener&&\"undefined\"!=typeof URL&&(d.wp=d.wp||{},d.wp.receiveEmbedMessage||(d.wp.receiveEmbedMessage=function(e){var t=e.data;if((t||t.secret||t.message||t.value)&&!\/[^a-zA-Z0-9]\/.test(t.secret)){for(var s,r,n,a=l.querySelectorAll('iframe[data-secret=\"'+t.secret+'\"]'),o=l.querySelectorAll('blockquote[data-secret=\"'+t.secret+'\"]'),c=new RegExp(\"^https?:$\",\"i\"),i=0;i<o.length;i++)o[i].style.display=\"none\";for(i=0;i<a.length;i++)s=a[i],e.source===s.contentWindow&&(s.removeAttribute(\"style\"),\"height\"===t.message?(1e3<(r=parseInt(t.value,10))?r=1e3:~~r<200&&(r=200),s.height=r):\"link\"===t.message&&(r=new URL(s.getAttribute(\"src\")),n=new URL(t.value),c.test(n.protocol))&&n.host===r.host&&l.activeElement===s&&(d.top.location.href=t.value))}},d.addEventListener(\"message\",d.wp.receiveEmbedMessage,!1),l.addEventListener(\"DOMContentLoaded\",function(){for(var e,t,s=l.querySelectorAll(\"iframe.wp-embedded-content\"),r=0;r<s.length;r++)(t=(e=s[r]).getAttribute(\"data-secret\"))||(t=Math.random().toString(36).substring(2,12),e.src+=\"#?secret=\"+t,e.setAttribute(\"data-secret\",t)),e.contentWindow.postMessage({message:\"ready\",secret:t},\"*\")},!1)))}(window,document);\n\/\/# sourceURL=https:\/\/aliso.fr\/reseau\/wp-includes\/js\/wp-embed.min.js\n\/* ]]> *\/\n<\/script>\n","thumbnail_url":"https:\/\/aliso.fr\/reseau\/wp-content\/uploads\/sites\/4\/2026\/04\/Merci-de-vous-inscrire-avant-lundi-11-mai-au-soir-Contact-lauremasson@aliso.fr3_.png","thumbnail_width":976,"thumbnail_height":976,"description":"Inscrivez-vous d\u00e8s maintenant pour participer \u00e0 la journ\u00e9e du Vendredi 29 mai \u00e0 Gu\u00e9ret (Espace Tremplin Nature). Cette ann\u00e9e, la CAF et ALISO vous invitent entre 9h et 16h30 \u00e0 vous retrouver, vous rencontrer et vous familiariser avec la nouvelle circulaire de l&rsquo;Animation de la Vie Sociale qui entrera en vigueur d\u00e9but 2027. Voici un... En savoir plus &raquo;"}

Aliso Réseau

JOURNEE DE L'AVS 2026 - Aliso Réseau

<blockquote class="wp-embedded-content" data-secret="qiuLFfVUrl"><a href="https://aliso.fr/reseau/journee-de-lavs-2026/">JOURNEE DE L&rsquo;AVS 2026</a></blockquote><iframe sandbox="allow-scripts" security="restricted" src="https://aliso.fr/reseau/journee-de-lavs-2026/embed/#?secret=qiuLFfVUrl" width="600" height="338" title="« JOURNEE DE L&rsquo;AVS 2026 » &#8212; Aliso Réseau" data-secret="qiuLFfVUrl" frameborder="0" marginwidth="0" marginheight="0" scrolling="no" class="wp-embedded-content"></iframe><script type="text/javascript">
/* <![CDATA[ */
/*! This file is auto-generated */
!function(d,l){"use strict";l.querySelector&&d.addEventListener&&"undefined"!=typeof URL&&(d.wp=d.wp||{},d.wp.receiveEmbedMessage||(d.wp.receiveEmbedMessage=function(e){var t=e.data;if((t||t.secret||t.message||t.value)&&!/[^a-zA-Z0-9]/.test(t.secret)){for(var s,r,n,a=l.querySelectorAll('iframe[data-secret="'+t.secret+'"]'),o=l.querySelectorAll('blockquote[data-secret="'+t.secret+'"]'),c=new RegExp("^https?:$","i"),i=0;i<o.length;i++)o[i].style.display="none";for(i=0;i<a.length;i++)s=a[i],e.source===s.contentWindow&&(s.removeAttribute("style"),"height"===t.message?(1e3<(r=parseInt(t.value,10))?r=1e3:~~r<200&&(r=200),s.height=r):"link"===t.message&&(r=new URL(s.getAttribute("src")),n=new URL(t.value),c.test(n.protocol))&&n.host===r.host&&l.activeElement===s&&(d.top.location.href=t.value))}},d.addEventListener("message",d.wp.receiveEmbedMessage,!1),l.addEventListener("DOMContentLoaded",function(){for(var e,t,s=l.querySelectorAll("iframe.wp-embedded-content"),r=0;r<s.length;r++)(t=(e=s[r]).getAttribute("data-secret"))||(t=Math.random().toString(36).substring(2,12),e.src+="#?secret="+t,e.setAttribute("data-secret",t)),e.contentWindow.postMessage({message:"ready",secret:t},"*")},!1)))}(window,document);
//# sourceURL=https://aliso.fr/reseau/wp-includes/js/wp-embed.min.js
/* ]]> */
</script>

Inscrivez-vous dès maintenant pour participer à la journée du Vendredi 29 mai à Guéret (Espace Tremplin Nature). Cette année, la CAF et ALISO vous invitent entre 9h et 16h30 à vous retrouver, vous rencontrer et vous familiariser avec la nouvelle circulaire de l&rsquo;Animation de la Vie Sociale qui entrera en vigueur début 2027. Voici un... En savoir plus &raquo;
